{"id":1589,"date":"2021-07-30T12:44:12","date_gmt":"2021-07-30T09:44:12","guid":{"rendered":"https:\/\/monditaly.com\/kauppa\/?post_type=product&#038;p=1589"},"modified":"2024-10-23T13:33:39","modified_gmt":"2024-10-23T10:33:39","slug":"valcolatte-kirsikkamozzarella-vedessa-1kg","status":"publish","type":"product","link":"https:\/\/monditaly.com\/kauppa\/tuote\/valcolatte-kirsikkamozzarella-vedessa-1kg\/","title":{"rendered":"Valcolatte kirsikkamozzarella vedess\u00e4 1ltk (1kg x 4 kpl)"},"content":{"rendered":"<h3>Ainesosat:<\/h3>\n<p>Past\u00f6roitu lehm\u00e4nmaito (Maidon alkuper\u00e4 Italia), suola (NaCl), mikrobiologinen juoksute, maitohappobakteerit.<\/p>\n<p>Past\u00f6riserad komj\u00f6lk (past\u00f6riserad komj\u00f6lk fr\u00e5n Italien), salt (NACl), mikrobiologisk l\u00f6pe, mj\u00f6lksyrabakterier.<\/p>\n<h3>Ravintoarvot per 100g:<\/h3>\n<p>Energia \/ Energi 1001 kJ \/ 241 kcal<br \/>\nRasva \/ Fett 19 g josta tyydyttynytt\u00e4 \/ varav m\u00e4ttade 13 g<br \/>\nHiilihydraatit \/ Kolhydrater 0,5 g joista sokereita \/ varav sockerarter 0,2 g<br \/>\nProteiini \/ Protein 17 g<br \/>\nSuola \/ Salt (NaCl) 0,68 g<\/p>\n<p>&nbsp;<\/p>\n","protected":false},"excerpt":{"rendered":"<p><strong>Tuote myyd\u00e4\u00e4n myyntier\u00e4n\u00e4 1 ltk (4 kpl). \/ Sales unit 1 box (4 pcs).<\/strong><\/p>\n","protected":false},"featured_media":1592,"template":"","meta":[],"product_brand":[],"product_cat":[36,163,246,251],"product_tag":[187],"class_list":{"0":"post-1589","1":"product","2":"type-product","3":"status-publish","4":"has-post-thumbnail","6":"product_cat-viileat","7":"product_cat-viileat-horeca","8":"product_cat-juustot-horeca","9":"product_cat-mozzarella-horeca","10":"product_tag-cheese","11":"product_shipping_class-viileat-pakaste","13":"first","14":"instock","15":"taxable","16":"shipping-taxable","17":"product-type-simple"},"_links":{"self":[{"href":"https:\/\/monditaly.com\/kauppa\/wp-json\/wp\/v2\/product\/1589","targetHints":{"allow":["GET"]}}],"collection":[{"href":"https:\/\/monditaly.com\/kauppa\/wp-json\/wp\/v2\/product"}],"about":[{"href":"https:\/\/monditaly.com\/kauppa\/wp-json\/wp\/v2\/types\/product"}],"wp:featuredmedia":[{"embeddable":true,"href":"https:\/\/monditaly.com\/kauppa\/wp-json\/wp\/v2\/media\/1592"}],"wp:attachment":[{"href":"https:\/\/monditaly.com\/kauppa\/wp-json\/wp\/v2\/media?parent=1589"}],"wp:term":[{"taxonomy":"product_brand","embeddable":true,"href":"https:\/\/monditaly.com\/kauppa\/wp-json\/wp\/v2\/product_brand?post=1589"},{"taxonomy":"product_cat","embeddable":true,"href":"https:\/\/monditaly.com\/kauppa\/wp-json\/wp\/v2\/product_cat?post=1589"},{"taxonomy":"product_tag","embeddable":true,"href":"https:\/\/monditaly.com\/kauppa\/wp-json\/wp\/v2\/product_tag?post=1589"}],"curies":[{"name":"wp","href":"https:\/\/api.w.org\/{rel}","templated":true}]}}