{"id":1765,"date":"2021-08-31T09:17:23","date_gmt":"2021-08-31T06:17:23","guid":{"rendered":"https:\/\/monditaly.com\/kauppa\/?post_type=product&#038;p=1765"},"modified":"2025-10-22T09:55:18","modified_gmt":"2025-10-22T06:55:18","slug":"rognoni-taleggio-vallata-dop-juusto","status":"publish","type":"product","link":"https:\/\/monditaly.com\/kauppa\/tuote\/rognoni-taleggio-vallata-dop-juusto\/","title":{"rendered":"Rognoni Taleggio Vallata D.O.P. juusto n. 2kg"},"content":{"rendered":"<h3>Ainesosat:<\/h3>\n<p>Lehm\u00e4nmaito, suola, juoksute.<\/p>\n<p>Komj\u00f6lk, salt, l\u00f6pe.<\/p>\n<p>Cow&#8217;s milk, salt, rennet.<\/p>\n<h3>Ravintoarvot per 100g:<\/h3>\n<p>Energia \/ Energi 1292 kJ \/ 312 kcal<br \/>\nRasva \/ Fett 26 g josta tyydyttynytt\u00e4 \/ varav m\u00e4ttade 18 g<br \/>\nHiilihydraatit \/ Kolhydrat 0,4 g joista sokereita \/ varav sockerarter 0,4 g<br \/>\nProteiini \/ Protein 19 g<br \/>\nSuola \/ Salt 2,1 g<\/p>\n<p>&nbsp;<\/p>\n","protected":false},"excerpt":{"rendered":"<p><span style=\"font-weight: 400;\">DOP-nimisuojattu pehme\u00e4 juusto lehm\u00e4n t\u00e4ysmaidosta. Nimetty Bergamon Val Taleggion mukaan, joka on juuston alkuper\u00e4inen valmistuspaikka ja jossa sit\u00e4 tuotetaan edelleen perinteisin tavoin; k\u00e4sin suolaten ja m\u00e4ntypuulaatikoissa kypsytt\u00e4en. Rognonin juusto on voittanut Italian parhaimman Taleggion tittelin.<\/span><\/p>\n<p>Soft cheese with ancient origins named after Val Taleggio in Bergamo, where it was first made and is still produced, hand-salted and aged in pine boxes.<\/p>\n","protected":false},"featured_media":7071,"template":"","meta":[],"product_brand":[],"product_cat":[196,36,163,246,248],"product_tag":[187],"class_list":{"0":"post-1765","1":"product","2":"type-product","3":"status-publish","4":"has-post-thumbnail","6":"product_cat-kilokauppa","7":"product_cat-viileat","8":"product_cat-viileat-horeca","9":"product_cat-juustot-horeca","10":"product_cat-pehmeat-juustot-horeca","11":"product_tag-cheese","12":"product_shipping_class-viileat-pakaste","14":"first","15":"instock","16":"taxable","17":"shipping-taxable","18":"product-type-simple"},"_links":{"self":[{"href":"https:\/\/monditaly.com\/kauppa\/wp-json\/wp\/v2\/product\/1765","targetHints":{"allow":["GET"]}}],"collection":[{"href":"https:\/\/monditaly.com\/kauppa\/wp-json\/wp\/v2\/product"}],"about":[{"href":"https:\/\/monditaly.com\/kauppa\/wp-json\/wp\/v2\/types\/product"}],"wp:featuredmedia":[{"embeddable":true,"href":"https:\/\/monditaly.com\/kauppa\/wp-json\/wp\/v2\/media\/7071"}],"wp:attachment":[{"href":"https:\/\/monditaly.com\/kauppa\/wp-json\/wp\/v2\/media?parent=1765"}],"wp:term":[{"taxonomy":"product_brand","embeddable":true,"href":"https:\/\/monditaly.com\/kauppa\/wp-json\/wp\/v2\/product_brand?post=1765"},{"taxonomy":"product_cat","embeddable":true,"href":"https:\/\/monditaly.com\/kauppa\/wp-json\/wp\/v2\/product_cat?post=1765"},{"taxonomy":"product_tag","embeddable":true,"href":"https:\/\/monditaly.com\/kauppa\/wp-json\/wp\/v2\/product_tag?post=1765"}],"curies":[{"name":"wp","href":"https:\/\/api.w.org\/{rel}","templated":true}]}}