{"id":1767,"date":"2021-08-31T09:45:17","date_gmt":"2021-08-31T06:45:17","guid":{"rendered":"https:\/\/monditaly.com\/kauppa\/?post_type=product&#038;p=1767"},"modified":"2024-08-09T19:52:25","modified_gmt":"2024-08-09T16:52:25","slug":"biraghi-gran-ricotta-juusto-1ltk","status":"publish","type":"product","link":"https:\/\/monditaly.com\/kauppa\/tuote\/biraghi-gran-ricotta-juusto-1ltk\/","title":{"rendered":"Biraghi Gran Ricotta juusto 1ltk (230g x 8kpl)"},"content":{"rendered":"<h3>Ainesosat \/ Ingredienser:<\/h3>\n<p>Hera, sentrifugoitu kerma, suola, happamuudens\u00e4\u00e4t\u00f6aine: sitruunahappo E330.<\/p>\n<p>Vassle, centrifugerad gr\u00e4dde, salt, surhetsreglerandemedel: citronsyra E330.<\/p>\n<h3>Ravintoarvot per 100g \/ N\u00e4ringsv\u00e4rde per 100g:<\/h3>\n<p>Energia \/ Energi 792 kJ \/ 191 kcal<br \/>\nRasva \/ Fett 14,5 g<br \/>\njosta tyydyttynytt\u00e4 \/ varav m\u00e4ttade 9,8 g<br \/>\nHiilihydraatit \/ Kolhydrater 5,0 g<br \/>\njoista sokereita \/ varav sockerarter 5,0 g<br \/>\nProteiini \/ Protein 10,0 g<br \/>\nSuola \/ Salt 0,6 g<\/p>\n","protected":false},"excerpt":{"rendered":"<p><strong>Tuote myyd\u00e4\u00e4n myyntier\u00e4n\u00e4 1 ltk (8 kpl). \/ Sales unit 1 box (8 pcs).<\/strong><\/p>\n<p>Levitett\u00e4v\u00e4 ricotta-tuorejuusto, joka on herkullista niin sellaisenaan, suolaisissa resepteiss\u00e4 kuin j\u00e4lkiruoissakin. Kokeile tiramisuun tai juustokakkuun. Maidon alkuper\u00e4: Italia. Ei sis\u00e4ll\u00e4 s\u00e4il\u00f6nt\u00e4aineita. S\u00e4ilytett\u00e4v\u00e4 j\u00e4\u00e4kaapissa +2\u00b0C\/+4\u00b0C.<\/p>\n<p>Delicious as it is, excellent in savory recipes, special in desserts. Try it in tiramisu instead of mascarpone, and in cheese cake instead of the classic spreadable cheese: you will get delicious desserts but with less fat. Milk origin: Italy. Without preservatives. Store at +2\u00b0C \/ +4\u00b0C.<\/p>\n","protected":false},"featured_media":4964,"template":"","meta":[],"product_brand":[],"product_cat":[36,163,246,247],"product_tag":[187],"class_list":{"0":"post-1767","1":"product","2":"type-product","3":"status-publish","4":"has-post-thumbnail","6":"product_cat-viileat","7":"product_cat-viileat-horeca","8":"product_cat-juustot-horeca","9":"product_cat-tuorejuusto-horeca","10":"product_tag-cheese","11":"product_shipping_class-viileat-pakaste","13":"first","14":"instock","15":"taxable","16":"shipping-taxable","17":"product-type-simple"},"_links":{"self":[{"href":"https:\/\/monditaly.com\/kauppa\/wp-json\/wp\/v2\/product\/1767","targetHints":{"allow":["GET"]}}],"collection":[{"href":"https:\/\/monditaly.com\/kauppa\/wp-json\/wp\/v2\/product"}],"about":[{"href":"https:\/\/monditaly.com\/kauppa\/wp-json\/wp\/v2\/types\/product"}],"wp:featuredmedia":[{"embeddable":true,"href":"https:\/\/monditaly.com\/kauppa\/wp-json\/wp\/v2\/media\/4964"}],"wp:attachment":[{"href":"https:\/\/monditaly.com\/kauppa\/wp-json\/wp\/v2\/media?parent=1767"}],"wp:term":[{"taxonomy":"product_brand","embeddable":true,"href":"https:\/\/monditaly.com\/kauppa\/wp-json\/wp\/v2\/product_brand?post=1767"},{"taxonomy":"product_cat","embeddable":true,"href":"https:\/\/monditaly.com\/kauppa\/wp-json\/wp\/v2\/product_cat?post=1767"},{"taxonomy":"product_tag","embeddable":true,"href":"https:\/\/monditaly.com\/kauppa\/wp-json\/wp\/v2\/product_tag?post=1767"}],"curies":[{"name":"wp","href":"https:\/\/api.w.org\/{rel}","templated":true}]}}