{"id":1889,"date":"2021-09-28T14:29:54","date_gmt":"2021-09-28T11:29:54","guid":{"rendered":"https:\/\/monditaly.com\/kauppa\/?post_type=product&#038;p=1889"},"modified":"2023-06-22T14:43:28","modified_gmt":"2023-06-22T11:43:28","slug":"gimetal-pizzalapio-kotikayttoon-30cm","status":"publish","type":"product","link":"https:\/\/monditaly.com\/kauppa\/tuote\/gimetal-pizzalapio-kotikayttoon-30cm\/","title":{"rendered":"GiMetal pizzalapio kotik\u00e4ytt\u00f6\u00f6n 30cm"},"content":{"rendered":"<h3><\/h3>\n<p>&nbsp;<\/p>\n","protected":false},"excerpt":{"rendered":"<p>Pizzalapio kotik\u00e4ytt\u00f6\u00f6n. Lapion halkaisija 30cm, varsi 25cm. Valmistettu alumiinista. Eritt\u00e4in kest\u00e4v\u00e4. Pest\u00e4\u00e4n k\u00e4sin miedolla pesuaineella.<\/p>\n<p>Aluminum pizza peel with 25 cm handle and 30 cm head. It is made of anodized aluminum, assembled to the head by means of 2 very resistant in-line rivets, which make the peel stable and extremely durable over time. The shape of the peel is ideal for cooking pizzas up to 33 cm in diameter and the size is designed to be used in traditional electric ovens, gas ovens and domestic wood ovens. Wash the product by hand with non-aggressive detergents. Do not wash in the dishwasher.<\/p>\n","protected":false},"featured_media":2011,"template":"","meta":[],"product_brand":[],"product_cat":[15,335,337],"product_tag":[],"class_list":{"0":"post-1889","1":"product","2":"type-product","3":"status-publish","4":"has-post-thumbnail","6":"product_cat-non-food","7":"product_cat-yksityisasiakkaat-non-food","8":"product_cat-keittiotarvikkeet-yksityisasiakkaat","10":"first","11":"instock","12":"taxable","13":"shipping-taxable","14":"product-type-simple"},"_links":{"self":[{"href":"https:\/\/monditaly.com\/kauppa\/wp-json\/wp\/v2\/product\/1889","targetHints":{"allow":["GET"]}}],"collection":[{"href":"https:\/\/monditaly.com\/kauppa\/wp-json\/wp\/v2\/product"}],"about":[{"href":"https:\/\/monditaly.com\/kauppa\/wp-json\/wp\/v2\/types\/product"}],"wp:featuredmedia":[{"embeddable":true,"href":"https:\/\/monditaly.com\/kauppa\/wp-json\/wp\/v2\/media\/2011"}],"wp:attachment":[{"href":"https:\/\/monditaly.com\/kauppa\/wp-json\/wp\/v2\/media?parent=1889"}],"wp:term":[{"taxonomy":"product_brand","embeddable":true,"href":"https:\/\/monditaly.com\/kauppa\/wp-json\/wp\/v2\/product_brand?post=1889"},{"taxonomy":"product_cat","embeddable":true,"href":"https:\/\/monditaly.com\/kauppa\/wp-json\/wp\/v2\/product_cat?post=1889"},{"taxonomy":"product_tag","embeddable":true,"href":"https:\/\/monditaly.com\/kauppa\/wp-json\/wp\/v2\/product_tag?post=1889"}],"curies":[{"name":"wp","href":"https:\/\/api.w.org\/{rel}","templated":true}]}}