{"id":2015,"date":"2021-10-07T09:58:16","date_gmt":"2021-10-07T06:58:16","guid":{"rendered":"https:\/\/monditaly.com\/kauppa\/?post_type=product&#038;p=2015"},"modified":"2024-06-07T12:01:23","modified_gmt":"2024-06-07T09:01:23","slug":"pasini-primitiva-tipo-integrale-jauho-1kg","status":"publish","type":"product","link":"https:\/\/monditaly.com\/kauppa\/tuote\/pasini-primitiva-tipo-integrale-jauho-1kg\/","title":{"rendered":"Pasini Primitiva Tipo Integrale jauho 1kg"},"content":{"rendered":"<h3>Ainesosat \/ Ingredienser:<\/h3>\n<p>Vehn\u00e4. Sis\u00e4lt\u00e4\u00e4 <strong>gluteenia<\/strong>. Saattaa sis\u00e4lt\u00e4\u00e4 <strong>soijaa, kananmunia, maitoa ja seesaminsiemeni\u00e4<\/strong>.<\/p>\n<p>Vete. Inneh\u00e5ller <strong>gluten<\/strong>. Kan inneh\u00e5lla <strong>soja, \u00e4gg, mj\u00f6lk. sesam<\/strong>.<\/p>\n<h3>Ravintoarvot per 100g \/ N\u00e4ringsv\u00e4rde per 100g:<\/h3>\n<p>Energia \/ Energi 1422 Kj \/ 336 Kcal<br \/>\nRasva \/ Fett 2,1 g<br \/>\njosta tyydyttynytt\u00e4 \/ varav m\u00e4ttade 0,46 g<br \/>\nHiilihydraatit \/ Kolhydrater 58,7 g<br \/>\njoista sokereita \/ varav sockerarter 1,5 g<br \/>\nKuitu \/ Fiber 8,9 g<br \/>\nProteiini \/ Protein 16,2 g<br \/>\nSuola \/ Salt 0 g<\/p>\n","protected":false},"excerpt":{"rendered":"<p>Pehme\u00e4 t\u00e4ysjyv\u00e4vehn\u00e4jauho. Sopii useisiin k\u00e4ytt\u00f6tarkoituksiin: makeisiin ja suolaisiin leivonnaisiin sek\u00e4 kakkuihin. Elastisempi muihin t\u00e4ysjyv\u00e4jauhoihin verrattuna. Jauholla leivotut tuotteet kest\u00e4v\u00e4t hyvin my\u00f6s pakastamista. Korkea kuitu- ja mineraalipitoisuus.<\/p>\n<p>Wholemeal soft wheat flour. Suitable for several uses: from croissants to sweet or salted short pastry and to very good wholemeal cakes. Compared to other wholemeal flour types it is more elastic, it can be easily processed and o\ufb00ers a very good absorption. The obtained product keeps its organoleptic characteristics unchanged also in case of freezing and it could help a better digestion. It is richer in fibres and mineral salts.<\/p>\n","protected":false},"featured_media":2017,"template":"","meta":[],"product_brand":[],"product_cat":[110,74,156],"product_tag":[202],"class_list":{"0":"post-2015","1":"product","2":"type-product","3":"status-publish","4":"has-post-thumbnail","6":"product_cat-horeca-teolliset-elintarvikkeet","7":"product_cat-kuivat-elintarvikkeet-horeca","8":"product_cat-jauhot-horeca","9":"product_tag-flour","10":"product_shipping_class-horeca","12":"first","13":"onbackorder","14":"taxable","15":"shipping-taxable","16":"product-type-simple"},"_links":{"self":[{"href":"https:\/\/monditaly.com\/kauppa\/wp-json\/wp\/v2\/product\/2015","targetHints":{"allow":["GET"]}}],"collection":[{"href":"https:\/\/monditaly.com\/kauppa\/wp-json\/wp\/v2\/product"}],"about":[{"href":"https:\/\/monditaly.com\/kauppa\/wp-json\/wp\/v2\/types\/product"}],"wp:featuredmedia":[{"embeddable":true,"href":"https:\/\/monditaly.com\/kauppa\/wp-json\/wp\/v2\/media\/2017"}],"wp:attachment":[{"href":"https:\/\/monditaly.com\/kauppa\/wp-json\/wp\/v2\/media?parent=2015"}],"wp:term":[{"taxonomy":"product_brand","embeddable":true,"href":"https:\/\/monditaly.com\/kauppa\/wp-json\/wp\/v2\/product_brand?post=2015"},{"taxonomy":"product_cat","embeddable":true,"href":"https:\/\/monditaly.com\/kauppa\/wp-json\/wp\/v2\/product_cat?post=2015"},{"taxonomy":"product_tag","embeddable":true,"href":"https:\/\/monditaly.com\/kauppa\/wp-json\/wp\/v2\/product_tag?post=2015"}],"curies":[{"name":"wp","href":"https:\/\/api.w.org\/{rel}","templated":true}]}}