{"id":2146,"date":"2021-10-26T12:46:27","date_gmt":"2021-10-26T09:46:27","guid":{"rendered":"https:\/\/monditaly.com\/kauppa\/?post_type=product&#038;p=2146"},"modified":"2025-10-30T10:16:10","modified_gmt":"2025-10-30T08:16:10","slug":"norcineria-toscana-toscanan-salami-2500g","status":"publish","type":"product","link":"https:\/\/monditaly.com\/kauppa\/tuote\/norcineria-toscana-toscanan-salami-2500g\/","title":{"rendered":"Norcineria Toscana Toscanan salami n. 2,5kg"},"content":{"rendered":"<h3>Ainesosat:<\/h3>\n<p><span data-sheets-value=\"{&quot;1&quot;:2,&quot;2&quot;:&quot;sianliha (Italia), suola, dekstroosi, sakkaroosi, makuaineet, mausteet, s\u00e4il\u00f6nt\u00e4aineet: natriumnitriitti E252, E250, hapettumisenestoaine: E301 &quot;}\" data-sheets-userformat=\"{&quot;2&quot;:4993,&quot;3&quot;:{&quot;1&quot;:1},&quot;10&quot;:0,&quot;11&quot;:4,&quot;12&quot;:0,&quot;15&quot;:&quot;Arial&quot;}\">sianliha (Italia), suola, dekstroosi, sakkaroosi, makuaineet, mausteet, s\u00e4il\u00f6nt\u00e4aineet: natriumnitriitti E252, E250, hapettumisenestoaine: E301 <\/span><\/p>\n<p><span data-sheets-value=\"{&quot;1&quot;:2,&quot;2&quot;:&quot;fl\u00e4skk\u00f6tt (Italien), salt, dextros, sackaros, smak\u00e4mnen, kryddor, konserveringsmedel: E252, E250, antioxidationsmedel: E301&quot;}\" data-sheets-userformat=\"{&quot;2&quot;:4993,&quot;3&quot;:{&quot;1&quot;:0},&quot;10&quot;:2,&quot;11&quot;:4,&quot;12&quot;:0,&quot;15&quot;:&quot;Arial&quot;}\">fl\u00e4skk\u00f6tt (Italien), salt, dextros, sackaros, smak\u00e4mnen, kryddor, konserveringsmedel: E252, E250, antioxidationsmedel: E301<\/span><\/p>\n<h3>Ravintoarvot per 100g:<\/h3>\n<p>Energia \/ Energi 1695kJ \/ 475kcal<br \/>\nRasva \/ Fett 43g josta tyydyttynytt\u00e4 \/ varav m\u00e4ttade 19g<br \/>\nHiilihydraatit \/ Kolhydrater 1g joista sokereita \/ varav sockerarter 0g<br \/>\nProteiini \/ Protein 21g<br \/>\nSuola \/ Salt 3,6g<\/p>\n","protected":false},"excerpt":{"rendered":"<p>Ainesosat: sianliha (Italia), suola, dekstroosi, sakkaroosi, makuaineet, mausteet, s\u00e4il\u00f6nt\u00e4aineet: natriumnitriitti E252, E250, hapettumisenestoaine: E301 fl\u00e4skk\u00f6tt (Italien), salt, dextros, sackaros, smak\u00e4mnen, kryddor, konserveringsmedel: E252, E250, antioxidationsmedel: E301 Ravintoarvot per 100g: Energia \/ Energi 1695kJ \/ 475kcal Rasva \/ Fett 43g josta tyydyttynytt\u00e4 \/ varav m\u00e4ttade 19g Hiilihydraatit \/ Kolhydrater 1g joista sokereita \/ varav sockerarter 0g [&#8230;]\n","protected":false},"featured_media":2529,"template":"","meta":[],"product_brand":[],"product_cat":[196,36,163,166],"product_tag":[192],"class_list":{"0":"post-2146","1":"product","2":"type-product","3":"status-publish","4":"has-post-thumbnail","6":"product_cat-kilokauppa","7":"product_cat-viileat","8":"product_cat-viileat-horeca","9":"product_cat-salamit-ja-kinkut-horeca","10":"product_tag-salame","11":"product_shipping_class-viileat-pakaste","13":"first","14":"onbackorder","15":"taxable","16":"shipping-taxable","17":"product-type-simple"},"_links":{"self":[{"href":"https:\/\/monditaly.com\/kauppa\/wp-json\/wp\/v2\/product\/2146","targetHints":{"allow":["GET"]}}],"collection":[{"href":"https:\/\/monditaly.com\/kauppa\/wp-json\/wp\/v2\/product"}],"about":[{"href":"https:\/\/monditaly.com\/kauppa\/wp-json\/wp\/v2\/types\/product"}],"wp:featuredmedia":[{"embeddable":true,"href":"https:\/\/monditaly.com\/kauppa\/wp-json\/wp\/v2\/media\/2529"}],"wp:attachment":[{"href":"https:\/\/monditaly.com\/kauppa\/wp-json\/wp\/v2\/media?parent=2146"}],"wp:term":[{"taxonomy":"product_brand","embeddable":true,"href":"https:\/\/monditaly.com\/kauppa\/wp-json\/wp\/v2\/product_brand?post=2146"},{"taxonomy":"product_cat","embeddable":true,"href":"https:\/\/monditaly.com\/kauppa\/wp-json\/wp\/v2\/product_cat?post=2146"},{"taxonomy":"product_tag","embeddable":true,"href":"https:\/\/monditaly.com\/kauppa\/wp-json\/wp\/v2\/product_tag?post=2146"}],"curies":[{"name":"wp","href":"https:\/\/api.w.org\/{rel}","templated":true}]}}