{"id":2153,"date":"2021-10-26T13:46:44","date_gmt":"2021-10-26T10:46:44","guid":{"rendered":"https:\/\/monditaly.com\/kauppa\/?post_type=product&#038;p=2153"},"modified":"2024-08-09T19:52:23","modified_gmt":"2024-08-09T16:52:23","slug":"rognoni-montasio-giovane-dop-juusto-1500g","status":"publish","type":"product","link":"https:\/\/monditaly.com\/kauppa\/tuote\/rognoni-montasio-giovane-dop-juusto-1500g\/","title":{"rendered":"Rognoni Montasio Giovane D.O.P. juusto n. 1,5kg"},"content":{"rendered":"<h3>Ainesosat:<\/h3>\n<p>L\u00e4mp\u00f6k\u00e4sitelty <strong>maito <\/strong>(98,65%), suola (1%), juoksute (0,035%).<\/p>\n<h3>Ravintoarvot per 100g:<\/h3>\n<p>Energia \/ Energi 1684 KJ \/ 406 kcal<br \/>\nRasva \/ Fett 33 g josta tyydyttynytt\u00e4 \/ varav m\u00e4ttade 23 g<br \/>\nHiilihydraatit \/ Kolhydrat 0,9 g josta sokereita \/ varav sockerarter 0,5 g<br \/>\nKuitu \/ Fiber &#8211;<br \/>\nProteiini \/ Protein 26 g<br \/>\nSuola \/ Salt 1,4 g<\/p>\n","protected":false},"excerpt":{"rendered":"<p><span style=\"font-weight: 400;\">Keskikova DOP-nimisuojattu lehm\u00e4nmaitojuusto Veneton alueelta. Valmistettu l\u00e4mp\u00f6k\u00e4sitellyst\u00e4 lehm\u00e4nmaidosta, 1\/4 kiekko. Tasapainoinen, miellytt\u00e4v\u00e4n mieto maku. Montasio on syntynyt noin vuonna 1200 Alppien laaksoissa benediktiinimunkkien toimesta.<\/span><\/p>\n<p>Semi hard paste cheese, produced with thermised cow&#8217;s milk, from the production zone defined by the Protection Consortium. 1\/4 wheel.<\/p>\n","protected":false},"featured_media":2197,"template":"","meta":[],"product_brand":[],"product_cat":[196,36,163,246,249],"product_tag":[187],"class_list":{"0":"post-2153","1":"product","2":"type-product","3":"status-publish","4":"has-post-thumbnail","6":"product_cat-kilokauppa","7":"product_cat-viileat","8":"product_cat-viileat-horeca","9":"product_cat-juustot-horeca","10":"product_cat-kovat-juustot-horeca","11":"product_tag-cheese","12":"product_shipping_class-viileat-pakaste","14":"first","15":"instock","16":"taxable","17":"shipping-taxable","18":"product-type-simple"},"_links":{"self":[{"href":"https:\/\/monditaly.com\/kauppa\/wp-json\/wp\/v2\/product\/2153","targetHints":{"allow":["GET"]}}],"collection":[{"href":"https:\/\/monditaly.com\/kauppa\/wp-json\/wp\/v2\/product"}],"about":[{"href":"https:\/\/monditaly.com\/kauppa\/wp-json\/wp\/v2\/types\/product"}],"wp:featuredmedia":[{"embeddable":true,"href":"https:\/\/monditaly.com\/kauppa\/wp-json\/wp\/v2\/media\/2197"}],"wp:attachment":[{"href":"https:\/\/monditaly.com\/kauppa\/wp-json\/wp\/v2\/media?parent=2153"}],"wp:term":[{"taxonomy":"product_brand","embeddable":true,"href":"https:\/\/monditaly.com\/kauppa\/wp-json\/wp\/v2\/product_brand?post=2153"},{"taxonomy":"product_cat","embeddable":true,"href":"https:\/\/monditaly.com\/kauppa\/wp-json\/wp\/v2\/product_cat?post=2153"},{"taxonomy":"product_tag","embeddable":true,"href":"https:\/\/monditaly.com\/kauppa\/wp-json\/wp\/v2\/product_tag?post=2153"}],"curies":[{"name":"wp","href":"https:\/\/api.w.org\/{rel}","templated":true}]}}