{"id":2157,"date":"2021-10-26T14:12:04","date_gmt":"2021-10-26T11:12:04","guid":{"rendered":"https:\/\/monditaly.com\/kauppa\/?post_type=product&#038;p=2157"},"modified":"2024-06-07T12:01:21","modified_gmt":"2024-06-07T09:01:21","slug":"viander-kiveton-vihrea-oliivi-1700g","status":"publish","type":"product","link":"https:\/\/monditaly.com\/kauppa\/tuote\/viander-kiveton-vihrea-oliivi-1700g\/","title":{"rendered":"Viander kivet\u00f6n vihre\u00e4 oliivi 1700g"},"content":{"rendered":"<h3>Ainesosat \/ Ingredienser:<\/h3>\n<p>Oliivit, vesi, suola, happamuuden s\u00e4\u00e4t\u00f6aine: maitohappo (E270). <strong>Saattaa sis\u00e4lt\u00e4\u00e4 j\u00e4\u00e4nteit\u00e4 oliivien kivist\u00e4.<\/strong><\/p>\n<p>Oliver, vatten, salt, surhetsreglerande medel: mj\u00f6lksyra (E270). <strong>Kan inneh\u00e5lla sp\u00e5r av olivstenar.<\/strong><\/p>\n<h3>Ravintoarvot per 100g \/ N\u00e4ringsv\u00e4rde per 100g:<\/h3>\n<p>Energia \/ Energi 593 kJ \/ 144 kcal<br \/>\nRasva \/ Fett 15 g<br \/>\njosta tyydyttynytt\u00e4 \/ varav m\u00e4ttade 2 g<br \/>\nHiilihydraatit \/ Kolhydrat 0 g<br \/>\njoista sokereita \/ varav sockerarter 0 g<br \/>\nKuitu \/ Fiber 2,8 g<br \/>\nProteiini \/ Protein 0,9 g<br \/>\nSuola \/ Salt 4 g<\/p>\n","protected":false},"excerpt":{"rendered":"<p>Kivett\u00f6m\u00e4t, vihre\u00e4t oliivit suolavedess\u00e4. Past\u00f6roitu tuote.<\/p>\n<p>Pitted green olives in brine. Pasteurized product.<\/p>\n","protected":false},"featured_media":2192,"template":"","meta":[],"product_brand":[],"product_cat":[110,70,103],"product_tag":[149],"class_list":{"0":"post-2157","1":"product","2":"type-product","3":"status-publish","4":"has-post-thumbnail","6":"product_cat-horeca-teolliset-elintarvikkeet","7":"product_cat-sailykkeet-horeca","8":"product_cat-oliivit-horeca","9":"product_tag-olive","10":"product_shipping_class-horeca","12":"first","13":"instock","14":"taxable","15":"shipping-taxable","16":"product-type-simple"},"_links":{"self":[{"href":"https:\/\/monditaly.com\/kauppa\/wp-json\/wp\/v2\/product\/2157","targetHints":{"allow":["GET"]}}],"collection":[{"href":"https:\/\/monditaly.com\/kauppa\/wp-json\/wp\/v2\/product"}],"about":[{"href":"https:\/\/monditaly.com\/kauppa\/wp-json\/wp\/v2\/types\/product"}],"wp:featuredmedia":[{"embeddable":true,"href":"https:\/\/monditaly.com\/kauppa\/wp-json\/wp\/v2\/media\/2192"}],"wp:attachment":[{"href":"https:\/\/monditaly.com\/kauppa\/wp-json\/wp\/v2\/media?parent=2157"}],"wp:term":[{"taxonomy":"product_brand","embeddable":true,"href":"https:\/\/monditaly.com\/kauppa\/wp-json\/wp\/v2\/product_brand?post=2157"},{"taxonomy":"product_cat","embeddable":true,"href":"https:\/\/monditaly.com\/kauppa\/wp-json\/wp\/v2\/product_cat?post=2157"},{"taxonomy":"product_tag","embeddable":true,"href":"https:\/\/monditaly.com\/kauppa\/wp-json\/wp\/v2\/product_tag?post=2157"}],"curies":[{"name":"wp","href":"https:\/\/api.w.org\/{rel}","templated":true}]}}