{"id":2293,"date":"2021-11-22T12:59:29","date_gmt":"2021-11-22T10:59:29","guid":{"rendered":"https:\/\/monditaly.com\/kauppa\/?post_type=product&#038;p=2293"},"modified":"2026-01-02T12:25:49","modified_gmt":"2026-01-02T10:25:49","slug":"velenosi-roggio-del-filare-1ltk-6x075l","status":"publish","type":"product","link":"https:\/\/monditaly.com\/kauppa\/tuote\/velenosi-roggio-del-filare-1ltk-6x075l\/","title":{"rendered":"Velenosi Roggio del Filare 1ltk (6&#215;0,75l)"},"content":{"rendered":"<p>Maa: Italia<br \/>\nAlue: Marche<br \/>\nViinityyppi: Punaviini<br \/>\nPullokoko: 0,75 l<br \/>\nRyp\u00e4leet: Montepulciano, Sangiovese<br \/>\nSokerit: 5 g\/l<br \/>\nHapot: 5,9 g\/l<br \/>\nAlkoholi: 14,5 %<\/p>\n<p>Tuoksu: Eritt\u00e4in t\u00e4ytel\u00e4inen, tanniininen, hedelm\u00e4inen, mausteinen, marjojen ja tammen vivahteet.<br \/>\nMaku: Voimakas, t\u00e4ytel\u00e4inen, mausteinen.<\/p>\n<p>Bright ruby red with slight hues of garnet. Intense, complex bouquet with scents of ripe plums and cherries, leading to an extraordinarily fascinating spiced and floral nuances. Great character and essence. Velvety pulp, strong texture, and perfectly tannic, fruity, and spiced. A warm, lingering, full-bodied, and harmonious mouthfeel. It is ideal with game, braised meat and dry and aged cheese. Best served at 16\/18\u00b0C.<\/p>\n","protected":false},"excerpt":{"rendered":"<p>L\u00e4mmin, kest\u00e4v\u00e4, t\u00e4ytel\u00e4inen ja harmoninen maku tekee viinist\u00e4 erottuvan ja karismaattisen.<\/p>\n","protected":false},"featured_media":2295,"template":"","meta":[],"product_brand":[],"product_cat":[23,294,352,353],"product_tag":[356,357],"class_list":{"0":"post-2293","1":"product","2":"type-product","3":"status-publish","4":"has-post-thumbnail","6":"product_cat-juomat","7":"product_cat-juomat-horeca","8":"product_cat-viinit","9":"product_cat-punaviinit","10":"product_tag-punaviini","11":"product_tag-red-wine","12":"product_shipping_class-horeca","14":"first","15":"instock","16":"taxable","17":"shipping-taxable","18":"product-type-simple"},"_links":{"self":[{"href":"https:\/\/monditaly.com\/kauppa\/wp-json\/wp\/v2\/product\/2293","targetHints":{"allow":["GET"]}}],"collection":[{"href":"https:\/\/monditaly.com\/kauppa\/wp-json\/wp\/v2\/product"}],"about":[{"href":"https:\/\/monditaly.com\/kauppa\/wp-json\/wp\/v2\/types\/product"}],"wp:featuredmedia":[{"embeddable":true,"href":"https:\/\/monditaly.com\/kauppa\/wp-json\/wp\/v2\/media\/2295"}],"wp:attachment":[{"href":"https:\/\/monditaly.com\/kauppa\/wp-json\/wp\/v2\/media?parent=2293"}],"wp:term":[{"taxonomy":"product_brand","embeddable":true,"href":"https:\/\/monditaly.com\/kauppa\/wp-json\/wp\/v2\/product_brand?post=2293"},{"taxonomy":"product_cat","embeddable":true,"href":"https:\/\/monditaly.com\/kauppa\/wp-json\/wp\/v2\/product_cat?post=2293"},{"taxonomy":"product_tag","embeddable":true,"href":"https:\/\/monditaly.com\/kauppa\/wp-json\/wp\/v2\/product_tag?post=2293"}],"curies":[{"name":"wp","href":"https:\/\/api.w.org\/{rel}","templated":true}]}}