{"id":2628,"date":"2022-06-01T10:04:49","date_gmt":"2022-06-01T07:04:49","guid":{"rendered":"https:\/\/monditaly.com\/kauppa\/?post_type=product&#038;p=2628"},"modified":"2025-12-10T09:54:06","modified_gmt":"2025-12-10T07:54:06","slug":"biraghi-gran-biraghi-juusto-4kg","status":"publish","type":"product","link":"https:\/\/monditaly.com\/kauppa\/tuote\/biraghi-gran-biraghi-juusto-4kg\/","title":{"rendered":"Biraghi Gran Biraghi juusto 1\/8 n. 4kg"},"content":{"rendered":"<h3>Ainesosat \/ Ingredienser:<\/h3>\n<p><strong>Maito<\/strong><span data-sheets-formula-bar-text-style=\"font-size:13px;color:#000000;font-weight:normal;text-decoration:none;font-family:'Arial';font-style:normal;text-decoration-skip-ink:none;\">, suola, juoksute. Gluteeniton.<\/span><\/p>\n<p><strong>Mj\u00f6lk<\/strong><span data-sheets-formula-bar-text-style=\"font-size:13px;color:#000000;font-weight:normal;text-decoration:none;font-family:'Arial';font-style:normal;text-decoration-skip-ink:none;\">, salt, l\u00f6pe. Glutenfri.<\/span><\/p>\n<h3>Ravintoarvot per 100g \/ N\u00e4ringsv\u00e4rde per 100g:<\/h3>\n<p>Energia \/ Energi 1739 kJ \/ 418 kcal<br \/>\nRasva \/ Fett 30 g<br \/>\njosta tyydyttynytt\u00e4 \/ varav m\u00e4ttade 21 g<br \/>\nHiilihydraatit \/ Kolhydrat 0,0 g<br \/>\njoista sokereita \/ varav sockerarter 0,0 g<br \/>\nKuitu \/ Fiber 0,0 g<br \/>\nProteiini \/ Protein 37 g<br \/>\nSuola \/ Salt 1,8 g<\/p>\n","protected":false},"excerpt":{"rendered":"<p>Noin 12 kuukautta kypsytetty Gran Biraghi -juusto on tuotettu 100% italialaisesta maidosta ilman s\u00e4il\u00f6nt\u00e4aineita. 1\/8 osa juustokiekosta. S\u00e4ilyt\u00e4 tuote j\u00e4\u00e4kaapissa +2\u00b0C\/+7\u00b0C -asteessa. Avattu tuote tulee k\u00e4ytt\u00e4\u00e4 kymmenen p\u00e4iv\u00e4n sis\u00e4ll\u00e4.<\/p>\n","protected":false},"featured_media":3645,"template":"","meta":[],"product_brand":[],"product_cat":[196,36,163,246,249],"product_tag":[187,304,325],"class_list":{"0":"post-2628","1":"product","2":"type-product","3":"status-publish","4":"has-post-thumbnail","6":"product_cat-kilokauppa","7":"product_cat-viileat","8":"product_cat-viileat-horeca","9":"product_cat-juustot-horeca","10":"product_cat-kovat-juustot-horeca","11":"product_tag-cheese","12":"product_tag-gluteeniton","13":"product_tag-gluten-free","14":"product_shipping_class-viileat-pakaste","16":"first","17":"instock","18":"taxable","19":"shipping-taxable","20":"product-type-simple"},"_links":{"self":[{"href":"https:\/\/monditaly.com\/kauppa\/wp-json\/wp\/v2\/product\/2628","targetHints":{"allow":["GET"]}}],"collection":[{"href":"https:\/\/monditaly.com\/kauppa\/wp-json\/wp\/v2\/product"}],"about":[{"href":"https:\/\/monditaly.com\/kauppa\/wp-json\/wp\/v2\/types\/product"}],"wp:featuredmedia":[{"embeddable":true,"href":"https:\/\/monditaly.com\/kauppa\/wp-json\/wp\/v2\/media\/3645"}],"wp:attachment":[{"href":"https:\/\/monditaly.com\/kauppa\/wp-json\/wp\/v2\/media?parent=2628"}],"wp:term":[{"taxonomy":"product_brand","embeddable":true,"href":"https:\/\/monditaly.com\/kauppa\/wp-json\/wp\/v2\/product_brand?post=2628"},{"taxonomy":"product_cat","embeddable":true,"href":"https:\/\/monditaly.com\/kauppa\/wp-json\/wp\/v2\/product_cat?post=2628"},{"taxonomy":"product_tag","embeddable":true,"href":"https:\/\/monditaly.com\/kauppa\/wp-json\/wp\/v2\/product_tag?post=2628"}],"curies":[{"name":"wp","href":"https:\/\/api.w.org\/{rel}","templated":true}]}}