{"id":2634,"date":"2022-06-01T11:17:02","date_gmt":"2022-06-01T08:17:02","guid":{"rendered":"https:\/\/monditaly.com\/kauppa\/?post_type=product&#038;p=2634"},"modified":"2026-03-27T10:30:02","modified_gmt":"2026-03-27T08:30:02","slug":"viander-artisokkalohko-vedessa-2500g","status":"publish","type":"product","link":"https:\/\/monditaly.com\/kauppa\/tuote\/viander-artisokkalohko-vedessa-2500g\/","title":{"rendered":"Viander artisokkalohko naturel vedess\u00e4 2500g"},"content":{"rendered":"<h3>Ainesosat \/ Ingredienser:<\/h3>\n<p>Artisokka, vesi, suola, happamuudens\u00e4\u00e4t\u00f6aine: sitruunahappo (E330), hapettumisenestoaine: askorbiinihappo (E300). Gluteeniton.<\/p>\n<p>Kron\u00e4rtskocka, vatten, salt, surhetsreglerande medel: citronsyra (E330), antioxidant: askorbinsyra (E300). Glutenfri.<\/p>\n<h3>Ravintoarvot per 100g \/ N\u00e4ringsv\u00e4rde per 100g:<\/h3>\n<p>Energia \/ Energi 92 kJ \/ 22 kcal<br \/>\nRasva \/ Fett 0,2 g<br \/>\njosta tyydyttynytt\u00e4 \/ varav m\u00e4ttade 0,0 g<br \/>\nHiilihydraatit \/ Kolhydrater 2,5 g<br \/>\njoista sokereita \/ varav sockerarter 1,9 g<br \/>\nKuitu \/ Fiber 5,5 g<br \/>\nProteiini \/ Protein 2,7 g<br \/>\nSuola \/ Salt 0,139 g<\/p>\n","protected":false},"excerpt":{"rendered":"<p>Artisokkaa paloina s\u00e4il\u00f6ttyin\u00e4 suolavedess\u00e4, pakattuna peltipurkkiin. Tuote on past\u00f6roitu (F85 &gt;30), joka takaa tuotteen steriiliyden. S\u00e4ilyt\u00e4 avattu pakkaus j\u00e4\u00e4kaapissa ja k\u00e4yt\u00e4 lyhyen ajan sis\u00e4ll\u00e4.<\/p>\n<p>Artichoke pieces preserved in salt water.<\/p>\n","protected":false},"featured_media":2676,"template":"","meta":[],"product_brand":[],"product_cat":[46,110,70,81],"product_tag":[139,140,304,325],"class_list":{"0":"post-2634","1":"product","2":"type-product","3":"status-publish","4":"has-post-thumbnail","6":"product_cat-teolliset_elintarvikkeet","7":"product_cat-horeca-teolliset-elintarvikkeet","8":"product_cat-sailykkeet-horeca","9":"product_cat-vihannekset-horeca","10":"product_tag-artichoke","11":"product_tag-carciofi","12":"product_tag-gluteeniton","13":"product_tag-gluten-free","14":"product_shipping_class-horeca","16":"first","17":"instock","18":"taxable","19":"shipping-taxable","20":"product-type-simple"},"_links":{"self":[{"href":"https:\/\/monditaly.com\/kauppa\/wp-json\/wp\/v2\/product\/2634","targetHints":{"allow":["GET"]}}],"collection":[{"href":"https:\/\/monditaly.com\/kauppa\/wp-json\/wp\/v2\/product"}],"about":[{"href":"https:\/\/monditaly.com\/kauppa\/wp-json\/wp\/v2\/types\/product"}],"wp:featuredmedia":[{"embeddable":true,"href":"https:\/\/monditaly.com\/kauppa\/wp-json\/wp\/v2\/media\/2676"}],"wp:attachment":[{"href":"https:\/\/monditaly.com\/kauppa\/wp-json\/wp\/v2\/media?parent=2634"}],"wp:term":[{"taxonomy":"product_brand","embeddable":true,"href":"https:\/\/monditaly.com\/kauppa\/wp-json\/wp\/v2\/product_brand?post=2634"},{"taxonomy":"product_cat","embeddable":true,"href":"https:\/\/monditaly.com\/kauppa\/wp-json\/wp\/v2\/product_cat?post=2634"},{"taxonomy":"product_tag","embeddable":true,"href":"https:\/\/monditaly.com\/kauppa\/wp-json\/wp\/v2\/product_tag?post=2634"}],"curies":[{"name":"wp","href":"https:\/\/api.w.org\/{rel}","templated":true}]}}