{"id":2721,"date":"2022-07-01T11:33:14","date_gmt":"2022-07-01T08:33:14","guid":{"rendered":"https:\/\/monditaly.com\/kauppa\/?post_type=product&#038;p=2721"},"modified":"2026-01-02T11:59:13","modified_gmt":"2026-01-02T09:59:13","slug":"condestavel-premium-1ltk","status":"publish","type":"product","link":"https:\/\/monditaly.com\/kauppa\/tuote\/condestavel-premium-1ltk\/","title":{"rendered":"Condestavel Premium 1ltk (6 x 0,75l)"},"content":{"rendered":"<p>Maa: Portugali<br \/>\nAlue:<br \/>\nViinityyppi: Punaviini<br \/>\nPullokoko: 0,75 l<br \/>\nRyp\u00e4leet:<br \/>\nSokerit:<br \/>\nHapot:<br \/>\nAlkoholi:<\/p>\n","protected":false},"excerpt":{"rendered":"<p><span style=\"font-weight: 400\">Viini, joka klassisesta pakkauksestaan huolimatta yll\u00e4tt\u00e4\u00e4 keve\u00e4ll\u00e4 tyylill\u00e4\u00e4n, mutta tarjoaa kuitenkin reilusti makua ja sopivasti tanniineja. Condestav\u00e9l tarkoittaa konstaapelia tai upseeria. Viinin nimi ja etiketiss\u00e4 oleva miekka viittaavat ritariajan upseereihin, joiden kunniaksi t\u00e4m\u00e4 viini on nimetty. Portugalissa oli merkitt\u00e4vi\u00e4 ritarikuntia keskiajalla.<\/span><\/p>\n<p><span style=\"font-weight: 400\">Despite the classic package this wine surprises with its light style, however with a generous taste and suitable tannins. Condestav\u00e9l means constable or officer. The name of the wine and the sword on the label honor the officers of the knights era. Portugal had a remarkable knighthood in the middle ages.\u00a0<\/span><\/p>\n","protected":false},"featured_media":2725,"template":"","meta":[],"product_brand":[],"product_cat":[23,294,352,353],"product_tag":[356,357],"class_list":{"0":"post-2721","1":"product","2":"type-product","3":"status-publish","4":"has-post-thumbnail","6":"product_cat-juomat","7":"product_cat-juomat-horeca","8":"product_cat-viinit","9":"product_cat-punaviinit","10":"product_tag-punaviini","11":"product_tag-red-wine","12":"product_shipping_class-horeca","14":"first","15":"instock","16":"taxable","17":"shipping-taxable","18":"product-type-simple"},"_links":{"self":[{"href":"https:\/\/monditaly.com\/kauppa\/wp-json\/wp\/v2\/product\/2721","targetHints":{"allow":["GET"]}}],"collection":[{"href":"https:\/\/monditaly.com\/kauppa\/wp-json\/wp\/v2\/product"}],"about":[{"href":"https:\/\/monditaly.com\/kauppa\/wp-json\/wp\/v2\/types\/product"}],"wp:featuredmedia":[{"embeddable":true,"href":"https:\/\/monditaly.com\/kauppa\/wp-json\/wp\/v2\/media\/2725"}],"wp:attachment":[{"href":"https:\/\/monditaly.com\/kauppa\/wp-json\/wp\/v2\/media?parent=2721"}],"wp:term":[{"taxonomy":"product_brand","embeddable":true,"href":"https:\/\/monditaly.com\/kauppa\/wp-json\/wp\/v2\/product_brand?post=2721"},{"taxonomy":"product_cat","embeddable":true,"href":"https:\/\/monditaly.com\/kauppa\/wp-json\/wp\/v2\/product_cat?post=2721"},{"taxonomy":"product_tag","embeddable":true,"href":"https:\/\/monditaly.com\/kauppa\/wp-json\/wp\/v2\/product_tag?post=2721"}],"curies":[{"name":"wp","href":"https:\/\/api.w.org\/{rel}","templated":true}]}}