{"id":2788,"date":"2022-08-03T10:18:18","date_gmt":"2022-08-03T07:18:18","guid":{"rendered":"https:\/\/monditaly.com\/kauppa\/?post_type=product&#038;p=2788"},"modified":"2024-08-09T19:52:19","modified_gmt":"2024-08-09T16:52:19","slug":"rognoni-spianata-calabra-piccante-2kg","status":"publish","type":"product","link":"https:\/\/monditaly.com\/kauppa\/tuote\/rognoni-spianata-calabra-piccante-2kg\/","title":{"rendered":"Rognoni Spianata Calabra piccante n. 2kg"},"content":{"rendered":"<h3>Ainesosat \/ Ingredienser:<\/h3>\n<p>Sianliha, suola, dekstroosi, sakkaroosi (aromit, mausteet). Hapettumisenestoaine: E300. S\u00e4il\u00f6nt\u00e4aineet: E252, E250.<\/p>\n<p>Fl\u00e4sk, salt, dextros, sackaros (aromer, kryddor). Antioxidant: E300. Konserveringsmedel: E252, E250.<\/p>\n<h3>Ravintoarvot per 100g \/ N\u00e4ringsv\u00e4rde per 100g:<\/h3>\n<p>Energia \/ Energi 1776 kJ \/ 428 kcal<br \/>\nRasva \/ Fett 33,1 g josta tyydyttynytt\u00e4 \/ varav m\u00e4ttade 17,5 g<br \/>\nHiilihydraatit \/ Kolhydrat 5,6 g joista sokereita \/ varav sockerarter 1,9 g<br \/>\nProteiini \/ Protein 26,8 g<br \/>\nSuola \/ Salt 3,3 g<\/p>\n","protected":false},"excerpt":{"rendered":"<p>Tulinen salami Calabrian alueelta, jonka muoto on tyypillisen litte\u00e4.<\/p>\n<p>Seasoned spicy salami originally from Calabria and with the typical flattened shape.<\/p>\n","protected":false},"featured_media":1694,"template":"","meta":[],"product_brand":[],"product_cat":[196,36,163,165,166],"product_tag":[],"class_list":{"0":"post-2788","1":"product","2":"type-product","3":"status-publish","4":"has-post-thumbnail","6":"product_cat-kilokauppa","7":"product_cat-viileat","8":"product_cat-viileat-horeca","9":"product_cat-lihat-horeca","10":"product_cat-salamit-ja-kinkut-horeca","11":"product_shipping_class-viileat-pakaste","13":"first","14":"instock","15":"taxable","16":"shipping-taxable","17":"product-type-simple"},"_links":{"self":[{"href":"https:\/\/monditaly.com\/kauppa\/wp-json\/wp\/v2\/product\/2788","targetHints":{"allow":["GET"]}}],"collection":[{"href":"https:\/\/monditaly.com\/kauppa\/wp-json\/wp\/v2\/product"}],"about":[{"href":"https:\/\/monditaly.com\/kauppa\/wp-json\/wp\/v2\/types\/product"}],"wp:featuredmedia":[{"embeddable":true,"href":"https:\/\/monditaly.com\/kauppa\/wp-json\/wp\/v2\/media\/1694"}],"wp:attachment":[{"href":"https:\/\/monditaly.com\/kauppa\/wp-json\/wp\/v2\/media?parent=2788"}],"wp:term":[{"taxonomy":"product_brand","embeddable":true,"href":"https:\/\/monditaly.com\/kauppa\/wp-json\/wp\/v2\/product_brand?post=2788"},{"taxonomy":"product_cat","embeddable":true,"href":"https:\/\/monditaly.com\/kauppa\/wp-json\/wp\/v2\/product_cat?post=2788"},{"taxonomy":"product_tag","embeddable":true,"href":"https:\/\/monditaly.com\/kauppa\/wp-json\/wp\/v2\/product_tag?post=2788"}],"curies":[{"name":"wp","href":"https:\/\/api.w.org\/{rel}","templated":true}]}}