{"id":2971,"date":"2022-09-15T13:40:39","date_gmt":"2022-09-15T10:40:39","guid":{"rendered":"https:\/\/monditaly.com\/kauppa\/?post_type=product&#038;p=2971"},"modified":"2024-08-09T19:52:18","modified_gmt":"2024-08-09T16:52:18","slug":"pastificio-temporin-linea-gourmet-sieni-taytepasta-1ltk","status":"publish","type":"product","link":"https:\/\/monditaly.com\/kauppa\/tuote\/pastificio-temporin-linea-gourmet-sieni-taytepasta-1ltk\/","title":{"rendered":"Pastificio Temporin Linea Gourmet sieni t\u00e4ytepasta 1ltk (500g x 10kpl)"},"content":{"rendered":"<h3>Ainesosat \/ Ingredienser:<\/h3>\n<div>Pastataikina (50%): durumvehn\u00e4jauho, kananmuna (20%).<\/div>\n<div>T\u00e4yte (50%): ricotta (hera, <strong>maito<\/strong>, happamuudens\u00e4\u00e4t\u00f6aine: maitohappo (E270)), herkkutatti &#8220;Boletus edulis&#8221; (10%), kanttarelli &#8220;Cantharellus cibarius&#8221; (9%), voitatti &#8220;Suillus luteus&#8221; (9%), kasvikuidut, Grana Padano (maito, juoksete, suola, s\u00e4il\u00f6nt\u00e4aine: kananmunan lysotsyymi), perunahiutaleet (perunat, emulgointiaine: rasvahappojen mono- ja diglyseridit), hera, oliivi\u00f6ljy, korppujauho (vehn\u00e4jauho tyyppi &#8220;00&#8221;, hiiva) , suola), purjo, suola, valkoviini, persilja, valkosipulijauhe, pippuri, kasvisliemi (sis.: soija, selleri), aromit. Saattaa sis\u00e4lt\u00e4\u00e4 j\u00e4\u00e4mi\u00e4 <strong>kalasta, \u00e4yri\u00e4isist\u00e4, nilvi\u00e4isist\u00e4, maap\u00e4hkin\u00f6ist\u00e4, p\u00e4hkin\u00f6ist\u00e4, sinappista, sellerist\u00e4, soijasta.<\/strong><\/div>\n<div><\/div>\n<div><\/div>\n<div><\/div>\n<div>Pastadeg (50%): durumvetemj\u00f6l, \u00e4gg (20%).<\/div>\n<div>Fyllning (50%): ricotta (vassle, <strong>mj\u00f6lk<\/strong>, surhetsreglerandemedel: mj\u00f6lksyra (E270)), karljohansvamp \u201dBoletus edulis\u201d (10%), kantarell \u201dCantharellus cibarius\u201d (9%), Sm\u00f6rsopp \u201dSuillus luteus\u201d (9%), vegetaibliska fibrer, Grana Padano (mj\u00f6lk, l\u00f6pe, salt, konserveringsmedel: lysozym fr\u00e5n \u00e4gg), potatisflingor (potatis, emulgeringsmedel: mono- och diglycerider av fettsyror), vassle, olivolja, str\u00f6br\u00f6d (vetemj\u00f6l typ \u201d00\u201d, j\u00e4st, salt), purjol\u00f6k, salt, vitt vin, persilja, vitl\u00f6kspulver, peppar, gr\u00f6nsaksbuljong (inneh\u00e5ller: soja, selleri), aromer. Kan inneh\u00e5lla sp\u00e5r av <strong>fisk, kr\u00e4ftdjur, bl\u00f6tdjur, mollusker jordn\u00f6tter, n\u00f6tter, senap, selleri, soja.<\/strong><\/div>\n<h3>Ravintoarvot per 100g \/ N\u00e4ringsv\u00e4rde per 100g:<\/h3>\n<p>Energia \/ Energi<br \/>\nRasva \/ Fett<br \/>\njosta tyydyttynytt\u00e4 \/ varav m\u00e4ttade<br \/>\nHiilihydraatit \/ Kolhydrater<br \/>\njoista sokereita \/ varav sockerarter<br \/>\nProteiini \/ Protein<br \/>\nSuola \/ Salt<\/p>\n","protected":false},"excerpt":{"rendered":"<p><strong>Tuote myyd\u00e4\u00e4n myyntier\u00e4n\u00e4 1 ltk (10 kpl). \/ Sales unit 1 box (10 pcs).<\/strong><\/p>\n","protected":false},"featured_media":3877,"template":"","meta":[],"product_brand":[],"product_cat":[36,163,164],"product_tag":[345],"class_list":{"0":"post-2971","1":"product","2":"type-product","3":"status-publish","4":"has-post-thumbnail","6":"product_cat-viileat","7":"product_cat-viileat-horeca","8":"product_cat-tuorepasta-horeca","9":"product_tag-fresh-pasta","10":"product_shipping_class-viileat-pakaste","12":"first","13":"onbackorder","14":"taxable","15":"shipping-taxable","16":"product-type-simple"},"_links":{"self":[{"href":"https:\/\/monditaly.com\/kauppa\/wp-json\/wp\/v2\/product\/2971","targetHints":{"allow":["GET"]}}],"collection":[{"href":"https:\/\/monditaly.com\/kauppa\/wp-json\/wp\/v2\/product"}],"about":[{"href":"https:\/\/monditaly.com\/kauppa\/wp-json\/wp\/v2\/types\/product"}],"wp:featuredmedia":[{"embeddable":true,"href":"https:\/\/monditaly.com\/kauppa\/wp-json\/wp\/v2\/media\/3877"}],"wp:attachment":[{"href":"https:\/\/monditaly.com\/kauppa\/wp-json\/wp\/v2\/media?parent=2971"}],"wp:term":[{"taxonomy":"product_brand","embeddable":true,"href":"https:\/\/monditaly.com\/kauppa\/wp-json\/wp\/v2\/product_brand?post=2971"},{"taxonomy":"product_cat","embeddable":true,"href":"https:\/\/monditaly.com\/kauppa\/wp-json\/wp\/v2\/product_cat?post=2971"},{"taxonomy":"product_tag","embeddable":true,"href":"https:\/\/monditaly.com\/kauppa\/wp-json\/wp\/v2\/product_tag?post=2971"}],"curies":[{"name":"wp","href":"https:\/\/api.w.org\/{rel}","templated":true}]}}