{"id":3151,"date":"2022-11-11T09:28:48","date_gmt":"2022-11-11T07:28:48","guid":{"rendered":"https:\/\/monditaly.com\/kauppa\/?post_type=product&#038;p=3151"},"modified":"2024-09-09T19:42:38","modified_gmt":"2024-09-09T16:42:38","slug":"viander-chef-herkkutatti-800g","status":"publish","type":"product","link":"https:\/\/monditaly.com\/kauppa\/tuote\/viander-chef-herkkutatti-800g\/","title":{"rendered":"Viander Chef herkkutatti 800g"},"content":{"rendered":"<h3>Ainesosat \/ Ingredienser:<\/h3>\n<p>Sienet (Boletus edulis ja muut Boletus-suvun sienet) 80%, vesi, auringonkukka\u00f6ljy, sipuli, sokeri, aromi, arominvahvenne: mononatriumglutamaatti (E621), riisit\u00e4rkkelys, persilja, valkosipuli, suola, valkopippuri, valkosipulin luonnollinen aromi, hiivauute, maltodekstriini, osittain kovetettu kasvipalmu\u00f6ljy, veteraaliuute (hydrolysoitu maissiproteiini), laakeripuu, happamuudens\u00e4\u00e4t\u00f6aine: sitruunahappo (E330), antioksidantti: askorbiinihappo (E300). Sis\u00e4lt\u00e4\u00e4 <strong>s<\/strong><strong style=\"font-size: 14.4px;\">ulfiitteja<\/strong><span style=\"font-size: 14.4px;\">. Gluteeniton.<\/span><\/p>\n<p>Svamp (Boletus edulis och andra svampar av sl\u00e4ktet Boletus) 80 %, vatten, solrosolja, l\u00f6k, socker, arom, smakf\u00f6rst\u00e4rkare: mononatriumglutamat (E621), risst\u00e4rkelse, persilja, vitl\u00f6k, salt, vitpeppar, naturlig vitl\u00f6ksarom , j\u00e4stextrakt, maltodextrin, delvis h\u00e4rdad vegetabilisk palmolja, veteralextrakt (hydrolyserat majsprotein), lagertr\u00e4d, surhetsreglerande medel: citronsyra (E330), antioxidant: askorbinsyra (E300). Inneh\u00e5ller <strong>sulfiter<\/strong>. Glutenfri.<\/p>\n<h3>Ravintoarvot per 100g \/ N\u00e4ringsv\u00e4rde per 100g:<\/h3>\n<p>Energia \/ Energi 351 kJ \/85 kcal<br \/>\nRasva \/ Fett 7,5 g<br \/>\njosta tyydyttym\u00e4tt\u00f6mi\u00e4 \/ varav m\u00e4ttade 0,8 g<br \/>\nHiilihydrater \/ Kolhydrater 2,2 g<br \/>\njoista sokereita \/ varav sockerarter 0,8 g<br \/>\nProteiini \/ Protein 2,2 g<br \/>\nSuola \/ Salt 0,04 g<\/p>\n","protected":false},"excerpt":{"rendered":"<p>Herkkutatteja valkosipulilla ja persiljalla maustettuna.<\/p>\n<p>Porcini mushrooms with garlic and parsley.<\/p>\n<p>&nbsp;<\/p>\n","protected":false},"featured_media":3153,"template":"","meta":[],"product_brand":[],"product_cat":[46,110,70,81],"product_tag":[304,325,423],"class_list":{"0":"post-3151","1":"product","2":"type-product","3":"status-publish","4":"has-post-thumbnail","6":"product_cat-teolliset_elintarvikkeet","7":"product_cat-horeca-teolliset-elintarvikkeet","8":"product_cat-sailykkeet-horeca","9":"product_cat-vihannekset-horeca","10":"product_tag-gluteeniton","11":"product_tag-gluten-free","12":"product_tag-porcini","13":"product_shipping_class-horeca","15":"first","16":"instock","17":"taxable","18":"shipping-taxable","19":"product-type-simple"},"_links":{"self":[{"href":"https:\/\/monditaly.com\/kauppa\/wp-json\/wp\/v2\/product\/3151","targetHints":{"allow":["GET"]}}],"collection":[{"href":"https:\/\/monditaly.com\/kauppa\/wp-json\/wp\/v2\/product"}],"about":[{"href":"https:\/\/monditaly.com\/kauppa\/wp-json\/wp\/v2\/types\/product"}],"wp:featuredmedia":[{"embeddable":true,"href":"https:\/\/monditaly.com\/kauppa\/wp-json\/wp\/v2\/media\/3153"}],"wp:attachment":[{"href":"https:\/\/monditaly.com\/kauppa\/wp-json\/wp\/v2\/media?parent=3151"}],"wp:term":[{"taxonomy":"product_brand","embeddable":true,"href":"https:\/\/monditaly.com\/kauppa\/wp-json\/wp\/v2\/product_brand?post=3151"},{"taxonomy":"product_cat","embeddable":true,"href":"https:\/\/monditaly.com\/kauppa\/wp-json\/wp\/v2\/product_cat?post=3151"},{"taxonomy":"product_tag","embeddable":true,"href":"https:\/\/monditaly.com\/kauppa\/wp-json\/wp\/v2\/product_tag?post=3151"}],"curies":[{"name":"wp","href":"https:\/\/api.w.org\/{rel}","templated":true}]}}