{"id":3547,"date":"2023-04-21T10:31:28","date_gmt":"2023-04-21T07:31:28","guid":{"rendered":"https:\/\/monditaly.com\/kauppa\/?post_type=product&#038;p=3547"},"modified":"2024-07-07T04:07:31","modified_gmt":"2024-07-07T01:07:31","slug":"viander-grillattu-munakoiso-oljyssa-1kg","status":"publish","type":"product","link":"https:\/\/monditaly.com\/kauppa\/tuote\/viander-grillattu-munakoiso-oljyssa-1kg\/","title":{"rendered":"Viander grillattu munakoiso \u00f6ljyss\u00e4 730g"},"content":{"rendered":"<h3>Ainesosat \/ Ingredienser:<\/h3>\n<p>Grillattu munakoiso 58%, auringonkukka\u00f6ljy, suola, sokeri, valkosipuli, chili, minttu, happamuudens\u00e4\u00e4t\u00f6aine: sitruunahappo (E330), kiinteytysaine: kalsiumkloridi (E509), hapettumisenestoaine: askorbiinihappo (E300), aromi. Sis\u00e4lt\u00e4\u00e4 <strong>sulfiitteja<\/strong>. Gluteeniton.<\/p>\n<p>Grillad aubergine 58%, solrosolja, salt, socker, vitl\u00f6k, chilipeppar, mynta, surhetsreglerande medel: citronsyra (E330), uppstramningsmedel: kalciumklorid (E509), antioxidant: askorbinsyra (E300), arom.\u00a0 Inneh\u00e5ller <strong>sulfiter<\/strong>. Glutenfri.<\/p>\n<h3>Ravintoarvot per 100g \/ N\u00e4ringsv\u00e4rde per 100g:<\/h3>\n<p>Energia \/ Energi 760kJ \/ 184kcal<br \/>\nRasva \/ Fett 10,3g josta tyydyttynytt\u00e4 \/ varav m\u00e4ttade 0,9g<br \/>\nHiilihydraatit \/ Kolhydrater 2,4g joista sokereita \/ varav sockerarter 2,4g<br \/>\nKuitu \/ Fiber 2,6g<br \/>\nProteiini \/ Protein 1,1g<br \/>\nSuola \/ Salt 3,0g<\/p>\n<p>&nbsp;<\/p>\n","protected":false},"excerpt":{"rendered":"<p>Grillatut munakoisot, jotka on upotettu auringonkukka\u00f6ljyyn.<\/p>\n<p>Grilled eggplants dipped in sunflower oil.<\/p>\n","protected":false},"featured_media":3833,"template":"","meta":[],"product_brand":[],"product_cat":[46,110,70,81],"product_tag":[135],"class_list":{"0":"post-3547","1":"product","2":"type-product","3":"status-publish","4":"has-post-thumbnail","6":"product_cat-teolliset_elintarvikkeet","7":"product_cat-horeca-teolliset-elintarvikkeet","8":"product_cat-sailykkeet-horeca","9":"product_cat-vihannekset-horeca","10":"product_tag-aubergine","11":"product_shipping_class-horeca","13":"first","14":"instock","15":"taxable","16":"shipping-taxable","17":"product-type-simple"},"_links":{"self":[{"href":"https:\/\/monditaly.com\/kauppa\/wp-json\/wp\/v2\/product\/3547","targetHints":{"allow":["GET"]}}],"collection":[{"href":"https:\/\/monditaly.com\/kauppa\/wp-json\/wp\/v2\/product"}],"about":[{"href":"https:\/\/monditaly.com\/kauppa\/wp-json\/wp\/v2\/types\/product"}],"wp:featuredmedia":[{"embeddable":true,"href":"https:\/\/monditaly.com\/kauppa\/wp-json\/wp\/v2\/media\/3833"}],"wp:attachment":[{"href":"https:\/\/monditaly.com\/kauppa\/wp-json\/wp\/v2\/media?parent=3547"}],"wp:term":[{"taxonomy":"product_brand","embeddable":true,"href":"https:\/\/monditaly.com\/kauppa\/wp-json\/wp\/v2\/product_brand?post=3547"},{"taxonomy":"product_cat","embeddable":true,"href":"https:\/\/monditaly.com\/kauppa\/wp-json\/wp\/v2\/product_cat?post=3547"},{"taxonomy":"product_tag","embeddable":true,"href":"https:\/\/monditaly.com\/kauppa\/wp-json\/wp\/v2\/product_tag?post=3547"}],"curies":[{"name":"wp","href":"https:\/\/api.w.org\/{rel}","templated":true}]}}