{"id":423,"date":"2021-04-27T15:55:01","date_gmt":"2021-04-27T12:55:01","guid":{"rendered":"https:\/\/monditaly.com\/kauppa\/?post_type=product&#038;p=423"},"modified":"2025-10-30T10:35:08","modified_gmt":"2025-10-30T08:35:08","slug":"viander-puolikuivattu-keltainen-tomaatti-1ltk-750g-x-6kpl","status":"publish","type":"product","link":"https:\/\/monditaly.com\/kauppa\/tuote\/viander-puolikuivattu-keltainen-tomaatti-1ltk-750g-x-6kpl\/","title":{"rendered":"Viander puolikuivattu keltainen tomaatti 1ltk (750g x 6 kpl)"},"content":{"rendered":"<h3>Ainesosat \/ Ingredienser:<\/h3>\n<p>Keltainen kirsikkatomaatti (60%), auringonkukka\u00f6ljy, suola, basilika, valkosipulijauhe, happamuudens\u00e4\u00e4t\u00f6aine: sitruunahappo (E330).<\/p>\n<p>Gul k\u00f6rsb\u00e4rstomat (60%), solrosolja, salt, basilika, vitl\u00f6kspulver, surhetsreglerande medel: citronsyra (E330).<\/p>\n<h3>Ravintoarvot per 100g \/ N\u00e4ringsv\u00e4rde per 100g:<\/h3>\n<p>Energia \/ Energi 1536 kJ \/ 370 kcal<br \/>\nRasva \/ Fett 39,53 g<br \/>\njosta tyydyttynytt\u00e4 \/ varav m\u00e4ttade 4,2 g<br \/>\nHiilihydraatit \/ Kolhydrat 3,6 g<br \/>\njoista sokereita \/ varav sockerarter 3,6 g<br \/>\nKuitu \/ Fiber 1,56 g<br \/>\nProteiini \/ Protein 0,82 g<br \/>\nSuola \/ Salt 1,25 g<\/p>\n","protected":false},"excerpt":{"rendered":"<p><strong>Tuote myyd\u00e4\u00e4n myyntier\u00e4n\u00e4 1 ltk (6 kpl). \/ Sales unit 1 box (6 pcs).<\/strong><\/p>\n<p>Keltaiset py\u00f6re\u00e4t kirsikkatomaatit on leikattu puoliksi ja kuivattu uunissa s\u00e4\u00e4dellyss\u00e4 l\u00e4mp\u00f6tilassa. Tuotetta voi k\u00e4ytt\u00e4\u00e4 sellaisenaan lisukkeena, pizzan tai piirakan aineksena. Sopii kalapohjaisiin alku- ja p\u00e4\u00e4ruokiin.<\/p>\n<p>Semi-dried yellow cherry tomatoes in sunflower oil.<\/p>\n","protected":false},"featured_media":501,"template":"","meta":[],"product_brand":[],"product_cat":[46,70,97],"product_tag":[177,178,316,98,176],"class_list":{"0":"post-423","1":"product","2":"type-product","3":"status-publish","4":"has-post-thumbnail","6":"product_cat-teolliset_elintarvikkeet","7":"product_cat-sailykkeet-horeca","8":"product_cat-tomaatti-horeca","9":"product_tag-puolikuivattu","10":"product_tag-semi-dried","11":"product_tag-semisecchi","12":"product_tag-tomaatti","13":"product_tag-tomato","14":"product_shipping_class-horeca","16":"first","17":"instock","18":"taxable","19":"shipping-taxable","20":"product-type-simple"},"_links":{"self":[{"href":"https:\/\/monditaly.com\/kauppa\/wp-json\/wp\/v2\/product\/423","targetHints":{"allow":["GET"]}}],"collection":[{"href":"https:\/\/monditaly.com\/kauppa\/wp-json\/wp\/v2\/product"}],"about":[{"href":"https:\/\/monditaly.com\/kauppa\/wp-json\/wp\/v2\/types\/product"}],"wp:featuredmedia":[{"embeddable":true,"href":"https:\/\/monditaly.com\/kauppa\/wp-json\/wp\/v2\/media\/501"}],"wp:attachment":[{"href":"https:\/\/monditaly.com\/kauppa\/wp-json\/wp\/v2\/media?parent=423"}],"wp:term":[{"taxonomy":"product_brand","embeddable":true,"href":"https:\/\/monditaly.com\/kauppa\/wp-json\/wp\/v2\/product_brand?post=423"},{"taxonomy":"product_cat","embeddable":true,"href":"https:\/\/monditaly.com\/kauppa\/wp-json\/wp\/v2\/product_cat?post=423"},{"taxonomy":"product_tag","embeddable":true,"href":"https:\/\/monditaly.com\/kauppa\/wp-json\/wp\/v2\/product_tag?post=423"}],"curies":[{"name":"wp","href":"https:\/\/api.w.org\/{rel}","templated":true}]}}