{"id":4251,"date":"2023-11-23T13:16:46","date_gmt":"2023-11-23T11:16:46","guid":{"rendered":"https:\/\/monditaly.com\/kauppa\/?post_type=product&#038;p=4251"},"modified":"2026-01-02T11:47:57","modified_gmt":"2026-01-02T09:47:57","slug":"alagna-grillo-doc-terre-siciliane-1ltk","status":"publish","type":"product","link":"https:\/\/monditaly.com\/kauppa\/tuote\/alagna-grillo-doc-terre-siciliane-1ltk\/","title":{"rendered":"Alagna Grillo DOC Terre Siciliane 1ltk (0,75l x 6plo)"},"content":{"rendered":"<p>Maa: Italia<br \/>\nAlue: Marsala ja Mazara del Vallo<br \/>\nViinityyppi: Valkoviini<br \/>\nPullokoko: 0,75 l<br \/>\nRyp\u00e4leet: Grillo<br \/>\nSokerit:<br \/>\nAlkoholi: 12,5 %<\/p>\n","protected":false},"excerpt":{"rendered":"<p>Raikas viini intensiivisell\u00e4 tuoksulla. Sopii parhaiten kalan, valkoisen lihan ja v\u00e4h\u00e4rasvaisten juustojen kanssa. Tarjoile 8-10\u00b0C asteisena.<\/p>\n<p>A fresh wine with intense perfumes. Best if pleasantly accompanied by fish, white meat and low-fat cheeses. Serve at 8-10\u00b0C.<\/p>\n","protected":false},"featured_media":4252,"template":"","meta":[],"product_brand":[],"product_cat":[23,294,354],"product_tag":[358],"class_list":{"0":"post-4251","1":"product","2":"type-product","3":"status-publish","4":"has-post-thumbnail","6":"product_cat-juomat","7":"product_cat-juomat-horeca","8":"product_cat-valkoviinit","9":"product_tag-white-wine","10":"product_shipping_class-horeca","12":"first","13":"outofstock","14":"taxable","15":"shipping-taxable","16":"product-type-simple"},"_links":{"self":[{"href":"https:\/\/monditaly.com\/kauppa\/wp-json\/wp\/v2\/product\/4251","targetHints":{"allow":["GET"]}}],"collection":[{"href":"https:\/\/monditaly.com\/kauppa\/wp-json\/wp\/v2\/product"}],"about":[{"href":"https:\/\/monditaly.com\/kauppa\/wp-json\/wp\/v2\/types\/product"}],"wp:featuredmedia":[{"embeddable":true,"href":"https:\/\/monditaly.com\/kauppa\/wp-json\/wp\/v2\/media\/4252"}],"wp:attachment":[{"href":"https:\/\/monditaly.com\/kauppa\/wp-json\/wp\/v2\/media?parent=4251"}],"wp:term":[{"taxonomy":"product_brand","embeddable":true,"href":"https:\/\/monditaly.com\/kauppa\/wp-json\/wp\/v2\/product_brand?post=4251"},{"taxonomy":"product_cat","embeddable":true,"href":"https:\/\/monditaly.com\/kauppa\/wp-json\/wp\/v2\/product_cat?post=4251"},{"taxonomy":"product_tag","embeddable":true,"href":"https:\/\/monditaly.com\/kauppa\/wp-json\/wp\/v2\/product_tag?post=4251"}],"curies":[{"name":"wp","href":"https:\/\/api.w.org\/{rel}","templated":true}]}}