{"id":4622,"date":"2024-04-24T15:58:08","date_gmt":"2024-04-24T12:58:08","guid":{"rendered":"https:\/\/monditaly.com\/kauppa\/?post_type=product&#038;p=4622"},"modified":"2025-06-26T14:56:14","modified_gmt":"2025-06-26T11:56:14","slug":"rognoni-ricotta-montella-n-04kg-kova-vuohenm-kaartio","status":"publish","type":"product","link":"https:\/\/monditaly.com\/kauppa\/tuote\/rognoni-ricotta-montella-n-04kg-kova-vuohenm-kaartio\/","title":{"rendered":"Rognoni Ricotta salata Montella n. 400g lampaanmaitokartio, kova"},"content":{"rendered":"<h3>Ainesosat:<\/h3>\n<p>Lampaanmaidon hera %, suola %.<\/p>\n<p>F\u00e5rmj\u00f6lksvassle %, salt %.<\/p>\n<h3>Ravintoarvot per 100g:<\/h3>\n<p>Energia \/ Energi\u00a0 kJ \/\u00a0 kcal<br \/>\nRasva \/ Fett 15 g josta tyydyttynytt\u00e4 \/ varav m\u00e4ttade\u00a0 g<br \/>\nHiilihydraatit \/ Kolhydrat 2 g joista sokereita \/ varav sockerarter\u00a0 g<br \/>\nKuitu \/ Fiber\u00a0 g<br \/>\nProteiini \/ Protein\u00a0 g<br \/>\nSuola \/ Salt\u00a0 g<\/p>\n<p>&nbsp;<\/p>\n","protected":false},"excerpt":{"rendered":"<p><span style=\"font-weight: 400;\">Tuotettu past\u00f6roidusta lampaanmaitoherasta, kypsytysaika 2-4kk. Sopii V\u00e4limeren keitti\u00f6n ensimm\u00e4isiin ja toisiin ruokalajeihin raaka-aineeksi, salaatteihin, p\u00f6yt\u00e4juustoksi ja pastan p\u00e4\u00e4lle raastettuna. <\/span>Sisilialainen, Pecorinon sukuinen juusto, rakenteeltaan kiinte\u00e4 ja maitomaisen valkoinen.<\/p>\n<p>Produced from pasteurized sheep&#8217;s milk whey, maturation time 2-4 months. Suitable for first and second courses of Mediterranean cuisine as an ingredient, salads, table cheese and grated over pasta. A Sicilian cheese related to Pecorino, firm in structure and milky white.<\/p>\n","protected":false},"featured_media":7021,"template":"","meta":[],"product_brand":[],"product_cat":[196,36,163,246,249],"product_tag":[187],"class_list":{"0":"post-4622","1":"product","2":"type-product","3":"status-publish","4":"has-post-thumbnail","6":"product_cat-kilokauppa","7":"product_cat-viileat","8":"product_cat-viileat-horeca","9":"product_cat-juustot-horeca","10":"product_cat-kovat-juustot-horeca","11":"product_tag-cheese","12":"product_shipping_class-viileat-pakaste","14":"first","15":"onbackorder","16":"taxable","17":"shipping-taxable","18":"product-type-simple"},"_links":{"self":[{"href":"https:\/\/monditaly.com\/kauppa\/wp-json\/wp\/v2\/product\/4622","targetHints":{"allow":["GET"]}}],"collection":[{"href":"https:\/\/monditaly.com\/kauppa\/wp-json\/wp\/v2\/product"}],"about":[{"href":"https:\/\/monditaly.com\/kauppa\/wp-json\/wp\/v2\/types\/product"}],"wp:featuredmedia":[{"embeddable":true,"href":"https:\/\/monditaly.com\/kauppa\/wp-json\/wp\/v2\/media\/7021"}],"wp:attachment":[{"href":"https:\/\/monditaly.com\/kauppa\/wp-json\/wp\/v2\/media?parent=4622"}],"wp:term":[{"taxonomy":"product_brand","embeddable":true,"href":"https:\/\/monditaly.com\/kauppa\/wp-json\/wp\/v2\/product_brand?post=4622"},{"taxonomy":"product_cat","embeddable":true,"href":"https:\/\/monditaly.com\/kauppa\/wp-json\/wp\/v2\/product_cat?post=4622"},{"taxonomy":"product_tag","embeddable":true,"href":"https:\/\/monditaly.com\/kauppa\/wp-json\/wp\/v2\/product_tag?post=4622"}],"curies":[{"name":"wp","href":"https:\/\/api.w.org\/{rel}","templated":true}]}}