{"id":4910,"date":"2024-06-13T10:53:52","date_gmt":"2024-06-13T07:53:52","guid":{"rendered":"https:\/\/monditaly.com\/kauppa\/?post_type=product&#038;p=4910"},"modified":"2026-01-02T13:55:27","modified_gmt":"2026-01-02T11:55:27","slug":"pistachio-sauce-pistaasitahna-1ltk-580g-x-6-kpl","status":"publish","type":"product","link":"https:\/\/monditaly.com\/kauppa\/tuote\/pistachio-sauce-pistaasitahna-1ltk-580g-x-6-kpl\/","title":{"rendered":"Pistaasipesto 800g ME 1ltk (6 kpl)"},"content":{"rendered":"<h3>Ainesosat \/ Ingredienser:<\/h3>\n<p><strong>Pistaasip\u00e4hkin\u00e4t<\/strong> (Pistacia vera) 51%, auringonkukka\u00f6ljy, suola, mustapippuri. Gluteeniton. <strong>Saattaa sis\u00e4lt\u00e4\u00e4 maitoa ja maitotuotteita, selleri\u00e4, kalaa ja \u00e4yri\u00e4isi\u00e4, p\u00e4hkin\u00f6it\u00e4.<\/strong> Saattaa sis\u00e4lt\u00e4\u00e4 j\u00e4\u00e4nteit\u00e4 kuoresta.<\/p>\n<div class=\"flex flex-grow flex-col max-w-full\">\n<div class=\"min-h-[20px] text-message flex flex-col items-start whitespace-pre-wrap break-words [.text-message+&amp;]:mt-5 juice:w-full juice:items-end overflow-x-auto gap-2\" dir=\"auto\" data-message-author-role=\"assistant\" data-message-id=\"88b61e6e-14f8-46c4-831e-c72cec791197\">\n<div class=\"flex w-full flex-col gap-1 juice:empty:hidden juice:first:pt-[3px]\">\n<div class=\"markdown prose w-full break-words dark:prose-invert light\">\n<p><strong>Pistagen\u00f6tter<\/strong> (Pistacia vera) 51%, solrosolja, salt, svartpeppar. Glutenfri. <strong>Kan inneh\u00e5lla mj\u00f6lk och mj\u00f6lkprodukter, selleri, fisk och skaldjur, n\u00f6tter.<\/strong> Kan inneh\u00e5lla sp\u00e5r av skal.<\/p>\n<\/div>\n<\/div>\n<\/div>\n<\/div>\n<h3>Ravintoarvot per 100g \/ N\u00e4ringsv\u00e4rde per 100g:<\/h3>\n<p>Energia\/ Energi 3068kJ \/ 745kcal<br \/>\nRasva \/ Fett 8,3 g<br \/>\njosta tyydyttynytt\u00e4 \/ varav m\u00e4ttat fett 8,3 g<br \/>\nHiilihydraatit \/ Kolhydrat 4,0 g<br \/>\njoista sokereita \/ varav sockerarter 2,2 g<br \/>\nProteiini \/ Protein 8,9 g<br \/>\nSuola \/ Salt 0,88 g<\/p>\n","protected":false},"excerpt":{"rendered":"<p>Pistaasipesto mm. pastalle tai pizzaan. Tuote sopii vegaaneille. Gluteeniton.<\/p>\n<p><span style=\"font-size: 14.4px;\">F\u00e4rdig pistaschpesto f\u00f6r pasta. Produkten \u00e4r l\u00e4mplig f\u00f6r veganer. Glutenfri.<\/span><\/p>\n","protected":false},"featured_media":4916,"template":"","meta":[],"product_brand":[],"product_cat":[46,110,70,94],"product_tag":[453,454,455,606],"class_list":{"0":"post-4910","1":"product","2":"type-product","3":"status-publish","4":"has-post-thumbnail","6":"product_cat-teolliset_elintarvikkeet","7":"product_cat-horeca-teolliset-elintarvikkeet","8":"product_cat-sailykkeet-horeca","9":"product_cat-tahnat-horeca","10":"product_tag-pesto","11":"product_tag-pistaasi","12":"product_tag-pistachio","13":"product_tag-pistasch","14":"product_shipping_class-horeca","16":"first","17":"instock","18":"taxable","19":"shipping-taxable","20":"product-type-simple"},"_links":{"self":[{"href":"https:\/\/monditaly.com\/kauppa\/wp-json\/wp\/v2\/product\/4910","targetHints":{"allow":["GET"]}}],"collection":[{"href":"https:\/\/monditaly.com\/kauppa\/wp-json\/wp\/v2\/product"}],"about":[{"href":"https:\/\/monditaly.com\/kauppa\/wp-json\/wp\/v2\/types\/product"}],"wp:featuredmedia":[{"embeddable":true,"href":"https:\/\/monditaly.com\/kauppa\/wp-json\/wp\/v2\/media\/4916"}],"wp:attachment":[{"href":"https:\/\/monditaly.com\/kauppa\/wp-json\/wp\/v2\/media?parent=4910"}],"wp:term":[{"taxonomy":"product_brand","embeddable":true,"href":"https:\/\/monditaly.com\/kauppa\/wp-json\/wp\/v2\/product_brand?post=4910"},{"taxonomy":"product_cat","embeddable":true,"href":"https:\/\/monditaly.com\/kauppa\/wp-json\/wp\/v2\/product_cat?post=4910"},{"taxonomy":"product_tag","embeddable":true,"href":"https:\/\/monditaly.com\/kauppa\/wp-json\/wp\/v2\/product_tag?post=4910"}],"curies":[{"name":"wp","href":"https:\/\/api.w.org\/{rel}","templated":true}]}}