{"id":4928,"date":"2024-06-14T08:38:25","date_gmt":"2024-06-14T05:38:25","guid":{"rendered":"https:\/\/monditaly.com\/kauppa\/?post_type=product&#038;p=4928"},"modified":"2026-01-02T11:40:50","modified_gmt":"2026-01-02T09:40:50","slug":"soave-doc-2023-terre-di-castelnuovo-12-1ltk-075l-x-6plo","status":"publish","type":"product","link":"https:\/\/monditaly.com\/kauppa\/tuote\/soave-doc-2023-terre-di-castelnuovo-12-1ltk-075l-x-6plo\/","title":{"rendered":"Soave Doc 2023 Terre di Castelnuovo 12\u00b0 1ltk (0,75l x 6plo)"},"content":{"rendered":"<p>Maa: Italia<br \/>\nAlue: Veneto<br \/>\nViinityyppi: Valkoviini<br \/>\nPullokoko: 0,75 l<br \/>\nRyp\u00e4leet: Garganega<br \/>\nSokerit:<br \/>\nAlkoholi: 12,0 %<\/p>\n<p>Raikas ja ihastuttavan monik\u00e4ytt\u00f6inen ruokaviini, jonka elegantti, rapsakka maku sek\u00e4 hedelm\u00e4iset aromit soveltuvat kes\u00e4isen keveisiin kattauksiin.<\/p>\n","protected":false},"excerpt":{"rendered":"<p>Raikas Soave on ihastuttavan monik\u00e4ytt\u00f6inen ruokaviini, jonka harmoninen, elegantti ja rapsakka maku sopii hyvin merenel\u00e4vien, salaattien, viile\u00e4n gazpachon ja monien muiden kevyiden kes\u00e4ruokien seuraksi. Hedelm\u00e4inen tuoksu sek\u00e4 oljenkeltainen v\u00e4ri tuovat mieleen persikat, omenat, melonit, p\u00e4\u00e4ryn\u00e4t ja sitruunat.<\/p>\n<div class=\"flex flex-grow flex-col max-w-full\">\n<div class=\"min-h-[20px] text-message flex flex-col items-start whitespace-pre-wrap break-words [.text-message+&amp;]:mt-5 juice:w-full juice:items-end overflow-x-auto gap-2\" dir=\"auto\" data-message-author-role=\"assistant\" data-message-id=\"add1846c-acfe-4ff8-8836-271efcbb5085\">\n<div class=\"flex w-full flex-col gap-1 juice:empty:hidden juice:first:pt-[3px]\">\n<div class=\"markdown prose w-full break-words dark:prose-invert light\">\n<p>The fresh Soave is a wonderfully versatile food wine, with a harmonious, elegant, and crisp taste that pairs well with seafood, salads, chilled gazpacho, and many other light summer dishes. Its fruity aroma and straw-yellow color evoke peaches, apples, melons, pears, and lemons.<\/p>\n<\/div>\n<\/div>\n<\/div>\n<\/div>\n","protected":false},"featured_media":5386,"template":"","meta":[],"product_brand":[],"product_cat":[23,294,354],"product_tag":[358],"class_list":{"0":"post-4928","1":"product","2":"type-product","3":"status-publish","4":"has-post-thumbnail","6":"product_cat-juomat","7":"product_cat-juomat-horeca","8":"product_cat-valkoviinit","9":"product_tag-white-wine","10":"product_shipping_class-horeca","12":"first","13":"instock","14":"taxable","15":"shipping-taxable","16":"product-type-simple"},"_links":{"self":[{"href":"https:\/\/monditaly.com\/kauppa\/wp-json\/wp\/v2\/product\/4928","targetHints":{"allow":["GET"]}}],"collection":[{"href":"https:\/\/monditaly.com\/kauppa\/wp-json\/wp\/v2\/product"}],"about":[{"href":"https:\/\/monditaly.com\/kauppa\/wp-json\/wp\/v2\/types\/product"}],"wp:featuredmedia":[{"embeddable":true,"href":"https:\/\/monditaly.com\/kauppa\/wp-json\/wp\/v2\/media\/5386"}],"wp:attachment":[{"href":"https:\/\/monditaly.com\/kauppa\/wp-json\/wp\/v2\/media?parent=4928"}],"wp:term":[{"taxonomy":"product_brand","embeddable":true,"href":"https:\/\/monditaly.com\/kauppa\/wp-json\/wp\/v2\/product_brand?post=4928"},{"taxonomy":"product_cat","embeddable":true,"href":"https:\/\/monditaly.com\/kauppa\/wp-json\/wp\/v2\/product_cat?post=4928"},{"taxonomy":"product_tag","embeddable":true,"href":"https:\/\/monditaly.com\/kauppa\/wp-json\/wp\/v2\/product_tag?post=4928"}],"curies":[{"name":"wp","href":"https:\/\/api.w.org\/{rel}","templated":true}]}}