{"id":512,"date":"2021-05-04T13:36:09","date_gmt":"2021-05-04T10:36:09","guid":{"rendered":"https:\/\/monditaly.com\/kauppa\/?post_type=product&#038;p=512"},"modified":"2024-07-06T13:12:00","modified_gmt":"2024-07-06T10:12:00","slug":"viander-hieno-tomaattimurska-1ltk-3x5kg","status":"publish","type":"product","link":"https:\/\/monditaly.com\/kauppa\/tuote\/viander-hieno-tomaattimurska-1ltk-3x5kg\/","title":{"rendered":"Viander hieno tomaattimurska 1ltk (3 x 5kg)"},"content":{"rendered":"<h3>Ainesosat \/ Ingredienser:<\/h3>\n<p>Tomaattimurska, tomaattisose.<\/p>\n<p>Tomattpressmassa, tomatpur\u00e9.<\/p>\n<h3>Ravintoarvot per 100g \/ N\u00e4ringsv\u00e4rde per 100g:<\/h3>\n<p>Energia \/ Energi 119 kJ \/ 28 kcal<br \/>\nRasva \/ Fett 0,0 g<br \/>\njosta tyydyttynytt\u00e4 \/ varav m\u00e4ttade 0,0 g<br \/>\nHiilihydraatit \/ Kolhydrat 5,0 g<br \/>\njoista sokereita \/ varav sockerarter 3,4 g<br \/>\nKuitu \/ Fiber 1,1 g<br \/>\nProteiini \/ Protein 1,5 g<br \/>\nSuola \/ Salt &lt;0,01 g<\/p>\n","protected":false},"excerpt":{"rendered":"<p>Hieno tomaattimurska, joka on saatu pelk\u00e4st\u00e4\u00e4n Italiassa viljellyist\u00e4 tuoretomaateista. S\u00e4ilytett\u00e4v\u00e4 kuivassa paikassa l\u00e4mm\u00f6lt\u00e4 suojattuna. S\u00e4ilyt\u00e4 avattu pakkaus j\u00e4\u00e4kaapissa ja k\u00e4yt\u00e4 kolmen p\u00e4iv\u00e4n sis\u00e4ll\u00e4.<\/p>\n<p>Fine crushed tomatoes.<\/p>\n","protected":false},"featured_media":504,"template":"","meta":[],"product_brand":[],"product_cat":[46,70,97],"product_tag":[315,98,175,176],"class_list":{"0":"post-512","1":"product","2":"type-product","3":"status-publish","4":"has-post-thumbnail","6":"product_cat-teolliset_elintarvikkeet","7":"product_cat-sailykkeet-horeca","8":"product_cat-tomaatti-horeca","9":"product_tag-pulp","10":"product_tag-tomaatti","11":"product_tag-tomaattimurska","12":"product_tag-tomato","13":"product_shipping_class-horeca","15":"first","16":"instock","17":"taxable","18":"shipping-taxable","19":"product-type-simple"},"_links":{"self":[{"href":"https:\/\/monditaly.com\/kauppa\/wp-json\/wp\/v2\/product\/512","targetHints":{"allow":["GET"]}}],"collection":[{"href":"https:\/\/monditaly.com\/kauppa\/wp-json\/wp\/v2\/product"}],"about":[{"href":"https:\/\/monditaly.com\/kauppa\/wp-json\/wp\/v2\/types\/product"}],"wp:featuredmedia":[{"embeddable":true,"href":"https:\/\/monditaly.com\/kauppa\/wp-json\/wp\/v2\/media\/504"}],"wp:attachment":[{"href":"https:\/\/monditaly.com\/kauppa\/wp-json\/wp\/v2\/media?parent=512"}],"wp:term":[{"taxonomy":"product_brand","embeddable":true,"href":"https:\/\/monditaly.com\/kauppa\/wp-json\/wp\/v2\/product_brand?post=512"},{"taxonomy":"product_cat","embeddable":true,"href":"https:\/\/monditaly.com\/kauppa\/wp-json\/wp\/v2\/product_cat?post=512"},{"taxonomy":"product_tag","embeddable":true,"href":"https:\/\/monditaly.com\/kauppa\/wp-json\/wp\/v2\/product_tag?post=512"}],"curies":[{"name":"wp","href":"https:\/\/api.w.org\/{rel}","templated":true}]}}