{"id":513,"date":"2021-05-04T13:48:08","date_gmt":"2021-05-04T10:48:08","guid":{"rendered":"https:\/\/monditaly.com\/kauppa\/?post_type=product&#038;p=513"},"modified":"2025-08-13T09:02:09","modified_gmt":"2025-08-13T06:02:09","slug":"greci-kuivattu-chilipaprikanauha-1ltk-100g-x-2-kpl","status":"publish","type":"product","link":"https:\/\/monditaly.com\/kauppa\/tuote\/greci-kuivattu-chilipaprikanauha-1ltk-100g-x-2-kpl\/","title":{"rendered":"Greci kuivattu chilipaprikanauha 1ltk (100g x 2 kpl)"},"content":{"rendered":"<h3>Ainesosat \/ Ingredienser:<\/h3>\n<p>Chilipaprika.<\/p>\n<p>Chilipeppar.<\/p>\n<h3>Ravintoarvot per 100g \/ N\u00e4ringsv\u00e4rde per 100g:<\/h3>\n<p>Energia \/ Energi 711 kJ \/ 170 kcal<br \/>\nRasva \/ Fett 3,0 g<br \/>\njosta tyydyttynytt\u00e4 \/ varav m\u00e4ttade 0,6 g<br \/>\nHiilihydraatit \/ Kolhydrat 46 g<br \/>\njoista sokereita \/ varav sockerarter 25,2 g<br \/>\nKuitu \/ Fiber 13 g<br \/>\nProteiini \/ Protein 11 g<br \/>\nSuola \/ Salt 0,18 g<\/p>\n","protected":false},"excerpt":{"rendered":"<p><strong>Tuote myyd\u00e4\u00e4n myyntier\u00e4n\u00e4 1 ltk (2 kpl). \/ Sales unit 1 box (2 pcs). <\/strong><\/p>\n<p>K\u00e4ytt\u00f6valmiit nauhat, jotka tuovat v\u00e4ri\u00e4 ja tulisuutta annoksiin. Valmistettu miedosta ja ohuesta chilityypist\u00e4. Toimivat vaihtoehtona sahramille. Kokeile my\u00f6s suklaan parina.<\/p>\n<p>Ready-to-use strips; ideal decoration to add a coloured and spicy touch to the chef&#8217;s creative preparations (as an alternative to saffron).<\/p>\n","protected":false},"featured_media":506,"template":"","meta":[],"product_brand":[],"product_cat":[46,110,70,81],"product_tag":[101,136,137,112,133],"class_list":{"0":"post-513","1":"product","2":"type-product","3":"status-publish","4":"has-post-thumbnail","6":"product_cat-teolliset_elintarvikkeet","7":"product_cat-horeca-teolliset-elintarvikkeet","8":"product_cat-sailykkeet-horeca","9":"product_cat-vihannekset-horeca","10":"product_tag-chili","11":"product_tag-chilipepper","12":"product_tag-dried","13":"product_tag-peperoncino","14":"product_tag-pepper","15":"product_shipping_class-horeca","17":"first","18":"instock","19":"taxable","20":"shipping-taxable","21":"product-type-simple"},"_links":{"self":[{"href":"https:\/\/monditaly.com\/kauppa\/wp-json\/wp\/v2\/product\/513","targetHints":{"allow":["GET"]}}],"collection":[{"href":"https:\/\/monditaly.com\/kauppa\/wp-json\/wp\/v2\/product"}],"about":[{"href":"https:\/\/monditaly.com\/kauppa\/wp-json\/wp\/v2\/types\/product"}],"wp:featuredmedia":[{"embeddable":true,"href":"https:\/\/monditaly.com\/kauppa\/wp-json\/wp\/v2\/media\/506"}],"wp:attachment":[{"href":"https:\/\/monditaly.com\/kauppa\/wp-json\/wp\/v2\/media?parent=513"}],"wp:term":[{"taxonomy":"product_brand","embeddable":true,"href":"https:\/\/monditaly.com\/kauppa\/wp-json\/wp\/v2\/product_brand?post=513"},{"taxonomy":"product_cat","embeddable":true,"href":"https:\/\/monditaly.com\/kauppa\/wp-json\/wp\/v2\/product_cat?post=513"},{"taxonomy":"product_tag","embeddable":true,"href":"https:\/\/monditaly.com\/kauppa\/wp-json\/wp\/v2\/product_tag?post=513"}],"curies":[{"name":"wp","href":"https:\/\/api.w.org\/{rel}","templated":true}]}}