{"id":6791,"date":"2025-05-19T13:55:37","date_gmt":"2025-05-19T10:55:37","guid":{"rendered":"https:\/\/monditaly.com\/kauppa\/?post_type=product&#038;p=6791"},"modified":"2025-05-19T14:33:46","modified_gmt":"2025-05-19T11:33:46","slug":"cgm-jattiarancini-munakoisotaytteella-180g-3kg-pakaste","status":"publish","type":"product","link":"https:\/\/monditaly.com\/kauppa\/tuote\/cgm-jattiarancini-munakoisotaytteella-180g-3kg-pakaste\/","title":{"rendered":"CGM J\u00e4ttiarancini munakoisot\u00e4ytteell\u00e4 180g, 3kg (pakaste)"},"content":{"rendered":"<h3>Ainesosat:<\/h3>\n<p class=\"p1\">Keitetty riisi 41 % [vesi, riisi 15 %, tomaattimurska, auringonkukka\u00f6ljy, kasvisliemi (suola, glukoosisiirappi, sipulijauhe, persilja, tomaattijauhe, valkosipulijauhe, ekstra-neitsytoliivi\u00f6ljy, mustapippuri), suola, luonnollinen kurkuma-uute, mustapippuri], tomaattimurska 32 %, auringonkukka\u00f6ljy, friteeratut munakoisot 6 % (munakoiso, auringonkukka\u00f6ljy), korppujauho (vehn\u00e4jauho tyyppi \u201c0\u201d, auringonkukka\u00f6ljy, hiiva, suola, kohotusaineet: ruokasooda, dinatriumdifosfaatti), mozzarella (past\u00f6roitu lehm\u00e4nmaito, suola, hapate, mikrobiologinen juoksute), Edam-juusto (past\u00f6roitu lehm\u00e4nmaito, suola, hapate, mikrobiologinen juoksute, vehn\u00e4jauho, suolattu ricotta-juusto (lampaanmaito, suola, juoksute), ekstra-neitsytoliivi\u00f6ljy, kasvisliemi (suola, glukoosisiirappi, sipulijauhe, persilja, tomaattijauhe, valkosipulijauhe, ekstra-neitsytoliivi\u00f6ljy, mustapippuri), suola, luonnollinen kurkuma-uute, mustapippuri, basilika, sokeri, mustapippuri, happamuudens\u00e4\u00e4t\u00f6aine: natriumvetykarbonaatti.<\/p>\n<h3>Ingredienser:<\/h3>\n<p class=\"p1\">Kokt ris 41 % [vatten, ris 15 %, passerade tomater, solrosolja, gr\u00f6nsaksbuljong (salt, glukossirap, l\u00f6kpulver, persilja, tomatpulver, vitl\u00f6kspulver, extra jungfruolivolja, svartpeppar), salt, naturligt gurkmejaextrakt, svartpeppar], passerade tomater 32 %, solrosolja, friterad aubergine 6 % (aubergine, solrosolja), str\u00f6br\u00f6d (VETEmj\u00f6l typ \u201c0\u201d, solrosolja, j\u00e4st, salt, j\u00e4smedel: natriumbikarbonat, dinatriumdifosfat), mozzarella (past\u00f6riserad komj\u00f6lk, salt, syrakultur, mikrobiologisk l\u00f6pe), Edam ost (past\u00f6riserad komj\u00f6lk, salt, syrakultur, mikrobiologisk l\u00f6pe), VETEmj\u00f6l, saltad ricottaost (f\u00e5rmj\u00f6lk, salt, l\u00f6pe), extra jungfruolivolja, gr\u00f6nsaksbuljong (salt, glukossirap, l\u00f6kpulver, persilja, tomatpulver, vitl\u00f6kspulver, extra jungfruolivolja, svartpeppar), salt, naturligt gurkmejaextrakt, svartpeppar, basilika, socker, svartpeppar,<br \/>\nsurhetsreglerande medel: natriumv\u00e4tekarbonat.<\/p>\n<h3>Ravintoarvot per 100g:<\/h3>\n<p>Energia \/ Energi 817 kJ \/ 195 kcal<br \/>\nRasva \/ Fett 7,8 g josta tyydyttynytt\u00e4 \/ varav m\u00e4ttade 1,7 g<br \/>\nHiilihydraatit \/ Kolhydrater 23,8 g joista sokereita \/ varav sockerarter 2,1 g<br \/>\nKuitu\/ Fiber 5,0g<br \/>\nSuola \/ Salt 0,9g<\/p>\n","protected":false},"excerpt":{"rendered":"<p class=\"p1\">Pakastettu sisilialainen erikoisuus, jossa rapean kuoren alle k\u00e4tkeytyy herkullinen riisit\u00e4yte. Makua tuovat tomaatti, juusto ja munakoiso. Pakastetut arancinit valmistuvat k\u00e4tev\u00e4sti joko uppopaistamalla, uunissa, pannulla tai air fryerissa.<\/p>\n<p>A frozen Sicilian specialty with a crispy crust hiding a delicious rice filling. The flavors come from tomato, cheese, and eggplant. Arancini can be conveniently prepared by deep-frying, baking in the oven, frying in a pan, or using an air fryer.<\/p>\n","protected":false},"featured_media":6792,"template":"","meta":[],"product_brand":[],"product_cat":[61,171,172],"product_tag":[501,502,200,504,503],"class_list":{"0":"post-6791","1":"product","2":"type-product","3":"status-publish","4":"has-post-thumbnail","6":"product_cat-pakasteet","7":"product_cat-pakasteet-horeca","8":"product_cat-pakastepizzat-ja-suolaiset-horeca","9":"product_tag-arancini","10":"product_tag-kasvisruoka","11":"product_tag-mozzarella","12":"product_tag-streetfood","13":"product_tag-vegetarian","14":"product_shipping_class-viileat-pakaste","16":"first","17":"instock","18":"taxable","19":"shipping-taxable","20":"product-type-simple"},"_links":{"self":[{"href":"https:\/\/monditaly.com\/kauppa\/wp-json\/wp\/v2\/product\/6791","targetHints":{"allow":["GET"]}}],"collection":[{"href":"https:\/\/monditaly.com\/kauppa\/wp-json\/wp\/v2\/product"}],"about":[{"href":"https:\/\/monditaly.com\/kauppa\/wp-json\/wp\/v2\/types\/product"}],"wp:featuredmedia":[{"embeddable":true,"href":"https:\/\/monditaly.com\/kauppa\/wp-json\/wp\/v2\/media\/6792"}],"wp:attachment":[{"href":"https:\/\/monditaly.com\/kauppa\/wp-json\/wp\/v2\/media?parent=6791"}],"wp:term":[{"taxonomy":"product_brand","embeddable":true,"href":"https:\/\/monditaly.com\/kauppa\/wp-json\/wp\/v2\/product_brand?post=6791"},{"taxonomy":"product_cat","embeddable":true,"href":"https:\/\/monditaly.com\/kauppa\/wp-json\/wp\/v2\/product_cat?post=6791"},{"taxonomy":"product_tag","embeddable":true,"href":"https:\/\/monditaly.com\/kauppa\/wp-json\/wp\/v2\/product_tag?post=6791"}],"curies":[{"name":"wp","href":"https:\/\/api.w.org\/{rel}","templated":true}]}}