{"id":6800,"date":"2025-05-19T14:33:55","date_gmt":"2025-05-19T11:33:55","guid":{"rendered":"https:\/\/monditaly.com\/kauppa\/?post_type=product&#038;p=6800"},"modified":"2025-05-19T14:45:26","modified_gmt":"2025-05-19T11:45:26","slug":"cgm-arancini-pinaatti-savu-provola-5x1-kg-pakaste","status":"publish","type":"product","link":"https:\/\/monditaly.com\/kauppa\/tuote\/cgm-arancini-pinaatti-savu-provola-5x1-kg-pakaste\/","title":{"rendered":"CGM Arancini pinaatti savu-Provola  5&#215;1 kg (pakaste)"},"content":{"rendered":"<h3>Ainesosat:<\/h3>\n<p class=\"p1\">Riisi, korppujauho (vehn\u00e4jauho, suola, hiiva, paprikajauhe, kurkumajauhe, maissijauho), provola-juusto 12 % (past\u00f6roitu lehm\u00e4nmaito, kasvipohjainen juoksute, suola, hapate, savuaromi), pinaatti 11 %, juusto (maito, suola, kasvipohjainen juoksute), ricotta 8 % (past\u00f6roitu hera, joka on saatu kasvipohjaisella juoksutteella, suola, happamuudens\u00e4\u00e4t\u00f6aine), vehn\u00e4jauho tyyppi \u201d0\u201d, auringonkukka\u00f6ljy, luonnollinen aromi, suola, pippuri.<\/p>\n<h3>Ingredienser:<\/h3>\n<p class=\"p1\">Ris, str\u00f6br\u00f6d (vetemj\u00f6l, salt, j\u00e4st, paprikapulver, gurkmejapulver, majsmj\u00f6l), provolaost 12 % (past\u00f6riserad komj\u00f6lk, vegetabiliskt l\u00f6pe, salt, syrakultur, r\u00f6karom), spenat 11 %, ost (mj\u00f6lk, salt, vegetabiliskt l\u00f6pe), ricotta 8 % (past\u00f6riserad vassla erh\u00e5llen genom koagulering med vegetabiliskt l\u00f6pe, salt, surhetsreglerande medel), vetemj\u00f6l typ \u201d0\u201d, solrosolja, naturlig arom, salt, peppar.<\/p>\n<h3>Ravintoarvot per 100g:<\/h3>\n<p>Energia \/ Energi 1006 kJ \/ 239 kcal<br \/>\nRasva \/ Fett 8,6g, josta tyydyttynytt\u00e4 \/ varav m\u00e4ttade 2,8g<br \/>\nHiilihydraatit \/ Kolhydrater 31,9 g joista sokereita \/ varav sockerarter 3,1 g<br \/>\nProteiini\/ Protein 7,5g<br \/>\nKuitu\/ Fiber 2,2g<br \/>\nSuola \/ Salt 1,89 g<\/p>\n","protected":false},"excerpt":{"rendered":"<p class=\"p1\">Pakastettu sisilialainen erikoisuus, jossa rapean kuoren alle k\u00e4tkeytyy herkullinen riisit\u00e4yte. Makua t\u00e4ytteeseen tuovat pinaatti, ricotta ja savustettu Provola-juusto. Arancinit valmistuvat k\u00e4tev\u00e4sti joko uppopaistamalla, uunissa, pannulla tai air fryerissa.<\/p>\n<p>A frozen Sicilian specialty featuring a crispy crust that hides a delicious rice filling. The filling is flavored with spinach, ricotta, and smoked Provola cheese. Arancini can be conveniently prepared by deep-frying, baking in the oven, frying in a pan, or using an air fryer.<\/p>\n","protected":false},"featured_media":6795,"template":"","meta":[],"product_brand":[],"product_cat":[61,171,172],"product_tag":[501,502,505,125,504,503],"class_list":{"0":"post-6800","1":"product","2":"type-product","3":"status-publish","4":"has-post-thumbnail","6":"product_cat-pakasteet","7":"product_cat-pakasteet-horeca","8":"product_cat-pakastepizzat-ja-suolaiset-horeca","9":"product_tag-arancini","10":"product_tag-kasvisruoka","11":"product_tag-provola","12":"product_tag-ricotta","13":"product_tag-streetfood","14":"product_tag-vegetarian","15":"product_shipping_class-viileat-pakaste","17":"first","18":"instock","19":"taxable","20":"shipping-taxable","21":"product-type-simple"},"_links":{"self":[{"href":"https:\/\/monditaly.com\/kauppa\/wp-json\/wp\/v2\/product\/6800","targetHints":{"allow":["GET"]}}],"collection":[{"href":"https:\/\/monditaly.com\/kauppa\/wp-json\/wp\/v2\/product"}],"about":[{"href":"https:\/\/monditaly.com\/kauppa\/wp-json\/wp\/v2\/types\/product"}],"wp:featuredmedia":[{"embeddable":true,"href":"https:\/\/monditaly.com\/kauppa\/wp-json\/wp\/v2\/media\/6795"}],"wp:attachment":[{"href":"https:\/\/monditaly.com\/kauppa\/wp-json\/wp\/v2\/media?parent=6800"}],"wp:term":[{"taxonomy":"product_brand","embeddable":true,"href":"https:\/\/monditaly.com\/kauppa\/wp-json\/wp\/v2\/product_brand?post=6800"},{"taxonomy":"product_cat","embeddable":true,"href":"https:\/\/monditaly.com\/kauppa\/wp-json\/wp\/v2\/product_cat?post=6800"},{"taxonomy":"product_tag","embeddable":true,"href":"https:\/\/monditaly.com\/kauppa\/wp-json\/wp\/v2\/product_tag?post=6800"}],"curies":[{"name":"wp","href":"https:\/\/api.w.org\/{rel}","templated":true}]}}