{"id":6802,"date":"2025-05-19T14:51:50","date_gmt":"2025-05-19T11:51:50","guid":{"rendered":"https:\/\/monditaly.com\/kauppa\/?post_type=product&#038;p=6802"},"modified":"2025-05-19T14:59:06","modified_gmt":"2025-05-19T11:59:06","slug":"cgm-friteeratut-kesakurpitsankukat-2x2kg-pakaste","status":"publish","type":"product","link":"https:\/\/monditaly.com\/kauppa\/tuote\/cgm-friteeratut-kesakurpitsankukat-2x2kg-pakaste\/","title":{"rendered":"CGM Friteeratut kes\u00e4kurpitsankukat 2x2kg (pakaste)"},"content":{"rendered":"<h3>Ainesosat:<\/h3>\n<p class=\"p1\">Taikina 50\u202f% (<strong>vehn\u00e4<\/strong>jauho, vesi, suola, luonnollinen hiiva), mozzarella 24\u202f% (past\u00f6roitu <strong>maito<\/strong>, suola, juoksute, hapate, happamuudens\u00e4\u00e4t\u00f6aine: sitruunahappo), kes\u00e4kurpitsankukat 20\u202f%, <strong>anjovis<\/strong> 4\u202f% (<i>Engraulis encrasicolus<\/i>, pyydetty V\u00e4limerelt\u00e4 FAO 37.1 \u2013 37.2 \u2013 37.3), auringonkukka\u00f6ljy.<\/p>\n<h3>Ingredienser:<\/h3>\n<p class=\"p1\">Frityrsmet 50\u202f% (<strong>VETE<\/strong>mj\u00f6l, vatten, salt, naturlig j\u00e4st), mozzarella 24\u202f% (past\u00f6riserad <strong>mj\u00f6lk<\/strong>, salt, l\u00f6pe, syrakultur, surhetsreglerande medel: citronsyra), zucchiniblommor 20\u202f%, <strong>ansjovis<\/strong> 4\u202f% (<i>Engraulis encrasicolus<\/i>, f\u00e5ngad i Medelhavet FAO 37.1 \u2013 37.2 \u2013 37.3), solrosolja.<\/p>\n<h3>Ravintoarvot per 100g:<\/h3>\n<p>Energia \/ Energi 953 kJ \/ 228 kcal<br \/>\nRasva \/ Fett 9,3g, josta tyydyttynytt\u00e4 \/ varav m\u00e4ttade 3,9g<br \/>\nHiilihydraatit \/ Kolhydrater 26,7 g joista sokereita \/ varav sockerarter 2,6 g<br \/>\nProteiini\/ Protein 7,2g<br \/>\nKuitu\/ Fiber 4,1g<br \/>\nSuola \/ Salt 0,81 g<\/p>\n","protected":false},"excerpt":{"rendered":"<p class=\"p1\">Pakastetut, t\u00e4ytetyt kes\u00e4kurpitsan kukat herkullisella mozzarella-anjovist\u00e4ytteell\u00e4. Nopeat viimeistell\u00e4 tarjoiluvalmiiksi joko uunissa, pannulla, rasvakeittimess\u00e4 tai air fryerissa. Sis\u00e4lt\u00e4\u00e4 kalaa.<\/p>\n<p>Frozen zucchini flowers stuffed with a delicious mozzarella and anchovy filling. Quick and easy to finish for serving in the oven, in a pan, deep fryer, or air fryer. Contains fish.<\/p>\n","protected":false},"featured_media":6798,"template":"","meta":[],"product_brand":[],"product_cat":[61,171,172],"product_tag":[312,311,509,200,504,134],"class_list":{"0":"post-6802","1":"product","2":"type-product","3":"status-publish","4":"has-post-thumbnail","6":"product_cat-pakasteet","7":"product_cat-pakasteet-horeca","8":"product_cat-pakastepizzat-ja-suolaiset-horeca","9":"product_tag-anchovies","10":"product_tag-anjovis","11":"product_tag-kesakurpitsa","12":"product_tag-mozzarella","13":"product_tag-streetfood","14":"product_tag-zucchini","15":"product_shipping_class-viileat-pakaste","17":"first","18":"instock","19":"taxable","20":"shipping-taxable","21":"product-type-simple"},"_links":{"self":[{"href":"https:\/\/monditaly.com\/kauppa\/wp-json\/wp\/v2\/product\/6802","targetHints":{"allow":["GET"]}}],"collection":[{"href":"https:\/\/monditaly.com\/kauppa\/wp-json\/wp\/v2\/product"}],"about":[{"href":"https:\/\/monditaly.com\/kauppa\/wp-json\/wp\/v2\/types\/product"}],"wp:featuredmedia":[{"embeddable":true,"href":"https:\/\/monditaly.com\/kauppa\/wp-json\/wp\/v2\/media\/6798"}],"wp:attachment":[{"href":"https:\/\/monditaly.com\/kauppa\/wp-json\/wp\/v2\/media?parent=6802"}],"wp:term":[{"taxonomy":"product_brand","embeddable":true,"href":"https:\/\/monditaly.com\/kauppa\/wp-json\/wp\/v2\/product_brand?post=6802"},{"taxonomy":"product_cat","embeddable":true,"href":"https:\/\/monditaly.com\/kauppa\/wp-json\/wp\/v2\/product_cat?post=6802"},{"taxonomy":"product_tag","embeddable":true,"href":"https:\/\/monditaly.com\/kauppa\/wp-json\/wp\/v2\/product_tag?post=6802"}],"curies":[{"name":"wp","href":"https:\/\/api.w.org\/{rel}","templated":true}]}}