{"id":687,"date":"2021-05-31T09:39:37","date_gmt":"2021-05-31T06:39:37","guid":{"rendered":"https:\/\/monditaly.com\/kauppa\/?post_type=product&#038;p=687"},"modified":"2025-10-30T10:15:00","modified_gmt":"2025-10-30T08:15:00","slug":"rocca-sila-nduja-salami-400g","status":"publish","type":"product","link":"https:\/\/monditaly.com\/kauppa\/tuote\/rocca-sila-nduja-salami-400g\/","title":{"rendered":"Rocca Sila &#8216;Nduja salami n. 400g"},"content":{"rendered":"<h3>Ainesosat:<\/h3>\n<p>Porsaan vatsa, porsaan rasva, Calabrian punainen chilipaprika (2,5%), suola, mausteet, makuaineet, pippuri, panimosokeri (dekstroosi), sakkaroosi, mustapippuri, hapettumisenestoaine: natriumaskorbaatti (E301), s\u00e4il\u00f6nt\u00e4aineet: kaliumnitraatti (E252), natriumnitriitti (E250), savuaromi.<\/p>\n<p>Sidfl\u00e4sk, fl\u00e4skfet, r\u00f6d Calabrian chili (2,5%), salt, kryddor, arom\u00e4mne, peppar, druvsocker, r\u00f6rsocker, svartpeppar, antioxidant: natriumaskorbat (E301), konserveringsmedel: kaliumnitrat (E252), natriumnitrit (E250), r\u00f6k arom.<\/p>\n<h3>Ravintoarvot per 100g:<\/h3>\n<p>100 g sis\u00e4lt\u00e4\u00e4 87 g sianlihaa \/ 100 g ing\u00e5r 87 g fl\u00e4skk\u00f6tt<br \/>\nEnergia \/ Energi 2127 kJ \/ 515 Kcal<br \/>\nRasva \/ Fett 51,0 g, joista tyydyttyneit\u00e4 \/ varav m\u00e4ttade 22,0 g<br \/>\nHiilihydraatit \/ Kolhydrater 1,1 g, joista sokereita \/ varav sockerarter 0,8 g<br \/>\nProteiini \/ Protein 13,0 g<br \/>\nKuitu \/ Fiber 0,0 g<br \/>\nSuola \/ Salt 2,60 g<\/p>\n<p>&nbsp;<\/p>\n","protected":false},"excerpt":{"rendered":"<p>Tulinen salamilevite. S\u00e4ilytys 0 \/ +4\u00b0C.<\/p>\n<p>Mixture of belly, finely ground, added to a mixture of salt, herbs and selected spices, well blended in order to obtain a homogeneous mixture. The product is stuffed and seasoned for about 20-25 days and then put under vacuum.<\/p>\n","protected":false},"featured_media":1282,"template":"","meta":[],"product_brand":[],"product_cat":[196,36,163,165,166],"product_tag":[128,120],"class_list":{"0":"post-687","1":"product","2":"type-product","3":"status-publish","4":"has-post-thumbnail","6":"product_cat-kilokauppa","7":"product_cat-viileat","8":"product_cat-viileat-horeca","9":"product_cat-lihat-horeca","10":"product_cat-salamit-ja-kinkut-horeca","11":"product_tag-nduja","12":"product_tag-salami","13":"product_shipping_class-viileat-pakaste","15":"first","16":"instock","17":"taxable","18":"shipping-taxable","19":"product-type-simple"},"_links":{"self":[{"href":"https:\/\/monditaly.com\/kauppa\/wp-json\/wp\/v2\/product\/687","targetHints":{"allow":["GET"]}}],"collection":[{"href":"https:\/\/monditaly.com\/kauppa\/wp-json\/wp\/v2\/product"}],"about":[{"href":"https:\/\/monditaly.com\/kauppa\/wp-json\/wp\/v2\/types\/product"}],"wp:featuredmedia":[{"embeddable":true,"href":"https:\/\/monditaly.com\/kauppa\/wp-json\/wp\/v2\/media\/1282"}],"wp:attachment":[{"href":"https:\/\/monditaly.com\/kauppa\/wp-json\/wp\/v2\/media?parent=687"}],"wp:term":[{"taxonomy":"product_brand","embeddable":true,"href":"https:\/\/monditaly.com\/kauppa\/wp-json\/wp\/v2\/product_brand?post=687"},{"taxonomy":"product_cat","embeddable":true,"href":"https:\/\/monditaly.com\/kauppa\/wp-json\/wp\/v2\/product_cat?post=687"},{"taxonomy":"product_tag","embeddable":true,"href":"https:\/\/monditaly.com\/kauppa\/wp-json\/wp\/v2\/product_tag?post=687"}],"curies":[{"name":"wp","href":"https:\/\/api.w.org\/{rel}","templated":true}]}}