{"id":6992,"date":"2025-06-24T14:21:58","date_gmt":"2025-06-24T11:21:58","guid":{"rendered":"https:\/\/monditaly.com\/kauppa\/?post_type=product&#038;p=6992"},"modified":"2026-02-05T10:55:11","modified_gmt":"2026-02-05T08:55:11","slug":"greci-sipulit-balsamico-viinietikassa-840g-1ltk-840g-x-6-kpl","status":"publish","type":"product","link":"https:\/\/monditaly.com\/kauppa\/tuote\/greci-sipulit-balsamico-viinietikassa-840g-1ltk-840g-x-6-kpl\/","title":{"rendered":"Greci Sipulit Modenan balsamiviinietikassa 840g 1ltk (840g x 6 kpl)"},"content":{"rendered":"<h3>Ainesosat \/ Ingredienser:<br \/>\nSipuli (71%), vesi, sokeri, Modenan IGP balsamiviinietikka (viinietikka, ryp\u00e4letiivistemehu, v\u00e4riaine: karamelli (4%), auringonkukka\u00f6ljy, viinietikka, suola, happamuudens\u00e4\u00e4t\u00f6aine: sitruunahappo.<br \/>\nL\u00f6k (71%), vatten, socker, Modena IGP balsamic vin\u00e4ger (vin\u00e4ger, druvmust, f\u00e4rg\u00e4mne: caramel (4%), solrosolja, salt, vin\u00e4ger, surhetsreglerande medel: citronsyra.<\/h3>\n<h3>Ravintoarvot per 100g \/ N\u00e4ringsv\u00e4rde per 100g:<\/h3>\n<p>Energia \/ Energi 59kJ\/142 kcal<br \/>\nRasva \/ Fett 2,7g<br \/>\njosta tyydyttynytt\u00e4 0,3g<br \/>\nHiilihydraatit \/ Kolhydater 26,1g<br \/>\njoista sokereita \/ varav sockerarter 25,3g<br \/>\nProteiini \/ Protein 2,9g<br \/>\nKuitu\/ Fiber 0,0g<br \/>\nSuola \/ Salt 1,7g<\/p>\n","protected":false},"excerpt":{"rendered":"<p><strong>Tuote myyd\u00e4\u00e4n myyntier\u00e4n\u00e4 1 ltk (6 kpl). \/ Sales unit 1 box (6 pcs).<\/strong><\/p>\n<p>Ensiluokkaiset Borettane-sipulit (litte\u00e4t sipulit) keitetty hapanimel\u00e4ss\u00e4 kastikkeessa, jossa perinteist\u00e4 Modenan IGP Balsamiviinietikkaa.<\/p>\n<p>Whole Borettane onions in Modena balsamic vinegar IGP.<\/p>\n","protected":false},"featured_media":6998,"template":"","meta":[],"product_brand":[],"product_cat":[46,70,81],"product_tag":[142,141,84],"class_list":{"0":"post-6992","1":"product","2":"type-product","3":"status-publish","4":"has-post-thumbnail","6":"product_cat-teolliset_elintarvikkeet","7":"product_cat-sailykkeet-horeca","8":"product_cat-vihannekset-horeca","9":"product_tag-cipolline","10":"product_tag-cippolino","11":"product_tag-sipuli","12":"product_shipping_class-horeca","14":"first","15":"onbackorder","16":"taxable","17":"shipping-taxable","18":"product-type-simple"},"_links":{"self":[{"href":"https:\/\/monditaly.com\/kauppa\/wp-json\/wp\/v2\/product\/6992","targetHints":{"allow":["GET"]}}],"collection":[{"href":"https:\/\/monditaly.com\/kauppa\/wp-json\/wp\/v2\/product"}],"about":[{"href":"https:\/\/monditaly.com\/kauppa\/wp-json\/wp\/v2\/types\/product"}],"wp:featuredmedia":[{"embeddable":true,"href":"https:\/\/monditaly.com\/kauppa\/wp-json\/wp\/v2\/media\/6998"}],"wp:attachment":[{"href":"https:\/\/monditaly.com\/kauppa\/wp-json\/wp\/v2\/media?parent=6992"}],"wp:term":[{"taxonomy":"product_brand","embeddable":true,"href":"https:\/\/monditaly.com\/kauppa\/wp-json\/wp\/v2\/product_brand?post=6992"},{"taxonomy":"product_cat","embeddable":true,"href":"https:\/\/monditaly.com\/kauppa\/wp-json\/wp\/v2\/product_cat?post=6992"},{"taxonomy":"product_tag","embeddable":true,"href":"https:\/\/monditaly.com\/kauppa\/wp-json\/wp\/v2\/product_tag?post=6992"}],"curies":[{"name":"wp","href":"https:\/\/api.w.org\/{rel}","templated":true}]}}