{"id":7015,"date":"2025-06-26T11:43:13","date_gmt":"2025-06-26T08:43:13","guid":{"rendered":"https:\/\/monditaly.com\/kauppa\/?post_type=product&#038;p=7015"},"modified":"2025-08-11T10:31:14","modified_gmt":"2025-08-11T07:31:14","slug":"vera-italia-special-pizzajauhomix-25kg-kopio","status":"publish","type":"product","link":"https:\/\/monditaly.com\/kauppa\/tuote\/vera-italia-special-pizzajauhomix-25kg-kopio\/","title":{"rendered":"Nostatusaine nuage 500g"},"content":{"rendered":"<h3>Ainesosat \/ Ingredienser:<\/h3>\n<p>&nbsp;<\/p>\n<h3>Ravintoarvot per 100g \/ N\u00e4ringsv\u00e4rde per 100g:<\/h3>\n<p>Energia \/ Energy<br \/>\nRasva \/ Fett<br \/>\nHiilihydraatit \/ Kolhydrater<br \/>\nKuitu \/ Fiber<br \/>\nProteiini \/ Protein<br \/>\nSuola \/ Salt<\/p>\n","protected":false},"excerpt":{"rendered":"<p class=\"p1\">Molino Pasinin kuivahiiva on loistava valinta pizzan valmistukseen. Hiiva on pakattu 500 g:n pakkaukseen. S\u00e4ilyt\u00e4 viile\u00e4ss\u00e4 ja kuivassa paikassa k\u00e4ytt\u00f6kertojen v\u00e4lill\u00e4. Jos olet tottunut k\u00e4ytt\u00e4m\u00e4\u00e4n tuorehiivaa, k\u00e4yt\u00e4 Molino Pasinin &#8220;nuage&#8221;-kuivahiivaa seuraavasti: 100 g tuorehiivaa = 60 g nuage-hiivaa.<\/p>\n<p class=\"p1\">Molino Pasini\u2019s dried yeast is just what you need for making pizzas from scratch. The instant dried yeast can be added directly to flour, salt and olive oil to create a dough which needs to be kneaded and left to prove before baking. This yeast comes in a 500g packet, but use the amount specified in your recipe. Be sure to keep in a cool, dry place between uses. If you are used to working with fresh yeast, Molino Pasini\u2019s \u2018nuage\u2019 dried yeast has the following comparison: 100g fresh yeast = 60g nuage yeast.<\/p>\n","protected":false},"featured_media":7414,"template":"","meta":[],"product_brand":[],"product_cat":[196,46,110,74,156],"product_tag":[202,80],"class_list":{"0":"post-7015","1":"product","2":"type-product","3":"status-publish","4":"has-post-thumbnail","6":"product_cat-kilokauppa","7":"product_cat-teolliset_elintarvikkeet","8":"product_cat-horeca-teolliset-elintarvikkeet","9":"product_cat-kuivat-elintarvikkeet-horeca","10":"product_cat-jauhot-horeca","11":"product_tag-flour","12":"product_tag-pizza","13":"product_shipping_class-horeca","15":"first","16":"instock","17":"taxable","18":"shipping-taxable","19":"product-type-simple"},"_links":{"self":[{"href":"https:\/\/monditaly.com\/kauppa\/wp-json\/wp\/v2\/product\/7015","targetHints":{"allow":["GET"]}}],"collection":[{"href":"https:\/\/monditaly.com\/kauppa\/wp-json\/wp\/v2\/product"}],"about":[{"href":"https:\/\/monditaly.com\/kauppa\/wp-json\/wp\/v2\/types\/product"}],"wp:featuredmedia":[{"embeddable":true,"href":"https:\/\/monditaly.com\/kauppa\/wp-json\/wp\/v2\/media\/7414"}],"wp:attachment":[{"href":"https:\/\/monditaly.com\/kauppa\/wp-json\/wp\/v2\/media?parent=7015"}],"wp:term":[{"taxonomy":"product_brand","embeddable":true,"href":"https:\/\/monditaly.com\/kauppa\/wp-json\/wp\/v2\/product_brand?post=7015"},{"taxonomy":"product_cat","embeddable":true,"href":"https:\/\/monditaly.com\/kauppa\/wp-json\/wp\/v2\/product_cat?post=7015"},{"taxonomy":"product_tag","embeddable":true,"href":"https:\/\/monditaly.com\/kauppa\/wp-json\/wp\/v2\/product_tag?post=7015"}],"curies":[{"name":"wp","href":"https:\/\/api.w.org\/{rel}","templated":true}]}}