{"id":7018,"date":"2025-06-26T14:03:06","date_gmt":"2025-06-26T11:03:06","guid":{"rendered":"https:\/\/monditaly.com\/kauppa\/?post_type=product&#038;p=7018"},"modified":"2025-07-14T12:33:54","modified_gmt":"2025-07-14T09:33:54","slug":"vihannessekoitus-grillattu","status":"publish","type":"product","link":"https:\/\/monditaly.com\/kauppa\/tuote\/vihannessekoitus-grillattu\/","title":{"rendered":"Vihannessekoitus Grillattu"},"content":{"rendered":"<h3>Ainesosat \/ Ingredienser:<\/h3>\n<h3><\/h3>\n<h3>Ravintoarvot per 100g \/ N\u00e4ringsv\u00e4rde per 100g:<\/h3>\n<p>Energia \/ Energi<br \/>\nRasva \/ Fett<br \/>\nHiilihydraatit \/ Kolhydrater<br \/>\nProteiini \/ Protein<br \/>\nSuola \/ Salt<\/p>\n","protected":false},"excerpt":{"rendered":"<p>Sekoitus vihanneksia, jotka on paloiteltu tasaisesti, s\u00e4il\u00f6tty auringonkukka\u00f6ljyyn ja pakattu alumiinipussiin. Tuote on past\u00f6roitu F85&gt;30, joka takaa tuotteen steriiliyden.<\/p>\n<p>A mixture of vegetables that have been chopped evenly, preserved in sunflower oil and packed in an aluminum bag. The product is pasteurized F85&gt;30, which guarantees the sterility of the product.<\/p>\n","protected":false},"featured_media":7022,"template":"","meta":[],"product_brand":[],"product_cat":[46,110,70,81],"product_tag":[421],"class_list":{"0":"post-7018","1":"product","2":"type-product","3":"status-publish","4":"has-post-thumbnail","6":"product_cat-teolliset_elintarvikkeet","7":"product_cat-horeca-teolliset-elintarvikkeet","8":"product_cat-sailykkeet-horeca","9":"product_cat-vihannekset-horeca","10":"product_tag-vegetables","11":"product_shipping_class-horeca","13":"first","14":"instock","15":"taxable","16":"shipping-taxable","17":"product-type-simple"},"_links":{"self":[{"href":"https:\/\/monditaly.com\/kauppa\/wp-json\/wp\/v2\/product\/7018","targetHints":{"allow":["GET"]}}],"collection":[{"href":"https:\/\/monditaly.com\/kauppa\/wp-json\/wp\/v2\/product"}],"about":[{"href":"https:\/\/monditaly.com\/kauppa\/wp-json\/wp\/v2\/types\/product"}],"wp:featuredmedia":[{"embeddable":true,"href":"https:\/\/monditaly.com\/kauppa\/wp-json\/wp\/v2\/media\/7022"}],"wp:attachment":[{"href":"https:\/\/monditaly.com\/kauppa\/wp-json\/wp\/v2\/media?parent=7018"}],"wp:term":[{"taxonomy":"product_brand","embeddable":true,"href":"https:\/\/monditaly.com\/kauppa\/wp-json\/wp\/v2\/product_brand?post=7018"},{"taxonomy":"product_cat","embeddable":true,"href":"https:\/\/monditaly.com\/kauppa\/wp-json\/wp\/v2\/product_cat?post=7018"},{"taxonomy":"product_tag","embeddable":true,"href":"https:\/\/monditaly.com\/kauppa\/wp-json\/wp\/v2\/product_tag?post=7018"}],"curies":[{"name":"wp","href":"https:\/\/api.w.org\/{rel}","templated":true}]}}