{"id":7113,"date":"2025-07-01T13:36:51","date_gmt":"2025-07-01T10:36:51","guid":{"rendered":"https:\/\/monditaly.com\/kauppa\/?post_type=product&#038;p=7113"},"modified":"2025-07-28T12:41:53","modified_gmt":"2025-07-28T09:41:53","slug":"viander-sitruspesto-6-x-580g","status":"publish","type":"product","link":"https:\/\/monditaly.com\/kauppa\/tuote\/viander-sitruspesto-6-x-580g\/","title":{"rendered":"Viander Sitruspesto 580g (ME 6 kpl)"},"content":{"rendered":"<h3>Ainesosat \/ Ingredienser:<\/h3>\n<p><span style=\"font-size: 20.16px; color: #333333;\">Ravintoarvot per 100g \/ N\u00e4ringsv\u00e4rde per 100g:<\/span><\/p>\n<p class=\"p1\">Energia\/ Energi<br \/>\nRasva\/ Fett<br \/>\njoista tyydyttyneit\u00e4\/ varav m\u00e4ttat<br \/>\nHiilihydraatit\/ Kolhydrater<br \/>\njoista sokereita\/ varav sockerarter<br \/>\nProteiini\/ Protein<br \/>\nSuola\/ Salt<\/p>\n","protected":false},"excerpt":{"rendered":"<p>Herkullinen sitruspesto on valmistettu appelsiinin hedelm\u00e4lihasta ja kuoresta, sitruunankuoresta sek\u00e4 paahdetuista manteleista. Tuote ei sis\u00e4ll\u00e4 juustoa. Soveltuu erinomaisesti k\u00e4ytett\u00e4v\u00e4ksi pizzoissa, pastaruoissa ja risotoissa. Sopii my\u00f6s raakojen vihannesten tai kalan kanssa. Lis\u00e4\u00e4m\u00e4ll\u00e4 nestett\u00e4 siit\u00e4 saa maukkaan ja aromaattisen kastikkeen.<\/p>\n<p>Tillverkad av apelsink\u00f6tt och skal, citronzest och rostade mandlar. Peston inneh\u00e5ller ingen ost. Passar utm\u00e4rkt som topping p\u00e5 pizza, pasta eller risotto. Utm\u00e4rkt \u00e4ven med r\u00e5a gr\u00f6nsaker eller fisk. Utsp\u00e4dd ger den en aromatisk och smakrik dressing.<\/p>\n<p>Made from orange pulp and peel, lemon zest, and toasted almonds. Pesto contains no cheese. Ideal as a topping for pizzas, pasta dishes and risottos. Excellent with raw vegetables or fish. When diluted, it makes an aromatic and tasty dressing.<\/p>\n","protected":false},"featured_media":7121,"template":"","meta":[],"product_brand":[],"product_cat":[46,110,70,94],"product_tag":[542,453,541,540],"class_list":{"0":"post-7113","1":"product","2":"type-product","3":"status-publish","4":"has-post-thumbnail","6":"product_cat-teolliset_elintarvikkeet","7":"product_cat-horeca-teolliset-elintarvikkeet","8":"product_cat-sailykkeet-horeca","9":"product_cat-tahnat-horeca","10":"product_tag-lemon","11":"product_tag-pesto","12":"product_tag-sitruspesto","13":"product_tag-sitruuna","14":"product_shipping_class-horeca","16":"first","17":"onbackorder","18":"taxable","19":"shipping-taxable","20":"product-type-simple"},"_links":{"self":[{"href":"https:\/\/monditaly.com\/kauppa\/wp-json\/wp\/v2\/product\/7113","targetHints":{"allow":["GET"]}}],"collection":[{"href":"https:\/\/monditaly.com\/kauppa\/wp-json\/wp\/v2\/product"}],"about":[{"href":"https:\/\/monditaly.com\/kauppa\/wp-json\/wp\/v2\/types\/product"}],"wp:featuredmedia":[{"embeddable":true,"href":"https:\/\/monditaly.com\/kauppa\/wp-json\/wp\/v2\/media\/7121"}],"wp:attachment":[{"href":"https:\/\/monditaly.com\/kauppa\/wp-json\/wp\/v2\/media?parent=7113"}],"wp:term":[{"taxonomy":"product_brand","embeddable":true,"href":"https:\/\/monditaly.com\/kauppa\/wp-json\/wp\/v2\/product_brand?post=7113"},{"taxonomy":"product_cat","embeddable":true,"href":"https:\/\/monditaly.com\/kauppa\/wp-json\/wp\/v2\/product_cat?post=7113"},{"taxonomy":"product_tag","embeddable":true,"href":"https:\/\/monditaly.com\/kauppa\/wp-json\/wp\/v2\/product_tag?post=7113"}],"curies":[{"name":"wp","href":"https:\/\/api.w.org\/{rel}","templated":true}]}}