{"id":7146,"date":"2025-07-03T11:32:08","date_gmt":"2025-07-03T08:32:08","guid":{"rendered":"https:\/\/monditaly.com\/kauppa\/?post_type=product&#038;p=7146"},"modified":"2025-07-15T11:53:37","modified_gmt":"2025-07-15T08:53:37","slug":"viander-grissini-torinesi-240x12g-me-12-ltk","status":"publish","type":"product","link":"https:\/\/monditaly.com\/kauppa\/tuote\/viander-grissini-torinesi-240x12g-me-12-ltk\/","title":{"rendered":"Viander Grissini Torinesi 240x12g (ME 12 ltk)"},"content":{"rendered":"<h3>Ainesosat \/ Ingredienser:<\/h3>\n<div><span class=\"relative -mx-px my-[-0.2rem] rounded px-px py-[0.2rem] transition-colors duration-100 ease-in-out\">Vehn\u00e4jauho (tyyppi 00), <\/span><span class=\"relative -mx-px my-[-0.2rem] rounded px-px py-[0.2rem] transition-colors duration-100 ease-in-out\">Auringonkukka\u00f6ljy n.\u202f11\u202f% (tai ekstra-neitsytoliivi\u00f6ljy\u00e4), <\/span><span class=\"relative -mx-px my-[-0.2rem] rounded px-px py-[0.2rem] transition-colors duration-100 ease-in-out\">Mallasuute (ohra\/maissi),<\/span>\u00a0Suola, Hiiva.<br data-start=\"406\" data-end=\"409\" \/><span class=\"relative -mx-px my-[-0.2rem] rounded px-px py-[0.2rem] transition-colors duration-100 ease-in-out\">(Saattaa sis\u00e4lt\u00e4\u00e4 seesamin ja maidon j\u00e4\u00e4mi\u00e4)<\/p>\n<p>Vetemj\u00f6l (typ 00), Solrosolja ca 11\u202f% (eller extra jungfruolivolja), Maltextrakt (korn\/majs), Salt, J\u00e4st.<br data-start=\"150\" data-end=\"153\" \/>(<em data-start=\"154\" data-end=\"194\">Kan inneh\u00e5lla sp\u00e5r av sesam och mj\u00f6lk.<\/em>)<br \/>\n<\/span><\/div>\n<h3>Ravintoarvot per 100g \/ N\u00e4ringsv\u00e4rde per 100g:<\/h3>\n<p>Energia \/ Energi 1830kJ \/ 435 kcal<br \/>\nRasva \/ Fett 12 g<br \/>\njosta tyydyttynytt\u00e4 \/ varav m\u00e4ttade\u00a0 1,2g<br \/>\nHiilihydraatit \/ Kolhydrat 69 g<br \/>\njoista sokereita \/ varav sockerarter 3,8g<br \/>\nProteiini \/ Protein\u00a0 11g<br \/>\nSuola \/ Salt 2,3 g<br \/>\nKuitu\/ Fiber n. 3-4 g<\/p>\n","protected":false},"excerpt":{"rendered":"<p>Italialaiset perinteiset <strong data-start=\"25\" data-end=\"46\">Grissini Torinesi<\/strong> -leip\u00e4tikut ovat rapeita vehn\u00e4leip\u00e4tikkuja, valmistettu vanhan piemontelaisen perinteen mukaisesti. Ne sopivat erityisesti aperitiiveiksi tai naposteltaviksi aterioiden yhteyteen.<\/p>\n<p>Traditional Italian <strong data-start=\"197\" data-end=\"218\">Grissini Torinesi<\/strong> are thin, crispy, and light wheat breadsticks, crafted according to the old Piedmontese baking tradition. Perfect as an appetizer, snack, or to accompany meals.<\/p>\n","protected":false},"featured_media":7234,"template":"","meta":[],"product_brand":[],"product_cat":[46,110,72,235],"product_tag":[543,545,544],"class_list":{"0":"post-7146","1":"product","2":"type-product","3":"status-publish","4":"has-post-thumbnail","6":"product_cat-teolliset_elintarvikkeet","7":"product_cat-horeca-teolliset-elintarvikkeet","8":"product_cat-leivat-keksit-ja-leivonnaiset-horeca","9":"product_cat-leivonnaiset-horeca","10":"product_tag-grissini","11":"product_tag-leipatikku","12":"product_tag-torinesi","13":"product_shipping_class-horeca","15":"first","16":"onbackorder","17":"taxable","18":"shipping-taxable","19":"product-type-simple"},"_links":{"self":[{"href":"https:\/\/monditaly.com\/kauppa\/wp-json\/wp\/v2\/product\/7146","targetHints":{"allow":["GET"]}}],"collection":[{"href":"https:\/\/monditaly.com\/kauppa\/wp-json\/wp\/v2\/product"}],"about":[{"href":"https:\/\/monditaly.com\/kauppa\/wp-json\/wp\/v2\/types\/product"}],"wp:featuredmedia":[{"embeddable":true,"href":"https:\/\/monditaly.com\/kauppa\/wp-json\/wp\/v2\/media\/7234"}],"wp:attachment":[{"href":"https:\/\/monditaly.com\/kauppa\/wp-json\/wp\/v2\/media?parent=7146"}],"wp:term":[{"taxonomy":"product_brand","embeddable":true,"href":"https:\/\/monditaly.com\/kauppa\/wp-json\/wp\/v2\/product_brand?post=7146"},{"taxonomy":"product_cat","embeddable":true,"href":"https:\/\/monditaly.com\/kauppa\/wp-json\/wp\/v2\/product_cat?post=7146"},{"taxonomy":"product_tag","embeddable":true,"href":"https:\/\/monditaly.com\/kauppa\/wp-json\/wp\/v2\/product_tag?post=7146"}],"curies":[{"name":"wp","href":"https:\/\/api.w.org\/{rel}","templated":true}]}}