{"id":7381,"date":"2025-08-04T12:19:22","date_gmt":"2025-08-04T09:19:22","guid":{"rendered":"https:\/\/monditaly.com\/kauppa\/?post_type=product&#038;p=7381"},"modified":"2025-08-07T11:53:21","modified_gmt":"2025-08-07T08:53:21","slug":"cgm-arancini-mignon-amatriciana-20g-pakaste-me-1ltk-5-x-1000g","status":"publish","type":"product","link":"https:\/\/monditaly.com\/kauppa\/tuote\/cgm-arancini-mignon-amatriciana-20g-pakaste-me-1ltk-5-x-1000g\/","title":{"rendered":"CGM Arancini Mignon Amatriciana 20g pakaste ME 1ltk (5 x 1000g)"},"content":{"rendered":"<h3>Ainesosat:<\/h3>\n<p class=\"p1\">Keitetty riisi 78\u202f% [(vesi, riisi, tomaattikastike (tomaattisose, tomaattitiiviste, porkkana, sipuli, auringonkukansiemen\u00f6ljy, suola, pippuri), possunkylki (sianliha (EU-alkuper\u00e4), suola, dekstroosi, aromit, mausteet, antioksidantti: E301; s\u00e4il\u00f6nt\u00e4aineet: E250, E252), pecorinojuusto (lampaanmaito, juoksute, suola, maitohappobakteerit), sipuli, luontainen aromi, pippuri, suola)],<br \/>\nkorppujauho (vehn\u00e4jauho, vesi, suola, leivinhiiva, mausteuutteet: kurkuma ja paprika), nesteytetty friteeraustaikina (vesi, vehn\u00e4jauho, suola), auringonkukansiemen\u00f6ljy.<\/p>\n<h3>Ingredienser:<\/h3>\n<p class=\"p1\">Kokt ris 78\u202f% [(vatten, ris, tomats\u00e5s (tomatpur\u00e9, tomatkoncentrat, morot, l\u00f6k, solrosolja, salt, peppar), fl\u00e4skk\u00f6tt fr\u00e5n sidfl\u00e4sk (fl\u00e4skk\u00f6tt (ursprung EU), salt, druvsocker, arom\u00e4mnen, kryddor, antioxidant: E301; konserveringsmedel: E250, E252), pecorinoost (f\u00e5rmj\u00f6lk, l\u00f6pe, salt, mj\u00f6lksyrakulturer), l\u00f6k, naturlig arom, peppar, salt)], str\u00f6br\u00f6d (vetemj\u00f6l, vatten, salt, j\u00e4st, kryddextrakt: gurkmeja och paprika), uppblandad friteringssmet (vatten, vetemj\u00f6l, salt), solrosolja.<\/p>\n<h3>Ravintoarvot per 100g:<\/h3>\n<p class=\"p1\">Ravintosis\u00e4lt\u00f6\/ N\u00e4ringsv\u00e4rde per 100g<br \/>\nEnergia\/ energi 791 kJ \/ 188 kcal<br \/>\nRasva\/Fett 6,9g<br \/>\njoista tyydyttynytt\u00e4\/ varav m\u00e4ttade 3,3g<br \/>\nHiilihydraatit\/ kolhydrater 25,2g<br \/>\njosta sokereita\/varav sockerarter 2,9g<br \/>\nProteiini\/ protein 5,8g<br \/>\nRavintokuitu\/ Kostfiber 1,1g<br \/>\nSuola\/salt 1,61g<\/p>\n","protected":false},"excerpt":{"rendered":"<p class=\"p1\">Small arancini rice croquettes prepared using the famous Roman recipe, made with tomato, bacon and pecorino cheese. Breaded and frozen they are ready for cooking. Excellent as a single dish, they can replace both the first and the second, bringing a note of joy to the table.<\/p>\n<p class=\"p1\">To be consumed after cooking.<br \/>\nCook the product without pre-emptive thawing:<\/p>\n<p class=\"p1\">In a fryer (180\u00b0C): fry for 3\/4 minutes<br \/>\nIn pan: fry in plenty of hot oil for 5\/6 minutes<\/p>\n<p>1kg contains about 50 pieces.<\/p>\n<p class=\"p1\">Pienet arancini-riisipallot valmistettu kuuluisan roomalaisen reseptin mukaan \u2013 sis\u00e4lt\u00e4v\u00e4t tomaattia, pekonia ja pecorinojuustoa. Rapeaksi paneroidut ja pakastetut, valmiit kypsennett\u00e4v\u00e4ksi. Erinomainen yksitt\u00e4isen\u00e4 ateriana \u2013 voivat korvata sek\u00e4 alkuruoan ett\u00e4 p\u00e4\u00e4ruoan ja tuovat ripauksen iloa ruokap\u00f6yt\u00e4\u00e4n.<\/p>\n<p class=\"p1\">Tuote nautitaan kypsennettyn\u00e4. Kypsenn\u00e4 tuote ilman sulatusta:<\/p>\n<p class=\"p1\">Rasvakeittimess\u00e4 (180 \u00b0C): friteeraa 3\u20134 minuuttia<br \/>\nPaistinpannulla: paista runsaassa kuumassa \u00f6ljyss\u00e4 5\u20136 minuuttia<br \/>\n1 kg pakkauksessa on noin 50 arancinia.<\/p>\n","protected":false},"featured_media":7382,"template":"","meta":[],"product_brand":[],"product_cat":[61,171,172],"product_tag":[501,602,200,601,504],"class_list":{"0":"post-7381","1":"product","2":"type-product","3":"status-publish","4":"has-post-thumbnail","6":"product_cat-pakasteet","7":"product_cat-pakasteet-horeca","8":"product_cat-pakastepizzat-ja-suolaiset-horeca","9":"product_tag-arancini","10":"product_tag-mignon","11":"product_tag-mozzarella","12":"product_tag-riisipallo","13":"product_tag-streetfood","14":"product_shipping_class-viileat-pakaste","16":"first","17":"instock","18":"taxable","19":"shipping-taxable","20":"product-type-simple"},"_links":{"self":[{"href":"https:\/\/monditaly.com\/kauppa\/wp-json\/wp\/v2\/product\/7381","targetHints":{"allow":["GET"]}}],"collection":[{"href":"https:\/\/monditaly.com\/kauppa\/wp-json\/wp\/v2\/product"}],"about":[{"href":"https:\/\/monditaly.com\/kauppa\/wp-json\/wp\/v2\/types\/product"}],"wp:featuredmedia":[{"embeddable":true,"href":"https:\/\/monditaly.com\/kauppa\/wp-json\/wp\/v2\/media\/7382"}],"wp:attachment":[{"href":"https:\/\/monditaly.com\/kauppa\/wp-json\/wp\/v2\/media?parent=7381"}],"wp:term":[{"taxonomy":"product_brand","embeddable":true,"href":"https:\/\/monditaly.com\/kauppa\/wp-json\/wp\/v2\/product_brand?post=7381"},{"taxonomy":"product_cat","embeddable":true,"href":"https:\/\/monditaly.com\/kauppa\/wp-json\/wp\/v2\/product_cat?post=7381"},{"taxonomy":"product_tag","embeddable":true,"href":"https:\/\/monditaly.com\/kauppa\/wp-json\/wp\/v2\/product_tag?post=7381"}],"curies":[{"name":"wp","href":"https:\/\/api.w.org\/{rel}","templated":true}]}}