{"id":7770,"date":"2025-10-31T11:49:27","date_gmt":"2025-10-31T09:49:27","guid":{"rendered":"https:\/\/monditaly.com\/kauppa\/?post_type=product&#038;p=7770"},"modified":"2025-11-05T13:10:10","modified_gmt":"2025-11-05T11:10:10","slug":"acquaviva-tortadellanonna","status":"publish","type":"product","link":"https:\/\/monditaly.com\/kauppa\/tuote\/acquaviva-tortadellanonna\/","title":{"rendered":"Acquaviva Torta Della Nonna pakastekakku 1300g"},"content":{"rendered":"<h3>Ainesosat:<\/h3>\n<p class=\"p1\">VEHN\u00c4JAUHO, sokeri, vesi, margariini (palmu\u00f6ljy, auringonkukka\u00f6ljy, vesi, emulgointiaine: E471; suola, aromit), past\u00f6roitu MUNANKELTAINEN, v\u00e4kev\u00f6ity VOI, past\u00f6roidut KOKONAISET MUNAT, RASVATON MAITOJAUHE, sitruunamehu, tomusokeri (dekstroosi, sokeri, VEHN\u00c4T\u00c4RKKELYS, kaakaovoi), glukoosi-fruktoosisiirappi, muunnettu maissit\u00e4rkkelys, riisit\u00e4rkkelys, MANTELIT, pinjansiemenet 1 %, glukoosisiirappi, nostatusaineet: E450i, E500ii; emulgointiaine: SOIJAlesitiini; aromit, kasvikuitu (peruna), suola, maissit\u00e4rkkelys.<br \/>\n<br data-start=\"747\" data-end=\"750\" \/>Saattaa sis\u00e4lt\u00e4\u00e4 MAAP\u00c4HKIN\u00d6IT\u00c4, SINAPPIA, MUITA P\u00c4HKIN\u00d6IT\u00c4 (PISTAASI, HASSELP\u00c4HKIN\u00c4), RIKKIDIOKSIDIA.<\/p>\n<h3>Ingredients:<\/h3>\n<p class=\"p1\">VETEMJ\u00d6L, socker, vatten, margarin (palmfett, solrosolja, vatten, emulgeringsmedel: E471; salt, aromer), past\u00f6riserad \u00c4GGULA, koncentrerat SM\u00d6R, past\u00f6riserade HEL\u00c4GG, SKUMMJ\u00d6LKSPULVER, citronsaft, florsocker (dextros, socker, VETEST\u00c4RKELSE, kakaosm\u00f6r), glukos-fruktossirap, modifierad majsst\u00e4rkelse, risst\u00e4rkelse, MANDEL, pinjen\u00f6tter 1 %, glukossirap, j\u00e4smedel: E450i, E500ii; emulgeringsmedel: SOJAlecitin; aromer, vegetabiliska fibrer (potatis), salt, majsst\u00e4rkelse.<br data-start=\"1547\" data-end=\"1550\" \/>Kan inneh\u00e5lla JORDN\u00d6TTER, SENAP, ANDRA N\u00d6TTER (PISTAGE, HASSELN\u00d6TTER), SVAVELDIOXID.<\/p>\n<h3>Ravintoarvot per 100g:<\/h3>\n<p class=\"p1\">Ravintosis\u00e4lt\u00f6 per 100g\/N\u00e4ringsv\u00e4rde per 100g<br \/>\nEnergia\/ Energi 1 404 kJ \/ 335 kcal<br \/>\nRasva\/ Fett 14g<br \/>\njoista tyydyttynytt\u00e4\/ varav m\u00e4ttade 6,6g<br \/>\nHiilihydraatit\/ Kolhydrater 46g<br \/>\njosta sokereita\/ varav sockerarter 26g<br \/>\nProteiini\/ Protein 4,4g<br \/>\nSuola\/ Salt 0,24g<\/p>\n","protected":false},"excerpt":{"rendered":"<p>Makea murotaikinaleivonnainen, jonka syd\u00e4mess\u00e4 on vaniljakreemi\u00e4 ja p\u00e4\u00e4ll\u00e4 paahdettuja mantelilastuja, pinjansiemeni\u00e4 ja tomusokeria. Jaettu 14 annospalaan. Pakastettu tuote.<\/p>\n<p>S\u00f6t m\u00f6rdegskaka med vaniljkr\u00e4m i mitten och t\u00e4ckt med rostade mandelstavar, pinjen\u00f6tter och florsocker. Delad i 14 bitar. Djupfryst produkt.<\/p>\n","protected":false},"featured_media":7772,"template":"","meta":[],"product_brand":[],"product_cat":[61,171,267],"product_tag":[604,204,631,447,203,630],"class_list":{"0":"post-7770","1":"product","2":"type-product","3":"status-publish","4":"has-post-thumbnail","6":"product_cat-pakasteet","7":"product_cat-pakasteet-horeca","8":"product_cat-leivonnaiset-pakaste-horeca","9":"product_tag-acquaviva","10":"product_tag-frozen","11":"product_tag-kakku","12":"product_tag-leivonnainen","13":"product_tag-pakaste","14":"product_tag-tortadellanonna","15":"product_shipping_class-viileat-pakaste","17":"first","18":"instock","19":"taxable","20":"shipping-taxable","21":"product-type-simple"},"_links":{"self":[{"href":"https:\/\/monditaly.com\/kauppa\/wp-json\/wp\/v2\/product\/7770","targetHints":{"allow":["GET"]}}],"collection":[{"href":"https:\/\/monditaly.com\/kauppa\/wp-json\/wp\/v2\/product"}],"about":[{"href":"https:\/\/monditaly.com\/kauppa\/wp-json\/wp\/v2\/types\/product"}],"wp:featuredmedia":[{"embeddable":true,"href":"https:\/\/monditaly.com\/kauppa\/wp-json\/wp\/v2\/media\/7772"}],"wp:attachment":[{"href":"https:\/\/monditaly.com\/kauppa\/wp-json\/wp\/v2\/media?parent=7770"}],"wp:term":[{"taxonomy":"product_brand","embeddable":true,"href":"https:\/\/monditaly.com\/kauppa\/wp-json\/wp\/v2\/product_brand?post=7770"},{"taxonomy":"product_cat","embeddable":true,"href":"https:\/\/monditaly.com\/kauppa\/wp-json\/wp\/v2\/product_cat?post=7770"},{"taxonomy":"product_tag","embeddable":true,"href":"https:\/\/monditaly.com\/kauppa\/wp-json\/wp\/v2\/product_tag?post=7770"}],"curies":[{"name":"wp","href":"https:\/\/api.w.org\/{rel}","templated":true}]}}