{"id":7777,"date":"2025-10-31T11:58:29","date_gmt":"2025-10-31T09:58:29","guid":{"rendered":"https:\/\/monditaly.com\/kauppa\/?post_type=product&#038;p=7777"},"modified":"2025-11-05T13:23:38","modified_gmt":"2025-11-05T11:23:38","slug":"acquaviva-metsamarjakakku","status":"publish","type":"product","link":"https:\/\/monditaly.com\/kauppa\/tuote\/acquaviva-metsamarjakakku\/","title":{"rendered":"Acquaviva pakastettu Mets\u00e4marjakakku 1450g"},"content":{"rendered":"<h3>Ainesosat:<\/h3>\n<p>Punaherukat 22 %, vesi, VEHN\u00c4jauho, glukoosisiirappi, sokeri, mustikat 5 %, margariini (palmu\u00f6ljy, auringonkukka\u00f6ljy, vesi, emulgointiaine: E471; suola, aromit), sokerikakkupohja (VEHN\u00c4jauho, past\u00f6roidut KOKO\u00adMUNAT, sokeri, vesi, emulgointiaine: E471; perunat\u00e4rkkelys, nostatusaineet: E450i, E500ii; suola), kasvirasvat vaihtelevissa suhteissa (kookos, palmuydin, palmu), past\u00f6roitu MUNANKELTAINEN, tomusokeri (dekstroosi, sokeri, VEHN\u00c4t\u00e4rkkelys, kaakaovoi), RASVATON MAITOJAUHE, KERMA, sorbitolisiirappi, muunnettu maissit\u00e4rkkelys, tiivistetty punaisen hedelm\u00e4n mehu 0,4 % (omena, selja, punaherukka, vadelma), VOI, past\u00f6roidut KOKO\u00adMUNAT, el\u00e4inper\u00e4inen liivate, stabilointiaineet: E406, E440ii; glukoosi-fruktoosisiirappi, MAITOPROTEIINIT, nostatusaineet: E450i, E500ii; riisit\u00e4rkkelys, aromit, emulgointiaineet: E471, SOIJAlesitiini; suola, happamuudens\u00e4\u00e4t\u00f6aine: E330; mustaporkkanauute, kasvikuitu (peruna), sakeuttamisaineet: E401, E410; maissit\u00e4rkkelys.<br data-start=\"1171\" data-end=\"1174\" \/>Saattaa sis\u00e4lt\u00e4\u00e4: MAAP\u00c4HKIN\u00d6IT\u00c4, P\u00c4HKIN\u00d6IT\u00c4 (pistaasi, hasselp\u00e4hkin\u00e4, manteli), RIKKIDIOKSIDIA ja SINAPPIA.<\/p>\n<h3>Ingredienser:<\/h3>\n<p>R\u00f6da vinb\u00e4r 22 %, vatten, VETEmj\u00f6l, glukossirap, socker, bl\u00e5b\u00e4r 5 %, margarin (palmfett, solrosolja, vatten, emulgeringsmedel: E471; salt, aromer), sockerkaksbotten (VETEmj\u00f6l, past\u00f6riserade HEL\u00c4GG, socker, vatten, emulgeringsmedel: E471; potatisst\u00e4rkelse, j\u00e4smedel: E450i, E500ii; salt), vegetabiliska fetter i varierande proportioner (kokos, palmk\u00e4rna, palm), past\u00f6riserad \u00c4GGULA, florsocker (dextros, socker, VETEst\u00e4rkelse, kakaosm\u00f6r), SKUMMJ\u00d6LKSPULVER, GR\u00c4DDE, sorbitolsirap, modifierad majsst\u00e4rkelse, koncentrerad r\u00f6d fruktjuice 0,4 % (\u00e4pple, fl\u00e4der, r\u00f6da vinb\u00e4r, hallon), SM\u00d6R, past\u00f6riserade HEL\u00c4GG, animalisk gelatin, stabiliseringsmedel: E406, E440ii; glukos-fruktossirap, MJ\u00d6LKproteiner, j\u00e4smedel: E450i, E500ii; risst\u00e4rkelse, aromer, emulgeringsmedel: E471, SOJAlecitin; salt, surhetsreglerande medel: E330; svart morotextrakt, vegetabiliska fibrer (potatis), f\u00f6rtjockningsmedel: E401, E410; majsst\u00e4rkelse.<br data-start=\"1105\" data-end=\"1108\" data-is-only-node=\"\" \/>Kan inneh\u00e5lla: JORDN\u00d6TTER, N\u00d6TTER (PISTAGEN\u00d6TTER, HASSELN\u00d6TTER, MANDEL), SVAVELDIOXID och SENAP.<\/p>\n<h3>Ravintoarvot per 100g:<\/h3>\n<p class=\"p1\">Ravintosis\u00e4lt\u00f6 per 100g\/N\u00e4ringsv\u00e4rde per 100g<br \/>\nEnergia\/ Energi 1042kJ \/ 248kcal<br \/>\nRasva\/ Fett 10g<br \/>\njoista tyydyttynytt\u00e4\/ varav m\u00e4ttade 6,7g<br \/>\nHiilihydraatit\/ Kolhydrater 35g<br \/>\njosta sokereita\/ varav sockerarter 20g<br \/>\nRavintokuitu\/ Kostfiber 1,5g<br \/>\nProteiini\/ Protein 3,3g<br \/>\nSuola\/ Salt 0,17g<\/p>\n","protected":false},"excerpt":{"rendered":"<p>Valmiiksi paloiksi leikattu kakku, jossa murotaikina, kermainen t\u00e4yte ja p\u00e4\u00e4ll\u00e4 runsaasti mets\u00e4marjoja.<\/p>\n<p>Pre-cut cake: a crumbly shortcrust pastry stuffed with cream and whipped cream, decorated with berries.<\/p>\n","protected":false},"featured_media":7771,"template":"","meta":[],"product_brand":[],"product_cat":[61,171,267],"product_tag":[604,204,631,447,632,203,633],"class_list":{"0":"post-7777","1":"product","2":"type-product","3":"status-publish","4":"has-post-thumbnail","6":"product_cat-pakasteet","7":"product_cat-pakasteet-horeca","8":"product_cat-leivonnaiset-pakaste-horeca","9":"product_tag-acquaviva","10":"product_tag-frozen","11":"product_tag-kakku","12":"product_tag-leivonnainen","13":"product_tag-metsamarjakakku","14":"product_tag-pakaste","15":"product_tag-wildberries","16":"product_shipping_class-viileat-pakaste","18":"first","19":"instock","20":"taxable","21":"shipping-taxable","22":"product-type-simple"},"_links":{"self":[{"href":"https:\/\/monditaly.com\/kauppa\/wp-json\/wp\/v2\/product\/7777","targetHints":{"allow":["GET"]}}],"collection":[{"href":"https:\/\/monditaly.com\/kauppa\/wp-json\/wp\/v2\/product"}],"about":[{"href":"https:\/\/monditaly.com\/kauppa\/wp-json\/wp\/v2\/types\/product"}],"wp:featuredmedia":[{"embeddable":true,"href":"https:\/\/monditaly.com\/kauppa\/wp-json\/wp\/v2\/media\/7771"}],"wp:attachment":[{"href":"https:\/\/monditaly.com\/kauppa\/wp-json\/wp\/v2\/media?parent=7777"}],"wp:term":[{"taxonomy":"product_brand","embeddable":true,"href":"https:\/\/monditaly.com\/kauppa\/wp-json\/wp\/v2\/product_brand?post=7777"},{"taxonomy":"product_cat","embeddable":true,"href":"https:\/\/monditaly.com\/kauppa\/wp-json\/wp\/v2\/product_cat?post=7777"},{"taxonomy":"product_tag","embeddable":true,"href":"https:\/\/monditaly.com\/kauppa\/wp-json\/wp\/v2\/product_tag?post=7777"}],"curies":[{"name":"wp","href":"https:\/\/api.w.org\/{rel}","templated":true}]}}