{"id":7797,"date":"2025-10-31T13:40:22","date_gmt":"2025-10-31T11:40:22","guid":{"rendered":"https:\/\/monditaly.com\/kauppa\/?post_type=product&#038;p=7797"},"modified":"2025-11-05T13:40:11","modified_gmt":"2025-11-05T11:40:11","slug":"acquaviva-pakastettu-porkkanakakku","status":"publish","type":"product","link":"https:\/\/monditaly.com\/kauppa\/tuote\/acquaviva-pakastettu-porkkanakakku\/","title":{"rendered":"Acquaviva pakastettu vegaaninen porkkanakakku 1000g"},"content":{"rendered":"<h3>Ainesosat:<\/h3>\n<p data-start=\"105\" data-end=\"492\">Sokeri, kasvi\u00f6ljyt (rypsi, auringonkukka), vesi, uudelleen nesteytetyt porkkanat 12 %, VEHN\u00c4jauho, maissijauho, riisit\u00e4rkkelys, MANTELIja, alfasyklodekstriini, dekstroosi, nostatusaineet: E500ii, E450ii; VEHN\u00c4GLUTEENI, muokattu perunat\u00e4rkkelys, suola, emulgointiaineet: E471, E322 (auringonkukasta); VEHN\u00c4t\u00e4rkkelys, luonnolliset aromit, aromit, kaakaovoi, v\u00e4ri: E160a.<\/p>\n<p data-start=\"494\" data-end=\"628\">Saattaa sis\u00e4lt\u00e4\u00e4: muita P\u00c4HKIN\u00d6IT\u00c4 (PISTAASIP\u00c4HKIN\u00c4, HASSELP\u00c4HKIN\u00c4, SaksanP\u00c4HKIN\u00c4), SOIJAA, LUPIINIA, SINAPPIA, MAITOA ja MUNIA.<\/p>\n<h3>Ingredienser:<\/h3>\n<p data-start=\"661\" data-end=\"1023\">Socker, vegetabiliska oljor (raps, solros), vatten, \u00e5terhydrerade mor\u00f6tter 12 %, VETEmj\u00f6l, majsmj\u00f6l, risst\u00e4rkelse, MANDELmj\u00f6l, alfa-cyklodextrin, dextros, j\u00e4smedel: E500ii, E450ii; VETEGLUTEN, modifierad potatisst\u00e4rkelse, salt, emulgeringsmedel: E471, E322 (fr\u00e5n solros); VETEst\u00e4rkelse, naturliga aromer, aromer, kakaosm\u00f6r, f\u00e4rg\u00e4mne: E160a.<\/p>\n<p data-start=\"1025\" data-end=\"1136\">Kan inneh\u00e5lla: andra N\u00d6TTER (PISTASCHN\u00d6TTER, HASSELN\u00d6TTER, VALN\u00d6TTER), SOJA, LUPIN, SENAP, MJ\u00d6LK och \u00c4GG.<\/p>\n<h3>Ravintoarvot per 100g:<\/h3>\n<p class=\"p1\">Ravintosis\u00e4lt\u00f6 per 100g\/N\u00e4ringsv\u00e4rde per 100g<br \/>\nEnergia\/ Energi 1640kJ \/ 350kcal<br \/>\nRasva\/ Fett 19g<br \/>\njoista tyydyttynytt\u00e4\/ varav m\u00e4ttade 5,6g<br \/>\nHiilihydraatit\/ Kolhydrater 35g<br \/>\njosta sokereita\/ varav sockerarter 19g<br \/>\nRavintokuitu\/ Kostfiber 4,8g<br \/>\nProteiini\/ Protein 6,9g<br \/>\nSuola\/ Salt 0,56g<\/p>\n","protected":false},"excerpt":{"rendered":"<p>Pakastettu ja vegaaninen klassikko, porkkanakakku tomusokerikuorrutuksella.<\/p>\n<p>Frozen pastry product, consisting of a soft vegan plumcake, enriched with carrots and decorated with icing sugar.<\/p>\n","protected":false},"featured_media":7794,"template":"","meta":[],"product_brand":[],"product_cat":[61,171,267],"product_tag":[604,645,204,631,447,203,644,333,332],"class_list":{"0":"post-7797","1":"product","2":"type-product","3":"status-publish","4":"has-post-thumbnail","6":"product_cat-pakasteet","7":"product_cat-pakasteet-horeca","8":"product_cat-leivonnaiset-pakaste-horeca","9":"product_tag-acquaviva","10":"product_tag-carrotcake","11":"product_tag-frozen","12":"product_tag-kakku","13":"product_tag-leivonnainen","14":"product_tag-pakaste","15":"product_tag-porkkanakakku","16":"product_tag-vegaaninen","17":"product_tag-vegan","18":"product_shipping_class-viileat-pakaste","20":"first","21":"instock","22":"taxable","23":"shipping-taxable","24":"product-type-simple"},"_links":{"self":[{"href":"https:\/\/monditaly.com\/kauppa\/wp-json\/wp\/v2\/product\/7797","targetHints":{"allow":["GET"]}}],"collection":[{"href":"https:\/\/monditaly.com\/kauppa\/wp-json\/wp\/v2\/product"}],"about":[{"href":"https:\/\/monditaly.com\/kauppa\/wp-json\/wp\/v2\/types\/product"}],"wp:featuredmedia":[{"embeddable":true,"href":"https:\/\/monditaly.com\/kauppa\/wp-json\/wp\/v2\/media\/7794"}],"wp:attachment":[{"href":"https:\/\/monditaly.com\/kauppa\/wp-json\/wp\/v2\/media?parent=7797"}],"wp:term":[{"taxonomy":"product_brand","embeddable":true,"href":"https:\/\/monditaly.com\/kauppa\/wp-json\/wp\/v2\/product_brand?post=7797"},{"taxonomy":"product_cat","embeddable":true,"href":"https:\/\/monditaly.com\/kauppa\/wp-json\/wp\/v2\/product_cat?post=7797"},{"taxonomy":"product_tag","embeddable":true,"href":"https:\/\/monditaly.com\/kauppa\/wp-json\/wp\/v2\/product_tag?post=7797"}],"curies":[{"name":"wp","href":"https:\/\/api.w.org\/{rel}","templated":true}]}}