{"id":7802,"date":"2025-10-31T14:03:32","date_gmt":"2025-10-31T12:03:32","guid":{"rendered":"https:\/\/monditaly.com\/kauppa\/?post_type=product&#038;p=7802"},"modified":"2025-11-05T13:53:26","modified_gmt":"2025-11-05T11:53:26","slug":"acquaviva-pakastettu-ricotta-paarynakakku","status":"publish","type":"product","link":"https:\/\/monditaly.com\/kauppa\/tuote\/acquaviva-pakastettu-ricotta-paarynakakku\/","title":{"rendered":"Acquaviva pakastettu Ricotta-p\u00e4\u00e4ryn\u00e4kakku 1300g"},"content":{"rendered":"<h3>Ainesosat:<\/h3>\n<p class=\"p1\">Buffalomaito-ricottajuusto (18,9 %) [buffalomaitotiiviste (MAITO), buffalomaito, suola], p\u00e4\u00e4ryn\u00e4t sokeriliemess\u00e4 (18,1 %) [p\u00e4\u00e4ryn\u00e4t (70 %), vesi, glukoosi-fruktoosisiirappi, sokeri, happamuudens\u00e4\u00e4t\u00f6aine (E330)], sokeri, kasvirasvapohjainen kerma [vesi, kasvirasvat (palmuydin, palmu), sokeri, MAITOpitoiset proteiinit, sakeuttamisaineet (E420ii, E463), emulgointiaineet (E472e, E322 soijalesitiini), happamuudens\u00e4\u00e4t\u00f6aine (E340i), kerman aromi, v\u00e4ri (E160a), suola], past\u00f6roitu MUNANVALKUAINEN, ricottajuusto (8,1 %) [heratiiviste (MAITO), suola], MANTELIJAUHO, HASSELP\u00c4HKIN\u00c4JAUHO.<\/p>\n<p class=\"p1\">Saattaa sis\u00e4lt\u00e4\u00e4 VEHN\u00c4\u00c4 (GLUTEENIA), MAAP\u00c4HKIN\u00d6IT\u00c4 ja MUITA P\u00c4HKIN\u00d6IT\u00c4.<\/p>\n<h3>Ingredienser:<\/h3>\n<p class=\"p1\">Buffelricottaost (18,9 %) [buffelvassle (MJ\u00d6LK), buffelmj\u00f6lk, salt], p\u00e4ron i sockerlag (18,1 %) [p\u00e4ron (70 %), vatten, glukos-fruktossirap, socker, surhetsreglerande medel (E330)], socker, vegetabilisk gr\u00e4ddbaserad kr\u00e4m [vatten, vegetabiliska fetter (palmk\u00e4rna, palm), socker, MJ\u00d6LKproteiner, stabiliseringsmedel (E420ii, E463), emulgeringsmedel (E472e, E322 sojalecitin), surhetsreglerande medel (E340i), gr\u00e4ddarom, f\u00e4rg\u00e4mne (E160a), salt], past\u00f6riserad \u00c4GGVITA, ricottaost (8,1 %) [vassle (MJ\u00d6LK), salt], MANDELMJ\u00d6L, HASSELN\u00d6TSMJ\u00d6L.<\/p>\n<p class=\"p1\">Kan inneh\u00e5lla VETE (GLUTEN), JORDN\u00d6TTER och ANDRA N\u00d6TTER.<\/p>\n<h3>Ravintoarvot per 100g:<\/h3>\n<p class=\"p1\">Ravintosis\u00e4lt\u00f6 per 100g\/N\u00e4ringsv\u00e4rde per 100g<br \/>\nEnergia\/ Energi 1202kJ \/ 287 kcal<br \/>\nRasva\/ Fett 7g<br \/>\njoista tyydyttynytt\u00e4\/ varav m\u00e4ttade 5,8g<br \/>\nHiilihydraatit\/ Kolhydrater 47g<br \/>\njosta sokereita\/ varav sockerarter 31g<br \/>\nProteiini\/ Protein 8,4g<br \/>\nSuola\/ Salt 0,12g<\/p>\n","protected":false},"excerpt":{"rendered":"<p>Valmiiksi annospaloiksi leikattu kakku, jossa murean hasselp\u00e4hkin\u00e4-keksipohjan <span style=\"font-size: 14.4px;\">sis\u00e4ll\u00e4 on bufala-ricotta- ja p\u00e4\u00e4ryn\u00e4t\u00e4yte.<\/span><\/p>\n<p>Pre-cut cake: a hazelnut cookie base that encloses bufala ricotta and pear.<\/p>\n","protected":false},"featured_media":7795,"template":"","meta":[],"product_brand":[],"product_cat":[61,171,267],"product_tag":[604,204,654,655,631,447,652,203,653,125],"class_list":{"0":"post-7802","1":"product","2":"type-product","3":"status-publish","4":"has-post-thumbnail","6":"product_cat-pakasteet","7":"product_cat-pakasteet-horeca","8":"product_cat-leivonnaiset-pakaste-horeca","9":"product_tag-acquaviva","10":"product_tag-frozen","11":"product_tag-hasselpahkina","12":"product_tag-hazelnut","13":"product_tag-kakku","14":"product_tag-leivonnainen","15":"product_tag-paaryna","16":"product_tag-pakaste","17":"product_tag-pear","18":"product_tag-ricotta","19":"product_shipping_class-viileat-pakaste","21":"first","22":"instock","23":"taxable","24":"shipping-taxable","25":"product-type-simple"},"_links":{"self":[{"href":"https:\/\/monditaly.com\/kauppa\/wp-json\/wp\/v2\/product\/7802","targetHints":{"allow":["GET"]}}],"collection":[{"href":"https:\/\/monditaly.com\/kauppa\/wp-json\/wp\/v2\/product"}],"about":[{"href":"https:\/\/monditaly.com\/kauppa\/wp-json\/wp\/v2\/types\/product"}],"wp:featuredmedia":[{"embeddable":true,"href":"https:\/\/monditaly.com\/kauppa\/wp-json\/wp\/v2\/media\/7795"}],"wp:attachment":[{"href":"https:\/\/monditaly.com\/kauppa\/wp-json\/wp\/v2\/media?parent=7802"}],"wp:term":[{"taxonomy":"product_brand","embeddable":true,"href":"https:\/\/monditaly.com\/kauppa\/wp-json\/wp\/v2\/product_brand?post=7802"},{"taxonomy":"product_cat","embeddable":true,"href":"https:\/\/monditaly.com\/kauppa\/wp-json\/wp\/v2\/product_cat?post=7802"},{"taxonomy":"product_tag","embeddable":true,"href":"https:\/\/monditaly.com\/kauppa\/wp-json\/wp\/v2\/product_tag?post=7802"}],"curies":[{"name":"wp","href":"https:\/\/api.w.org\/{rel}","templated":true}]}}