{"id":7837,"date":"2025-11-04T15:17:23","date_gmt":"2025-11-04T13:17:23","guid":{"rendered":"https:\/\/monditaly.com\/kauppa\/?post_type=product&#038;p=7837"},"modified":"2025-11-04T15:24:44","modified_gmt":"2025-11-04T13:24:44","slug":"aperitivo-eleven-negroni","status":"publish","type":"product","link":"https:\/\/monditaly.com\/kauppa\/tuote\/aperitivo-eleven-negroni\/","title":{"rendered":"Liquore Aperitivo Eleven 11% Negroni, 1 l (ME 6 ploa)"},"content":{"rendered":"<p class=\"p1\">Liquore Aperitivo Eleven 11% Negroni<\/p>\n<p>V\u00e4ri: punainen.<br \/>\nTuoksu: raikas ja hedelm\u00e4inen.<br \/>\nMaku: pehme\u00e4 ja hurmaava.<br \/>\nAlkoholipitoisuus: 11 % vol.<\/p>\n<p>Color: Red.<br data-start=\"15\" data-end=\"18\" \/>Aroma: Fresh and fruity.<br data-start=\"46\" data-end=\"49\" \/>Taste: Soft and charming.<br data-start=\"78\" data-end=\"81\" \/>Alcohol content: 11% vol.<\/p>\n","protected":false},"excerpt":{"rendered":"<p class=\"p1\">Mieto aperitiivi, joka on valmistettu appelsiininkuorista ja aromaattisista yrteist\u00e4 tehdyist\u00e4 uutteista.<br \/>\nErinomainen my\u00f6s long drink- ja cocktailpohjana.\u00a0T\u00e4ydellinen ainesosa klassiseen spritziin: 3 osaa Proseccoa, 2 osaa ELEVENi\u00e4 ja 1 osa soodavett\u00e4.<\/p>\n<p>A low-alcohol aperitif made from infusions of orange peels and aromatic herbs.<br data-start=\"78\" data-end=\"81\" \/>Also excellent as a base for long drinks and cocktails. The classic recipe \u2014 3 parts Prosecco, 2 parts ELEVEN, and 1 part soda \u2014 makes this aperitif the perfect and ideal ingredient for a spritz.<\/p>\n","protected":false},"featured_media":7825,"template":"","meta":[],"product_brand":[],"product_cat":[23,294,398],"product_tag":[681,682,677,678,475,683],"class_list":{"0":"post-7837","1":"product","2":"type-product","3":"status-publish","4":"has-post-thumbnail","6":"product_cat-juomat","7":"product_cat-juomat-horeca","8":"product_cat-vakevat","9":"product_tag-aperitivo","10":"product_tag-eleven","11":"product_tag-liquer","12":"product_tag-liquore","13":"product_tag-negroni","14":"product_tag-spritz","15":"product_shipping_class-horeca","17":"first","18":"instock","19":"taxable","20":"shipping-taxable","21":"product-type-simple"},"_links":{"self":[{"href":"https:\/\/monditaly.com\/kauppa\/wp-json\/wp\/v2\/product\/7837","targetHints":{"allow":["GET"]}}],"collection":[{"href":"https:\/\/monditaly.com\/kauppa\/wp-json\/wp\/v2\/product"}],"about":[{"href":"https:\/\/monditaly.com\/kauppa\/wp-json\/wp\/v2\/types\/product"}],"wp:featuredmedia":[{"embeddable":true,"href":"https:\/\/monditaly.com\/kauppa\/wp-json\/wp\/v2\/media\/7825"}],"wp:attachment":[{"href":"https:\/\/monditaly.com\/kauppa\/wp-json\/wp\/v2\/media?parent=7837"}],"wp:term":[{"taxonomy":"product_brand","embeddable":true,"href":"https:\/\/monditaly.com\/kauppa\/wp-json\/wp\/v2\/product_brand?post=7837"},{"taxonomy":"product_cat","embeddable":true,"href":"https:\/\/monditaly.com\/kauppa\/wp-json\/wp\/v2\/product_cat?post=7837"},{"taxonomy":"product_tag","embeddable":true,"href":"https:\/\/monditaly.com\/kauppa\/wp-json\/wp\/v2\/product_tag?post=7837"}],"curies":[{"name":"wp","href":"https:\/\/api.w.org\/{rel}","templated":true}]}}