{"id":8009,"date":"2025-12-16T14:39:27","date_gmt":"2025-12-16T12:39:27","guid":{"rendered":"https:\/\/monditaly.com\/kauppa\/?post_type=product&#038;p=8009"},"modified":"2026-01-02T11:22:15","modified_gmt":"2026-01-02T09:22:15","slug":"dolcetto-dalba-doc-2020-075-elio-altare-me-6-plo","status":"publish","type":"product","link":"https:\/\/monditaly.com\/kauppa\/tuote\/dolcetto-dalba-doc-2020-075-elio-altare-me-6-plo\/","title":{"rendered":"Dolcetto d&#8217;Alba DOC 2020 0,75 &#8211; Elio Altare (ME 6 plo)"},"content":{"rendered":"<p class=\"p1\">Appellation:\u00a0Dolcetto d\u2019Alba doc<\/p>\n<p class=\"p1\">Varietal:\u00a0Dolcetto<\/p>\n<p class=\"p1\">Area of production:\u00a0La Morra<\/p>\n<p class=\"p1\">Bottles produced:\u00a010.000 \/ 15.000<\/p>\n<p class=\"p1\">Age of the vines:\u00a0from 20 to 40 years old<\/p>\n<p class=\"p1\">Soil composition:\u00a0calcareous but also very sandy<\/p>\n<p class=\"p1\">Exposure:\u00a0various, mostly north and north-east<\/p>\n<p class=\"p1\">Vinification:\u00a0maceration on the skins for approximately 2 to 3 days maximum in rotary fermenters with temperature control, ageing in stainless steal tank for about 10 months<\/p>\n<p class=\"p1\">Color:\u00a0intense violet<\/p>\n<p class=\"p1\">Nose:\u00a0aromas of violets and black cherry.<\/p>\n<p class=\"p1\">Taste:\u00a0dry but soft, delicate tannins, full taste of cherries and black cherry. Medium-bodied, easy drinking to be appreciated in the summer months, served a little chilled. In Italy it is considered an excellent everyday wine<\/p>\n<p class=\"p1\">Serving suggestion:\u00a0antipasto, pasta course, white meat, light cheese, salami, pizza, panini<\/p>\n","protected":false},"excerpt":{"rendered":"<p>Kuiva mutta pehme\u00e4 punaviini, jossa hennot tanniinit sek\u00e4 t\u00e4ytel\u00e4inen kirsikan ja mustakirsikan maku. Keskit\u00e4ytel\u00e4inen ja helposti juotava, tarjoile hieman viilennettyn\u00e4.<\/p>\n","protected":false},"featured_media":8008,"template":"","meta":[],"product_brand":[],"product_cat":[294,352,353],"product_tag":[665,685,684,356],"class_list":{"0":"post-8009","1":"product","2":"type-product","3":"status-publish","4":"has-post-thumbnail","6":"product_cat-juomat-horeca","7":"product_cat-viinit","8":"product_cat-punaviinit","9":"product_tag-alba","10":"product_tag-dolcetto","11":"product_tag-elioaltare","12":"product_tag-punaviini","14":"first","15":"instock","16":"taxable","17":"shipping-taxable","18":"product-type-simple"},"_links":{"self":[{"href":"https:\/\/monditaly.com\/kauppa\/wp-json\/wp\/v2\/product\/8009","targetHints":{"allow":["GET"]}}],"collection":[{"href":"https:\/\/monditaly.com\/kauppa\/wp-json\/wp\/v2\/product"}],"about":[{"href":"https:\/\/monditaly.com\/kauppa\/wp-json\/wp\/v2\/types\/product"}],"wp:featuredmedia":[{"embeddable":true,"href":"https:\/\/monditaly.com\/kauppa\/wp-json\/wp\/v2\/media\/8008"}],"wp:attachment":[{"href":"https:\/\/monditaly.com\/kauppa\/wp-json\/wp\/v2\/media?parent=8009"}],"wp:term":[{"taxonomy":"product_brand","embeddable":true,"href":"https:\/\/monditaly.com\/kauppa\/wp-json\/wp\/v2\/product_brand?post=8009"},{"taxonomy":"product_cat","embeddable":true,"href":"https:\/\/monditaly.com\/kauppa\/wp-json\/wp\/v2\/product_cat?post=8009"},{"taxonomy":"product_tag","embeddable":true,"href":"https:\/\/monditaly.com\/kauppa\/wp-json\/wp\/v2\/product_tag?post=8009"}],"curies":[{"name":"wp","href":"https:\/\/api.w.org\/{rel}","templated":true}]}}