{"id":8011,"date":"2025-12-16T15:12:41","date_gmt":"2025-12-16T13:12:41","guid":{"rendered":"https:\/\/monditaly.com\/kauppa\/?post_type=product&#038;p=8011"},"modified":"2026-01-02T11:20:42","modified_gmt":"2026-01-02T09:20:42","slug":"barolo-docg-cannubi-2018-075-elio-altare-me-6-plo","status":"publish","type":"product","link":"https:\/\/monditaly.com\/kauppa\/tuote\/barolo-docg-cannubi-2018-075-elio-altare-me-6-plo\/","title":{"rendered":"Barolo DOCG Cannubi 2018 0,75 Elio Altare (ME 6 plo)"},"content":{"rendered":"<p class=\"p1\">Wine name:\u00a0\u00a0Barolo docg<\/p>\n<p class=\"p1\">Varietal:\u00a0Nebbiolo<\/p>\n<p class=\"p1\">Area of production:\u00a0Barolo<\/p>\n<p class=\"p1\">Bottles produced:\u00a0\u00a01.200 \/ 1.500<\/p>\n<p class=\"p1\">Age of the vines:\u00a0about 30 years old<\/p>\n<p class=\"p1\">Soil composition:\u00a0\u00a0 marna with clay and sand<\/p>\n<p class=\"p1\">Exposition: \u00a0south<\/p>\n<p class=\"p1\">Vinification:\u00a0Maceration on the skins for approx. 4\/5 days in rotary fermentors with temperature control , ageing in French \u00a0barriques for 24 months<\/p>\n<p class=\"p1\">Colour:\u00a0\u00a0light \u00a0ruby red with garnet reflections<\/p>\n<p class=\"p1\">Taste:\u00a0\u00a0 warm and elegant, smooth soft silky tannins<\/p>\n<p class=\"p1\">Nose :\u00a0\u00a0 Fresh to the nose with fresh fruits; rose petals and flowers<\/p>\n","protected":false},"excerpt":{"rendered":"<p>Rajoitetun saatavuuden Barolo. Samaa vuosikertaa on pullotettu vain noin 1200-1500 kpl.<br \/>\nHarvinaisuus, jonka tuoksussa on raikkaita, tuoreiden hedelmien aromeja sek\u00e4 ruusun ter\u00e4lehti\u00e4 ja kukkaisuutta.<\/p>\n","protected":false},"featured_media":8000,"template":"","meta":[],"product_brand":[],"product_cat":[294,352,353],"product_tag":[662,686,670,684,660,356],"class_list":{"0":"post-8011","1":"product","2":"type-product","3":"status-publish","4":"has-post-thumbnail","6":"product_cat-juomat-horeca","7":"product_cat-viinit","8":"product_cat-punaviinit","9":"product_tag-barolo","10":"product_tag-cannubi","11":"product_tag-docg","12":"product_tag-elioaltare","13":"product_tag-nebbiolo","14":"product_tag-punaviini","16":"first","17":"instock","18":"taxable","19":"shipping-taxable","20":"product-type-simple"},"_links":{"self":[{"href":"https:\/\/monditaly.com\/kauppa\/wp-json\/wp\/v2\/product\/8011","targetHints":{"allow":["GET"]}}],"collection":[{"href":"https:\/\/monditaly.com\/kauppa\/wp-json\/wp\/v2\/product"}],"about":[{"href":"https:\/\/monditaly.com\/kauppa\/wp-json\/wp\/v2\/types\/product"}],"wp:featuredmedia":[{"embeddable":true,"href":"https:\/\/monditaly.com\/kauppa\/wp-json\/wp\/v2\/media\/8000"}],"wp:attachment":[{"href":"https:\/\/monditaly.com\/kauppa\/wp-json\/wp\/v2\/media?parent=8011"}],"wp:term":[{"taxonomy":"product_brand","embeddable":true,"href":"https:\/\/monditaly.com\/kauppa\/wp-json\/wp\/v2\/product_brand?post=8011"},{"taxonomy":"product_cat","embeddable":true,"href":"https:\/\/monditaly.com\/kauppa\/wp-json\/wp\/v2\/product_cat?post=8011"},{"taxonomy":"product_tag","embeddable":true,"href":"https:\/\/monditaly.com\/kauppa\/wp-json\/wp\/v2\/product_tag?post=8011"}],"curies":[{"name":"wp","href":"https:\/\/api.w.org\/{rel}","templated":true}]}}