{"id":809,"date":"2021-06-08T09:34:05","date_gmt":"2021-06-08T06:34:05","guid":{"rendered":"https:\/\/monditaly.com\/kauppa\/?post_type=product&#038;p=809"},"modified":"2024-07-06T13:02:36","modified_gmt":"2024-07-06T10:02:36","slug":"tartuflanghe-guerande-suola-mustalla-tryffelilla-90g","status":"publish","type":"product","link":"https:\/\/monditaly.com\/kauppa\/tuote\/tartuflanghe-guerande-suola-mustalla-tryffelilla-90g\/","title":{"rendered":"TartufLanghe Gu\u00e9rande suola mustalla tryffelill\u00e4 90g"},"content":{"rendered":"<h3>Ainesosat \/ Ingredienser:<\/h3>\n<p>Gu\u00e9rande suola (Atlantin valtameri FR) 98%, pakastekuivattu kes\u00e4tryffeli (Tuber Aestivum Vitt.) 1% (vastaa 5% tuoretta tuotetta), aromi. Gluteeniton.<\/p>\n<p>Gu\u00e9rande salt (Atlanten FR) 98%, frystorkad sommar tryffel (Tuber Aestivum Vitt.) 1% (motsvarar 5% av f\u00e4rskvaran), arom. Glutenfri.<\/p>\n<h3>Ravintoarvot per 100g \/ N\u00e4ringsv\u00e4rde per 100g:<\/h3>\n<p>Energia \/ Energi 0 kJ \/ 0 kcal<br \/>\nRasva \/ Fett\u00a0 0 g<br \/>\njosta tyydyttynytt\u00e4 \/ varav m\u00e4ttade 0 g<br \/>\nHiilihydraatit \/ Kolhydrater 0 g<br \/>\njoista sokereita \/ varav sockerarter 0 g<br \/>\nProteiini \/ Protein\u00a0 0 g<br \/>\nSuola \/ Salt\u00a0 98 g<\/p>\n","protected":false},"excerpt":{"rendered":"<p>Gu\u00e9rande -suola maustettuna kes\u00e4tryffelill\u00e4. Tumma suola Gu\u00e9randen alueelta ker\u00e4t\u00e4\u00e4n edelleen k\u00e4sin k\u00e4ytt\u00e4en ainoastaan puisia ty\u00f6kaluja, jotta ainutlaatuisen tuotteen puhtaus s\u00e4ilyy. Mukaan lis\u00e4tyt mustat tryffelisiivut tekev\u00e4t suolasta monipuolisen mausteen sek\u00e4 kylmille ett\u00e4 l\u00e4mpimille ruokalajeille. Sopii mm. pastalle, risotolle, omeleteille, pihveille ja salaateille. S\u00e4ilyt\u00e4 avaamisen j\u00e4lkeen kuivassa ja viile\u00e4ss\u00e4. K\u00e4yt\u00e4 avaamisesta 30 p\u00e4iv\u00e4n sis\u00e4ll\u00e4.<\/p>\n<p>Gu\u00e9rande salt with summer truffle. Gu\u00e9rande salt is still hand-harvested using wooden tools, in order to preserve its organoleptic characteristic. Wooden tools are used during harvesting so as not to contaminate the purity of this extraordinary salt, so sought after by gourmets all over the world. Slices of black truffle added to this extraordinary sea salt the result is a versatile condiment, excellent to season cold and warm dishes, such as pasta, risotto, eggs, omelettes, meat fillets, barbecue steaks, meat carpaccio, fish tartare, cheese potatoes, salads, vegetables, sushi and foie gras. Keep in a cool and dry place. After opening, use within 30 days.<\/p>\n<p>&nbsp;<\/p>\n","protected":false},"featured_media":1962,"template":"","meta":[],"product_brand":[],"product_cat":[111,75,226],"product_tag":[304,325,201,138],"class_list":{"0":"post-809","1":"product","2":"type-product","3":"status-publish","4":"has-post-thumbnail","6":"product_cat-yksityisasiakkaat","7":"product_cat-kuivat-elintarvikkeet-yksityisasiakkaat","8":"product_cat-mausteet-ja-yrtit-yksityisasiakkaat","9":"product_tag-gluteeniton","10":"product_tag-gluten-free","11":"product_tag-salt","12":"product_tag-truffle","14":"first","15":"outofstock","16":"taxable","17":"shipping-taxable","18":"product-type-simple"},"_links":{"self":[{"href":"https:\/\/monditaly.com\/kauppa\/wp-json\/wp\/v2\/product\/809","targetHints":{"allow":["GET"]}}],"collection":[{"href":"https:\/\/monditaly.com\/kauppa\/wp-json\/wp\/v2\/product"}],"about":[{"href":"https:\/\/monditaly.com\/kauppa\/wp-json\/wp\/v2\/types\/product"}],"wp:featuredmedia":[{"embeddable":true,"href":"https:\/\/monditaly.com\/kauppa\/wp-json\/wp\/v2\/media\/1962"}],"wp:attachment":[{"href":"https:\/\/monditaly.com\/kauppa\/wp-json\/wp\/v2\/media?parent=809"}],"wp:term":[{"taxonomy":"product_brand","embeddable":true,"href":"https:\/\/monditaly.com\/kauppa\/wp-json\/wp\/v2\/product_brand?post=809"},{"taxonomy":"product_cat","embeddable":true,"href":"https:\/\/monditaly.com\/kauppa\/wp-json\/wp\/v2\/product_cat?post=809"},{"taxonomy":"product_tag","embeddable":true,"href":"https:\/\/monditaly.com\/kauppa\/wp-json\/wp\/v2\/product_tag?post=809"}],"curies":[{"name":"wp","href":"https:\/\/api.w.org\/{rel}","templated":true}]}}