{"id":826,"date":"2021-06-08T11:20:27","date_gmt":"2021-06-08T08:20:27","guid":{"rendered":"https:\/\/monditaly.com\/kauppa\/?post_type=product&#038;p=826"},"modified":"2024-08-09T19:52:35","modified_gmt":"2024-08-09T16:52:35","slug":"auricchio-pecorino-tryffeli-juusto-n-1200g","status":"publish","type":"product","link":"https:\/\/monditaly.com\/kauppa\/tuote\/auricchio-pecorino-tryffeli-juusto-n-1200g\/","title":{"rendered":"Auricchio Pecorino tryffeli juusto n. 1,2kg"},"content":{"rendered":"<h3>Ainesosat:<\/h3>\n<p>Lampaanmaito, suola, tryffeli (Tuber Aestivum Vitt.), juoksute. Alkuper\u00e4maa: Italia.<\/p>\n<p>F\u00e5rmj\u00f6lk, salt, tryffel (Tuber Aestivum Vitt.), l\u00f6pe.<\/p>\n<h3>Ravintoarvot per 100g:<\/h3>\n<p>Energia \/ Energi 1649 kJ \/ 398 kcal<br \/>\nRasva \/ Fett 33 g<br \/>\njosta tyydyttynytt\u00e4 \/ varav m\u00e4ttade 22 g<br \/>\nHiilihydraatit \/ Kolhydrat 0 g<br \/>\njoista sokereita \/ varav sockerarter 0 g<br \/>\nProteiini \/Protein 25 g<br \/>\nSuola \/Salt 1,6 g<\/p>\n<p>&nbsp;<\/p>\n","protected":false},"excerpt":{"rendered":"<p>Ainesosat: Lampaanmaito, suola, tryffeli (Tuber Aestivum Vitt.), juoksute. Alkuper\u00e4maa: Italia. F\u00e5rmj\u00f6lk, salt, tryffel (Tuber Aestivum Vitt.), l\u00f6pe. Ravintoarvot per 100g: Energia \/ Energi 1649 kJ \/ 398 kcal Rasva \/ Fett 33 g josta tyydyttynytt\u00e4 \/ varav m\u00e4ttade 22 g Hiilihydraatit \/ Kolhydrat 0 g joista sokereita \/ varav sockerarter 0 g Proteiini \/Protein 25 [&#8230;]\n","protected":false},"featured_media":1289,"template":"","meta":[],"product_brand":[],"product_cat":[196,36,163,246,249],"product_tag":[187,138],"class_list":{"0":"post-826","1":"product","2":"type-product","3":"status-publish","4":"has-post-thumbnail","6":"product_cat-kilokauppa","7":"product_cat-viileat","8":"product_cat-viileat-horeca","9":"product_cat-juustot-horeca","10":"product_cat-kovat-juustot-horeca","11":"product_tag-cheese","12":"product_tag-truffle","13":"product_shipping_class-viileat-pakaste","15":"first","16":"onbackorder","17":"taxable","18":"shipping-taxable","19":"product-type-simple"},"_links":{"self":[{"href":"https:\/\/monditaly.com\/kauppa\/wp-json\/wp\/v2\/product\/826","targetHints":{"allow":["GET"]}}],"collection":[{"href":"https:\/\/monditaly.com\/kauppa\/wp-json\/wp\/v2\/product"}],"about":[{"href":"https:\/\/monditaly.com\/kauppa\/wp-json\/wp\/v2\/types\/product"}],"wp:featuredmedia":[{"embeddable":true,"href":"https:\/\/monditaly.com\/kauppa\/wp-json\/wp\/v2\/media\/1289"}],"wp:attachment":[{"href":"https:\/\/monditaly.com\/kauppa\/wp-json\/wp\/v2\/media?parent=826"}],"wp:term":[{"taxonomy":"product_brand","embeddable":true,"href":"https:\/\/monditaly.com\/kauppa\/wp-json\/wp\/v2\/product_brand?post=826"},{"taxonomy":"product_cat","embeddable":true,"href":"https:\/\/monditaly.com\/kauppa\/wp-json\/wp\/v2\/product_cat?post=826"},{"taxonomy":"product_tag","embeddable":true,"href":"https:\/\/monditaly.com\/kauppa\/wp-json\/wp\/v2\/product_tag?post=826"}],"curies":[{"name":"wp","href":"https:\/\/api.w.org\/{rel}","templated":true}]}}