{"id":831,"date":"2021-06-08T13:23:37","date_gmt":"2021-06-08T10:23:37","guid":{"rendered":"https:\/\/monditaly.com\/kauppa\/?post_type=product&#038;p=831"},"modified":"2025-10-30T10:12:36","modified_gmt":"2025-10-30T08:12:36","slug":"rognoni-parmigiano-reggiano-dop-juusto-n-1kg","status":"publish","type":"product","link":"https:\/\/monditaly.com\/kauppa\/tuote\/rognoni-parmigiano-reggiano-dop-juusto-n-1kg\/","title":{"rendered":"Rognoni Parmigiano Reggiano D.O.P juusto n. 1kg"},"content":{"rendered":"<h3>Ainesosat:<\/h3>\n<p>Maito, suola, juoksute.<strong> Sis\u00e4lt\u00e4\u00e4 maitoa ja maitopohjaisia tuotteita (laktoosia). <\/strong>Kuori ei ole sy\u00f6t\u00e4v\u00e4.<\/p>\n<p>Mj\u00f6lk, salt, l\u00f6pe.<strong> Inneh\u00e5ller mj\u00f6lk och mj\u00f6lkbaserade produkter (laktos).<\/strong> Skalet \u00e4r inte \u00e4tbart.<\/p>\n<h3>Ravintoarvot per 100g:<\/h3>\n<p>Energia \/ Energi 1671 kJ \/ 402 kcal<br \/>\nRasva \/ Fett 30 g josta tyydyttynytt\u00e4 \/ varav m\u00e4ttade 20 g<br \/>\nHiilihydraatit \/ Kolhydrat 0 g joista sokereita \/ varav sockerarter 0 g<br \/>\nProteiini \/ Protein: 32 g<br \/>\nSuola \/ Salt 1,6 g<\/p>\n","protected":false},"excerpt":{"rendered":"<p>Parmigiano Reggiano (parmesaani) on maailman tunnetuimpia ja arvostetuimpia juustoja, ja se on alkuper\u00e4nimisuojattu. Parmigiano Reggiano on maultaan ja tuoksultaan ainutlaatuinen ja tunnistettava juusto. S\u00e4ilytys 15\u00b0C &#8211; 22\u00b0C.<\/p>\n<p>Cheese produced in Italy in the area defined by the production specification. The milk used is produced in farms situated inside the area defined by the production specification and authorised by the Parmigiano Reggiano Protection Consortium.<\/p>\n","protected":false},"featured_media":1480,"template":"","meta":[],"product_brand":[],"product_cat":[196,36,163,246,249],"product_tag":[187,324,323],"class_list":{"0":"post-831","1":"product","2":"type-product","3":"status-publish","4":"has-post-thumbnail","6":"product_cat-kilokauppa","7":"product_cat-viileat","8":"product_cat-viileat-horeca","9":"product_cat-juustot-horeca","10":"product_cat-kovat-juustot-horeca","11":"product_tag-cheese","12":"product_tag-parmesaani","13":"product_tag-parmesan","14":"product_shipping_class-viileat-pakaste","16":"first","17":"instock","18":"taxable","19":"shipping-taxable","20":"product-type-simple"},"_links":{"self":[{"href":"https:\/\/monditaly.com\/kauppa\/wp-json\/wp\/v2\/product\/831","targetHints":{"allow":["GET"]}}],"collection":[{"href":"https:\/\/monditaly.com\/kauppa\/wp-json\/wp\/v2\/product"}],"about":[{"href":"https:\/\/monditaly.com\/kauppa\/wp-json\/wp\/v2\/types\/product"}],"wp:featuredmedia":[{"embeddable":true,"href":"https:\/\/monditaly.com\/kauppa\/wp-json\/wp\/v2\/media\/1480"}],"wp:attachment":[{"href":"https:\/\/monditaly.com\/kauppa\/wp-json\/wp\/v2\/media?parent=831"}],"wp:term":[{"taxonomy":"product_brand","embeddable":true,"href":"https:\/\/monditaly.com\/kauppa\/wp-json\/wp\/v2\/product_brand?post=831"},{"taxonomy":"product_cat","embeddable":true,"href":"https:\/\/monditaly.com\/kauppa\/wp-json\/wp\/v2\/product_cat?post=831"},{"taxonomy":"product_tag","embeddable":true,"href":"https:\/\/monditaly.com\/kauppa\/wp-json\/wp\/v2\/product_tag?post=831"}],"curies":[{"name":"wp","href":"https:\/\/api.w.org\/{rel}","templated":true}]}}