{"id":833,"date":"2021-06-08T13:29:10","date_gmt":"2021-06-08T10:29:10","guid":{"rendered":"https:\/\/monditaly.com\/kauppa\/?post_type=product&#038;p=833"},"modified":"2025-10-22T09:56:25","modified_gmt":"2025-10-22T06:56:25","slug":"auricchio-taleggio-dop-juusto-n-2kg","status":"publish","type":"product","link":"https:\/\/monditaly.com\/kauppa\/tuote\/auricchio-taleggio-dop-juusto-n-2kg\/","title":{"rendered":"Auricchio Taleggio D.O.P juusto n. 2kg"},"content":{"rendered":"<h3>Ainesosat:<\/h3>\n<p>Past\u00f6roitu lehm\u00e4n t\u00e4ysmaito, suola, juoksute, maitoentsyymi. <strong>Sis\u00e4lt\u00e4\u00e4 maitoa ja maitopohjaisia tuotteita. <\/strong>Kuori ei ole sy\u00f6t\u00e4v\u00e4.<\/p>\n<p>Past\u00f6riserad komj\u00f6lk (helmj\u00f6lk), salt, l\u00f6pe, mj\u00f6ljenzym. <strong>Inneh\u00e5ller mj\u00f6lk och mj\u00f6lkbaserade produkter.<\/strong> Skalet \u00e4r inte \u00e4tbart.<\/p>\n<h3>Ravintoarvot per 100g:<\/h3>\n<p>Energi \/ Energi 1291,8 kJ \/ 311,6 kcal<br \/>\nRasva \/ Fett 26 g josta tyydyttynytt\u00e4 \/ varav m\u00e4ttade 18 g<br \/>\nHiilihydraatit \/ Kolhydrat 0,4 g joista sokereita \/ varav sockerarter 0,4 g<br \/>\nProteiini \/ Protein 19 g<br \/>\nSuola \/ Salt 2,1 g<\/p>\n","protected":false},"excerpt":{"rendered":"<p>D.O.P -nimisuojattu pehme\u00e4 juusto lehm\u00e4n t\u00e4ysmaidosta.<\/p>\n<p>Soft cheese with ancient origins named after Val Taleggio in Bergamo, where it was first made and is still produced, hand-salted and aged in pine boxes.<\/p>\n","protected":false},"featured_media":1255,"template":"","meta":[],"product_brand":[],"product_cat":[196,36,163,246,248],"product_tag":[187],"class_list":{"0":"post-833","1":"product","2":"type-product","3":"status-publish","4":"has-post-thumbnail","6":"product_cat-kilokauppa","7":"product_cat-viileat","8":"product_cat-viileat-horeca","9":"product_cat-juustot-horeca","10":"product_cat-pehmeat-juustot-horeca","11":"product_tag-cheese","12":"product_shipping_class-viileat-pakaste","14":"first","15":"onbackorder","16":"taxable","17":"shipping-taxable","18":"product-type-simple"},"_links":{"self":[{"href":"https:\/\/monditaly.com\/kauppa\/wp-json\/wp\/v2\/product\/833","targetHints":{"allow":["GET"]}}],"collection":[{"href":"https:\/\/monditaly.com\/kauppa\/wp-json\/wp\/v2\/product"}],"about":[{"href":"https:\/\/monditaly.com\/kauppa\/wp-json\/wp\/v2\/types\/product"}],"wp:featuredmedia":[{"embeddable":true,"href":"https:\/\/monditaly.com\/kauppa\/wp-json\/wp\/v2\/media\/1255"}],"wp:attachment":[{"href":"https:\/\/monditaly.com\/kauppa\/wp-json\/wp\/v2\/media?parent=833"}],"wp:term":[{"taxonomy":"product_brand","embeddable":true,"href":"https:\/\/monditaly.com\/kauppa\/wp-json\/wp\/v2\/product_brand?post=833"},{"taxonomy":"product_cat","embeddable":true,"href":"https:\/\/monditaly.com\/kauppa\/wp-json\/wp\/v2\/product_cat?post=833"},{"taxonomy":"product_tag","embeddable":true,"href":"https:\/\/monditaly.com\/kauppa\/wp-json\/wp\/v2\/product_tag?post=833"}],"curies":[{"name":"wp","href":"https:\/\/api.w.org\/{rel}","templated":true}]}}