{"id":851,"date":"2021-06-08T14:51:47","date_gmt":"2021-06-08T11:51:47","guid":{"rendered":"https:\/\/monditaly.com\/kauppa\/?post_type=product&#038;p=851"},"modified":"2025-10-30T10:02:33","modified_gmt":"2025-10-30T08:02:33","slug":"rognoni-pistaasimortadella-n-2kg","status":"publish","type":"product","link":"https:\/\/monditaly.com\/kauppa\/tuote\/rognoni-pistaasimortadella-n-2kg\/","title":{"rendered":"Rognoni pistaasimortadella n. 2kg"},"content":{"rendered":"<h3>Ainesosat:<\/h3>\n<p>Sianliha, sian mekaanisesti irrotettu liha, sianrasva, suola, pistaasi (0,6%), aromi, mausteet, stabilointiaine: E450, hapettumisenestoaine: E301, s\u00e4il\u00f6nt\u00e4aine: E250.<\/p>\n<p>Fl\u00e4skk\u00f6tt, maskinurbenat fl\u00e4skk\u00f6tt, svinfett, salt, pistasch (0,6%), aromer, kryddor, stabiliseringsmedel: E450, antioxidationsmedel: E301, konserveringsmedel: E250.<\/p>\n<h3>Ravintoarvot per 100g:<\/h3>\n<p>Energia \/ Energi 1405 kJ \/ 340 kcal<br \/>\nRasva \/ Fett 32 g josta tyydyttynytt\u00e4 \/ varav m\u00e4ttade 12 g<br \/>\nHiilihydraatit \/ Kolhydrater 0,0 g joista sokereita \/ varav sockerarter 0,0 g<br \/>\nKuitu \/ Fiber &#8211;<br \/>\nProteiini \/ Protein 13 g<br \/>\nSuola \/ Salt 2,3 g<\/p>\n","protected":false},"excerpt":{"rendered":"<p>The mortadella is a cooked sausage made exclusively with pure pork meat, cylindrical, pink in color and with an unmistakable, intense and slightly spicy scent.<\/p>\n","protected":false},"featured_media":1281,"template":"","meta":[],"product_brand":[],"product_cat":[196,36,163,166],"product_tag":[190,193],"class_list":{"0":"post-851","1":"product","2":"type-product","3":"status-publish","4":"has-post-thumbnail","6":"product_cat-kilokauppa","7":"product_cat-viileat","8":"product_cat-viileat-horeca","9":"product_cat-salamit-ja-kinkut-horeca","10":"product_tag-ham","11":"product_tag-kinkku","12":"product_shipping_class-viileat-pakaste","14":"first","15":"instock","16":"taxable","17":"shipping-taxable","18":"product-type-simple"},"_links":{"self":[{"href":"https:\/\/monditaly.com\/kauppa\/wp-json\/wp\/v2\/product\/851","targetHints":{"allow":["GET"]}}],"collection":[{"href":"https:\/\/monditaly.com\/kauppa\/wp-json\/wp\/v2\/product"}],"about":[{"href":"https:\/\/monditaly.com\/kauppa\/wp-json\/wp\/v2\/types\/product"}],"wp:featuredmedia":[{"embeddable":true,"href":"https:\/\/monditaly.com\/kauppa\/wp-json\/wp\/v2\/media\/1281"}],"wp:attachment":[{"href":"https:\/\/monditaly.com\/kauppa\/wp-json\/wp\/v2\/media?parent=851"}],"wp:term":[{"taxonomy":"product_brand","embeddable":true,"href":"https:\/\/monditaly.com\/kauppa\/wp-json\/wp\/v2\/product_brand?post=851"},{"taxonomy":"product_cat","embeddable":true,"href":"https:\/\/monditaly.com\/kauppa\/wp-json\/wp\/v2\/product_cat?post=851"},{"taxonomy":"product_tag","embeddable":true,"href":"https:\/\/monditaly.com\/kauppa\/wp-json\/wp\/v2\/product_tag?post=851"}],"curies":[{"name":"wp","href":"https:\/\/api.w.org\/{rel}","templated":true}]}}