{"id":872,"date":"2021-06-09T10:22:21","date_gmt":"2021-06-09T07:22:21","guid":{"rendered":"https:\/\/monditaly.com\/kauppa\/?post_type=product&#038;p=872"},"modified":"2024-08-02T07:54:26","modified_gmt":"2024-08-02T04:54:26","slug":"gimetal-pizzan-kaantolapio","status":"publish","type":"product","link":"https:\/\/monditaly.com\/kauppa\/tuote\/gimetal-pizzan-kaantolapio\/","title":{"rendered":"GiMetal pizzan k\u00e4\u00e4nt\u00f6lapio"},"content":{"rendered":"","protected":false},"excerpt":{"rendered":"<p>Varsi 150cm, lapion halkaisija 20cm.<\/p>\n<p>Stainless steel small peel. Handle 150cm, peel diameter 20cm.<\/p>\n","protected":false},"featured_media":2434,"template":"","meta":[],"product_brand":[],"product_cat":[15,285,286],"product_tag":[80],"class_list":{"0":"post-872","1":"product","2":"type-product","3":"status-publish","4":"has-post-thumbnail","6":"product_cat-non-food","7":"product_cat-keittiotarvikkeet","8":"product_cat-pizzatarvikkeet","9":"product_tag-pizza","10":"product_shipping_class-horeca","12":"first","13":"outofstock","14":"taxable","15":"shipping-taxable","16":"product-type-simple"},"_links":{"self":[{"href":"https:\/\/monditaly.com\/kauppa\/wp-json\/wp\/v2\/product\/872","targetHints":{"allow":["GET"]}}],"collection":[{"href":"https:\/\/monditaly.com\/kauppa\/wp-json\/wp\/v2\/product"}],"about":[{"href":"https:\/\/monditaly.com\/kauppa\/wp-json\/wp\/v2\/types\/product"}],"wp:featuredmedia":[{"embeddable":true,"href":"https:\/\/monditaly.com\/kauppa\/wp-json\/wp\/v2\/media\/2434"}],"wp:attachment":[{"href":"https:\/\/monditaly.com\/kauppa\/wp-json\/wp\/v2\/media?parent=872"}],"wp:term":[{"taxonomy":"product_brand","embeddable":true,"href":"https:\/\/monditaly.com\/kauppa\/wp-json\/wp\/v2\/product_brand?post=872"},{"taxonomy":"product_cat","embeddable":true,"href":"https:\/\/monditaly.com\/kauppa\/wp-json\/wp\/v2\/product_cat?post=872"},{"taxonomy":"product_tag","embeddable":true,"href":"https:\/\/monditaly.com\/kauppa\/wp-json\/wp\/v2\/product_tag?post=872"}],"curies":[{"name":"wp","href":"https:\/\/api.w.org\/{rel}","templated":true}]}}